000
CDUS42 KTAE 230631
CLIABY


CLIMATE REPORT
NATIONAL WEATHER SERVICE TALLAHASSEE FL
231 AM EDT MON JUL 23 2018


...................................

...THE ALBANY CLIMATE SUMMARY FOR JULY 22 2018...

CLIMATE NORMAL PERIOD 1981 TO 2010
CLIMATE RECORD PERIOD 1930 TO 2018


WEATHER ITEM   OBSERVED TIME   RECORD YEAR NORMAL DEPARTURE LAST
                VALUE   (LST)  VALUE       VALUE  FROM      YEAR
                                                  NORMAL
..................................................................
TEMPERATURE (F)
 YESTERDAY
  MAXIMUM         93    231 PM 100    2010  93      0       94
                                      1934
  MINIMUM         73    234 AM  60    1991  72      1       72
  AVERAGE         83                        83      0       83

PRECIPITATION (IN)
  YESTERDAY        T                         0.18  -0.18     0.00
  MONTH TO DATE    4.84                      3.95   0.89     3.34
  SINCE JUN 1      7.92                      8.89  -0.97     9.96
  SINCE JAN 1     27.72                     29.25  -1.53    28.96

SNOWFALL (IN)
  YESTERDAY        0.0
  MONTH TO DATE    0.0
  SINCE JUN 1      0.0
  SINCE JUL 1      0.0

DEGREE DAYS
 HEATING
  YESTERDAY        0                         0      0        0
  MONTH TO DATE    0                         0      0        0
  SINCE JUN 1      0                         0      0        0
  SINCE JUL 1      0                         0      0        0

 COOLING
  YESTERDAY       18                        18      0       18
  MONTH TO DATE  402                       384     18      408
  SINCE JUN 1    938                       849     89      847
  SINCE JAN 1   1514                      1289    225     1477
..................................................................


WIND (MPH)
  HIGHEST WIND SPEED    17   HIGHEST WIND DIRECTION    NW (320)
  HIGHEST GUST SPEED    25   HIGHEST GUST DIRECTION    NW (330)
  AVERAGE WIND SPEED     5.2




RELATIVE HUMIDITY (PERCENT)
 HIGHEST    94
 LOWEST     46
 AVERAGE    70

..........................................................


THE ALBANY CLIMATE NORMALS FOR TODAY
                         NORMAL    RECORD    YEAR
 MAXIMUM TEMPERATURE (F)   93       103      1943
 MINIMUM TEMPERATURE (F)   72        63      1965


SUNRISE AND SUNSET
JULY 23 2018..........SUNRISE   647 AM EDT   SUNSET   839 PM EDT
JULY 24 2018..........SUNRISE   648 AM EDT   SUNSET   838 PM EDT


-  INDICATES NEGATIVE NUMBERS.
R  INDICATES RECORD WAS SET OR TIED.
MM INDICATES DATA IS MISSING.
T  INDICATES TRACE AMOUNT.




$$
