000
CDUS42 KTAE 190633
CLIABY


CLIMATE REPORT
NATIONAL WEATHER SERVICE TALLAHASSEE FL
233 AM EDT THU APR 19 2018


...................................

...THE ALBANY CLIMATE SUMMARY FOR APRIL 18 2018...

CLIMATE NORMAL PERIOD 1981 TO 2010
CLIMATE RECORD PERIOD 1930 TO 2018


WEATHER ITEM   OBSERVED TIME   RECORD YEAR NORMAL DEPARTURE LAST
                VALUE   (LST)  VALUE       VALUE  FROM      YEAR
                                                  NORMAL
..................................................................
TEMPERATURE (F)
 YESTERDAY
  MAXIMUM         88    402 PM  90    2002  80      8       89
                                      1977
  MINIMUM         50    627 AM  37    1986  54     -4       60
  AVERAGE         69                        67      2       75

PRECIPITATION (IN)
  YESTERDAY        0.00                      0.12  -0.12     0.00
  MONTH TO DATE    1.78                      2.52  -0.74     1.76
  SINCE MAR 1      4.97                      7.57  -2.60     2.98
  SINCE JAN 1     13.08                     16.55  -3.47    14.80

SNOWFALL (IN)
  YESTERDAY        0.0
  MONTH TO DATE    0.0
  SINCE MAR 1      0.0
  SINCE JUL 1      0.1

DEGREE DAYS
 HEATING
  YESTERDAY        0                         2     -2        0
  MONTH TO DATE   57                        53      4       23
  SINCE MAR 1    291                       262     29      186
  SINCE JUL 1   1537                      1822   -285      989

 COOLING
  YESTERDAY        4                         4      0       10
  MONTH TO DATE   21                        47    -26       88
  SINCE MAR 1     64                        76    -12      165
  SINCE JAN 1    147                        85     62      203
..................................................................


WIND (MPH)
  HIGHEST WIND SPEED    22   HIGHEST WIND DIRECTION    SW (220)
  HIGHEST GUST SPEED    27   HIGHEST GUST DIRECTION    SW (240)
  AVERAGE WIND SPEED    10.3




RELATIVE HUMIDITY (PERCENT)
 HIGHEST    96
 LOWEST     27
 AVERAGE    62

..........................................................


THE ALBANY CLIMATE NORMALS FOR TODAY
                         NORMAL    RECORD    YEAR
 MAXIMUM TEMPERATURE (F)   80        90      2006
                                             2002
                                             1967
 MINIMUM TEMPERATURE (F)   54        32      1983


SUNRISE AND SUNSET
APRIL 19 2018.........SUNRISE   704 AM EDT   SUNSET   808 PM EDT
APRIL 20 2018.........SUNRISE   703 AM EDT   SUNSET   809 PM EDT


-  INDICATES NEGATIVE NUMBERS.
R  INDICATES RECORD WAS SET OR TIED.
MM INDICATES DATA IS MISSING.
T  INDICATES TRACE AMOUNT.




$$
