000
CDUS42 KTAE 222146
CLIABY


CLIMATE REPORT
NATIONAL WEATHER SERVICE TALLAHASSEE FL
546 PM EDT MON OCT 22 2018


...................................

...THE ALBANY CLIMATE SUMMARY FOR OCTOBER 22 2018...
VALID TODAY AS OF 0500 PM LOCAL TIME.

CLIMATE NORMAL PERIOD 1981 TO 2010
CLIMATE RECORD PERIOD 1930 TO 2018


WEATHER ITEM   OBSERVED TIME   RECORD YEAR NORMAL DEPARTURE LAST
                VALUE   (LST)  VALUE       VALUE  FROM      YEAR
                                                  NORMAL
..................................................................
TEMPERATURE (F)
 TODAY
  MAXIMUM         77    327 PM  89    2017  79     -2       89
                                      1943
  MINIMUM         46    642 AM  32    1989  54     -8       64
  AVERAGE         62                        66     -4       77

PRECIPITATION (IN)
  TODAY            0.00                      0.09  -0.09     0.28
  MONTH TO DATE    2.10                      1.85   0.25     0.86
  SINCE SEP 1      2.60                      5.29  -2.69     3.75
  SINCE JAN 1     41.95                     40.89   1.06    36.52

..................................................................







THE ALBANY CLIMATE NORMALS FOR TOMORROW
                         NORMAL    RECORD    YEAR
 MAXIMUM TEMPERATURE (F)   79        91      2007
 MINIMUM TEMPERATURE (F)   53        33      1987



-  INDICATES NEGATIVE NUMBERS.
R  INDICATES RECORD WAS SET OR TIED.
MM INDICATES DATA IS MISSING.
T  INDICATES TRACE AMOUNT.




$$
