000
CDUS42 KTAE 210632
CLIABY


CLIMATE REPORT
NATIONAL WEATHER SERVICE TALLAHASSEE FL
132 AM EST SUN JAN 21 2018


...................................

...THE ALBANY CLIMATE SUMMARY FOR JANUARY 20 2018...

CLIMATE NORMAL PERIOD 1981 TO 2010
CLIMATE RECORD PERIOD 1930 TO 2018


WEATHER ITEM   OBSERVED TIME   RECORD YEAR NORMAL DEPARTURE LAST
                VALUE   (LST)  VALUE       VALUE  FROM      YEAR
                                                  NORMAL
..................................................................
TEMPERATURE (F)
 YESTERDAY
  MAXIMUM         65    412 PM  80    1990  61      4       77
  MINIMUM         28    801 AM  10    1977  38    -10       62
  AVERAGE         47                        49     -2       70

PRECIPITATION (IN)
  YESTERDAY        0.00                      0.16  -0.16     0.61
  MONTH TO DATE    0.54                      2.71  -2.17     3.91
  SINCE DEC 1      3.66                      6.46  -2.80    14.59
  SINCE JAN 1      0.54                      2.71  -2.17     3.91

SNOWFALL (IN)
  YESTERDAY        0.0
  MONTH TO DATE    0.1
  SINCE DEC 1      0.1
  SINCE JUL 1      0.1

DEGREE DAYS
 HEATING
  YESTERDAY       18                        16      2        0
  MONTH TO DATE  435                       320    115      159
  SINCE DEC 1    796                       763     33      412
  SINCE JUL 1   1011                      1033    -22      553

 COOLING
  YESTERDAY        0                         0      0        5
  MONTH TO DATE    5                         0      5       16
  SINCE DEC 1     18                         9      9       39
  SINCE JAN 1      5                         0      5       16
..................................................................


WIND (MPH)
  HIGHEST WIND SPEED    10   HIGHEST WIND DIRECTION     N (360)
  HIGHEST GUST SPEED    14   HIGHEST GUST DIRECTION    NE (40)
  AVERAGE WIND SPEED     1.4




RELATIVE HUMIDITY (PERCENT)
 HIGHEST    85
 LOWEST     27
 AVERAGE    56

..........................................................


THE ALBANY CLIMATE NORMALS FOR TODAY
                         NORMAL    RECORD    YEAR
 MAXIMUM TEMPERATURE (F)   61        82      1990
 MINIMUM TEMPERATURE (F)   38         1      1985


SUNRISE AND SUNSET
JANUARY 21 2018.......SUNRISE   735 AM EST   SUNSET   602 PM EST
JANUARY 22 2018.......SUNRISE   735 AM EST   SUNSET   602 PM EST


-  INDICATES NEGATIVE NUMBERS.
R  INDICATES RECORD WAS SET OR TIED.
MM INDICATES DATA IS MISSING.
T  INDICATES TRACE AMOUNT.




$$
