601
CDUS44 KFWD 190645
CLIACT


CLIMATE REPORT
NATIONAL WEATHER SERVICE FORT WORTH TX
144 AM CDT THU JUL 19 2018


...................................

...THE WACO CLIMATE SUMMARY FOR JULY 18 2018...

CLIMATE NORMAL PERIOD 1981 TO 2010
CLIMATE RECORD PERIOD 1901 TO 2018


WEATHER ITEM   OBSERVED TIME   RECORD YEAR NORMAL DEPARTURE LAST
                VALUE   (LST)  VALUE       VALUE  FROM      YEAR
                                                  NORMAL
..................................................................
TEMPERATURE (F)
 YESTERDAY
  MAXIMUM        108R   122 PM 106    2006  97     11       97
                                      1925
  MINIMUM         77    612 AM  68    1945  74      3       75
  AVERAGE         93                        86      7       86

PRECIPITATION (IN)
  YESTERDAY        0.00          2.38 1947   0.06  -0.06     0.00
  MONTH TO DATE    0.47                      1.06  -0.59     2.09
  SINCE JUN 1      0.67                      4.49  -3.82     6.83
  SINCE JAN 1      9.04                     19.38 -10.34    26.14

DEGREE DAYS
 HEATING
  YESTERDAY        0                         0      0        0
  MONTH TO DATE    0                         0      0        0
  SINCE JUN 1      0                         0      0        0
  SINCE JUL 1      0                         0      0        0

 COOLING
  YESTERDAY       28                        20      8       21
  MONTH TO DATE  417                       353     64      358
  SINCE JUN 1   1092                       841    251      875
  SINCE JAN 1   1660                      1293    367     1444
..................................................................


WIND (MPH)
  HIGHEST WIND SPEED    20   HIGHEST WIND DIRECTION     S (170)
  HIGHEST GUST SPEED    26   HIGHEST GUST DIRECTION     S (160)
  AVERAGE WIND SPEED    11.8


SKY COVER
  POSSIBLE SUNSHINE  MM
  AVERAGE SKY COVER 0.0


WEATHER CONDITIONS
 THE FOLLOWING WEATHER WAS RECORDED YESTERDAY.
  NO SIGNIFICANT WEATHER WAS OBSERVED.


RELATIVE HUMIDITY (PERCENT)
 HIGHEST    82           600 AM
 LOWEST     19           400 PM
 AVERAGE    51

..........................................................


THE WACO CLIMATE NORMALS FOR TODAY
                         NORMAL    RECORD    YEAR
 MAXIMUM TEMPERATURE (F)   97       106      1951
 MINIMUM TEMPERATURE (F)   74        64      2004


SUNRISE AND SUNSET
JULY 19 2018..........SUNRISE   637 AM CDT   SUNSET   833 PM CDT
JULY 20 2018..........SUNRISE   637 AM CDT   SUNSET   833 PM CDT


-  INDICATES NEGATIVE NUMBERS.
R  INDICATES RECORD WAS SET OR TIED.
MM INDICATES DATA IS MISSING.
T  INDICATES TRACE AMOUNT.




$$
