000
CDUS44 KFWD 190656
CLIACT


CLIMATE REPORT
NATIONAL WEATHER SERVICE FORT WORTH TX
155 AM CDT FRI OCT 19 2018


...................................

...THE WACO CLIMATE SUMMARY FOR OCTOBER 18 2018...

CLIMATE NORMAL PERIOD 1981 TO 2010
CLIMATE RECORD PERIOD 1901 TO 2018


WEATHER ITEM   OBSERVED TIME   RECORD YEAR NORMAL DEPARTURE LAST
                VALUE   (LST)  VALUE       VALUE  FROM      YEAR
                                                  NORMAL
..................................................................
TEMPERATURE (F)
 YESTERDAY
  MAXIMUM         63   1220 PM  96    1947  79    -16       84
  MINIMUM         51    156 AM  34    1948  56     -5       41
  AVERAGE         57                        68    -11       63

PRECIPITATION (IN)
  YESTERDAY        0.06          2.86 1960   0.14  -0.08     0.00
  MONTH TO DATE    9.60                      2.28   7.32     0.12
  SINCE SEP 1     14.50                      5.34   9.16     0.63
  SINCE JAN 1     24.11                     27.50  -3.39    29.34

SNOWFALL (IN)
  YESTERDAY        0.0           0.0    MM   0.0    0.0      0.0
  MONTH TO DATE    0.0                       0.0    0.0      0.0
  SINCE SEP 1      0.0                       0.0    0.0      0.0
  SINCE JUL 1      0.0                       0.0    0.0      0.0
  SNOW DEPTH       0

DEGREE DAYS
 HEATING
  YESTERDAY        8                         2      6        2
  MONTH TO DATE   55                        22     33       10
  SINCE SEP 1     55                        28     27       10
  SINCE JUL 1     55                        28     27       10

 COOLING
  YESTERDAY        0                         5     -5        0
  MONTH TO DATE  163                       114     49      163
  SINCE SEP 1    634                       513    121      598
  SINCE JAN 1   3343                      2708    635     2938
..................................................................


WIND (MPH)
  HIGHEST WIND SPEED    16   HIGHEST WIND DIRECTION    NE (60)
  HIGHEST GUST SPEED    20   HIGHEST GUST DIRECTION     E (80)
  AVERAGE WIND SPEED     7.1


SKY COVER
  POSSIBLE SUNSHINE  MM
  AVERAGE SKY COVER 1.0


WEATHER CONDITIONS
 THE FOLLOWING WEATHER WAS RECORDED YESTERDAY.
  RAIN
  LIGHT RAIN
  FOG


RELATIVE HUMIDITY (PERCENT)
 HIGHEST    96           300 AM
 LOWEST     72          1200 PM
 AVERAGE    84

..........................................................


THE WACO CLIMATE NORMALS FOR TODAY
                         NORMAL    RECORD    YEAR
 MAXIMUM TEMPERATURE (F)   79        94      2004
 MINIMUM TEMPERATURE (F)   56        37      1989


SUNRISE AND SUNSET
OCTOBER 19 2018.......SUNRISE   735 AM CDT   SUNSET   652 PM CDT
OCTOBER 20 2018.......SUNRISE   736 AM CDT   SUNSET   651 PM CDT


-  INDICATES NEGATIVE NUMBERS.
R  INDICATES RECORD WAS SET OR TIED.
MM INDICATES DATA IS MISSING.
T  INDICATES TRACE AMOUNT.




$$
