063
CDUS41 KPHI 172128
CLIACY


CLIMATE REPORT
NATIONAL WEATHER SERVICE MOUNT HOLLY NJ
426 PM EST SUN DEC 17 2017


...................................

...THE ATLANTIC CITY NJ CLIMATE SUMMARY FOR DECEMBER 17 2017...
VALID TODAY AS OF 0400 PM LOCAL TIME.

CLIMATE NORMAL PERIOD 1981 TO 2010
CLIMATE RECORD PERIOD 1874 TO 2017


WEATHER ITEM   OBSERVED TIME   RECORD YEAR NORMAL DEPARTURE LAST
                VALUE   (LST)  VALUE       VALUE  FROM      YEAR
                                                  NORMAL
..................................................................
TEMPERATURE (F)
 TODAY
  MAXIMUM         48   1256 PM  65    1984  45      3       47
  MINIMUM         25    507 AM   6    1876  28     -3       26
  AVERAGE         37                        37      0       37

PRECIPITATION (IN)
  TODAY            0.00          1.36 1890   0.12  -0.12     0.90
  MONTH TO DATE    1.03                      2.09  -1.06     2.58
  SINCE DEC 1      1.03                      2.09  -1.06     2.58
  SINCE JAN 1     49.96                     40.15   9.81    44.31

SNOWFALL (IN)
  TODAY            0.0           7.2  1932   0.1   -0.1       T
  MONTH TO DATE    5.2                       1.8    3.4       T
  SINCE DEC 1      5.2                       1.8    3.4       T
  SINCE JUL 1      5.2                       2.0    3.2       T
  SNOW DEPTH       0

DEGREE DAYS
 HEATING
  TODAY           28                        28      0       28
  MONTH TO DATE  459                       441     18      451
  SINCE DEC 1    459                       441     18      451
  SINCE JUL 1   1162                      1348   -186     1198

 COOLING
  TODAY            0                         0      0        0
  MONTH TO DATE    0                         0      0        0
  SINCE DEC 1      0                         0      0        0
  SINCE JAN 1   1264                      1055    209     1340
..................................................................


WIND (MPH)
  HIGHEST WIND SPEED     8   HIGHEST WIND DIRECTION     E (100)
  HIGHEST GUST SPEED    10   HIGHEST GUST DIRECTION     E (80)
  AVERAGE WIND SPEED     2.0


SKY COVER
  POSSIBLE SUNSHINE  MM
  AVERAGE SKY COVER 0.1


WEATHER CONDITIONS
 THE FOLLOWING WEATHER WAS RECORDED TODAY.
  NO SIGNIFICANT WEATHER WAS OBSERVED.


RELATIVE HUMIDITY (PERCENT)
 HIGHEST    92           400 AM
 LOWEST     56          1200 PM
 AVERAGE    74

..........................................................


THE ATLANTIC CITY NJ CLIMATE NORMALS FOR TOMORROW
                         NORMAL    RECORD    YEAR
 MAXIMUM TEMPERATURE (F)   45        71      2006
 MINIMUM TEMPERATURE (F)   28         3      1919


SUNRISE AND SUNSET
DECEMBER 17 2017......SUNRISE   713 AM EST   SUNSET   436 PM EST
DECEMBER 18 2017......SUNRISE   713 AM EST   SUNSET   437 PM EST


-  INDICATES NEGATIVE NUMBERS.
R  INDICATES RECORD WAS SET OR TIED.
MM INDICATES DATA IS MISSING.
T  INDICATES TRACE AMOUNT.




$$
