158
CDUS41 KPHI 160602
CLIACY


CLIMATE REPORT
NATIONAL WEATHER SERVICE MOUNT HOLLY NJ
101 AM EST FRI NOV 16 2018


...................................

...THE ATLANTIC CITY NJ CLIMATE SUMMARY FOR NOVEMBER 15 2018...

CLIMATE NORMAL PERIOD 1981 TO 2010
CLIMATE RECORD PERIOD 1943 TO 2018


WEATHER ITEM   OBSERVED TIME   RECORD YEAR NORMAL DEPARTURE LAST
                VALUE   (LST)  VALUE       VALUE  FROM      YEAR
                                                  NORMAL
..................................................................
TEMPERATURE (F)
 YESTERDAY
  MAXIMUM         51   1159 PM  80    1993  57     -6       54
  MINIMUM         33    252 AM  18    1986  38     -5       38
  AVERAGE         42                        47     -5       46

PRECIPITATION (IN)
  YESTERDAY        1.73          2.40 1983   0.10   1.63     0.00
  MONTH TO DATE    6.52                      1.60   4.92     1.59
  SINCE SEP 1     20.93                      8.17  12.76     9.53
  SINCE JAN 1     57.84                     36.39  21.45    48.10

SNOWFALL (IN)
  YESTERDAY        T   R         T    1997   0.0    0.0      0.0
                                      1972
                                      1969
  MONTH TO DATE    T                         0.0    0.0      0.0
  SINCE SEP 1      T                         0.0    0.0      0.0
  SINCE JUL 1      T                         0.0    0.0      0.0
  SNOW DEPTH       0

DEGREE DAYS
 HEATING
  YESTERDAY       23                        18      5       19
  MONTH TO DATE  213                       238    -25      238
  SINCE SEP 1    459                       593   -134      402
  SINCE JUL 1    459                       596   -137      402

 COOLING
  YESTERDAY        0                         0      0        0
  MONTH TO DATE    4                         0      4        1
  SINCE SEP 1    345                       145    200      247
  SINCE JAN 1   1574                      1054    520     1264
..................................................................


WIND (MPH)
  HIGHEST WIND SPEED    39   HIGHEST WIND DIRECTION     E (70)
  HIGHEST GUST SPEED    60   HIGHEST GUST DIRECTION     E (80)
  AVERAGE WIND SPEED    16.3


SKY COVER
  POSSIBLE SUNSHINE  MM
  AVERAGE SKY COVER 0.8


WEATHER CONDITIONS
 THE FOLLOWING WEATHER WAS RECORDED YESTERDAY.
  HEAVY RAIN
  RAIN
  LIGHT RAIN
  SLEET
  FOG


RELATIVE HUMIDITY (PERCENT)
 HIGHEST   100           500 PM
 LOWEST     56          1200 AM
 AVERAGE    78

..........................................................


THE ATLANTIC CITY NJ CLIMATE NORMALS FOR TODAY
                         NORMAL    RECORD    YEAR
 MAXIMUM TEMPERATURE (F)   56        74      1955
 MINIMUM TEMPERATURE (F)   37        16      1967


SUNRISE AND SUNSET
NOVEMBER 16 2018......SUNRISE   643 AM EST   SUNSET   442 PM EST
NOVEMBER 17 2018......SUNRISE   644 AM EST   SUNSET   442 PM EST


-  INDICATES NEGATIVE NUMBERS.
R  INDICATES RECORD WAS SET OR TIED.
MM INDICATES DATA IS MISSING.
T  INDICATES TRACE AMOUNT.




$$
