000
CDUS41 KPHI 160553
CLIACY


CLIMATE REPORT
NATIONAL WEATHER SERVICE MOUNT HOLLY NJ
151 AM EDT THU AUG 16 2018


...................................

...THE ATLANTIC CITY NJ CLIMATE SUMMARY FOR AUGUST 15 2018...

CLIMATE NORMAL PERIOD 1981 TO 2010
CLIMATE RECORD PERIOD 1943 TO 2018


WEATHER ITEM   OBSERVED TIME   RECORD YEAR NORMAL DEPARTURE LAST
                VALUE   (LST)  VALUE       VALUE  FROM      YEAR
                                                  NORMAL
..................................................................
TEMPERATURE (F)
 YESTERDAY
  MAXIMUM         91    324 PM 100    1988  84      7       77
  MINIMUM         74    603 AM  50    1964  66      8       71
  AVERAGE         83                        75      8       74

PRECIPITATION (IN)
  YESTERDAY        0.00          1.64 1976   0.14  -0.14     0.34
  MONTH TO DATE    1.35                      2.10  -0.75     2.63
  SINCE JUN 1      9.46                      8.93   0.53    15.31
  SINCE JAN 1     35.30                     26.21   9.09    36.97

SNOWFALL (IN)
  YESTERDAY        0.0           0.0    MM   0.0    0.0      0.0
  MONTH TO DATE    0.0                       0.0    0.0      0.0
  SINCE JUN 1      0.0                       0.0    0.0      0.0
  SINCE JUL 1      0.0                       0.0    0.0      0.0
  SNOW DEPTH       0

DEGREE DAYS
 HEATING
  YESTERDAY        0                         0      0        0
  MONTH TO DATE    0                         0      0        0
  SINCE JUN 1     11                        27    -16       24
  SINCE JUL 1      0                         0      0        0

 COOLING
  YESTERDAY       18                        10      8        9
  MONTH TO DATE  253                       158     95      140
  SINCE JUN 1    882                       708    174      788
  SINCE JAN 1   1012                       772    240      873
..................................................................


WIND (MPH)
  HIGHEST WIND SPEED    18   HIGHEST WIND DIRECTION     W (290)
  HIGHEST GUST SPEED    25   HIGHEST GUST DIRECTION    NW (300)
  AVERAGE WIND SPEED     8.2


SKY COVER
  POSSIBLE SUNSHINE  MM
  AVERAGE SKY COVER 0.4


WEATHER CONDITIONS
 THE FOLLOWING WEATHER WAS RECORDED YESTERDAY.
  HAZE


RELATIVE HUMIDITY (PERCENT)
 HIGHEST    87           600 AM
 LOWEST     50           200 PM
 AVERAGE    69

..........................................................


THE ATLANTIC CITY NJ CLIMATE NORMALS FOR TODAY
                         NORMAL    RECORD    YEAR
 MAXIMUM TEMPERATURE (F)   84        97      1943
 MINIMUM TEMPERATURE (F)   65        48      1972


SUNRISE AND SUNSET
AUGUST 16 2018........SUNRISE   612 AM EDT   SUNSET   753 PM EDT
AUGUST 17 2018........SUNRISE   613 AM EDT   SUNSET   751 PM EDT


-  INDICATES NEGATIVE NUMBERS.
R  INDICATES RECORD WAS SET OR TIED.
MM INDICATES DATA IS MISSING.
T  INDICATES TRACE AMOUNT.




$$
