000
CDAK48 PAFC 191314
CLIADQ


CLIMATE REPORT
NATIONAL WEATHER SERVICE ANCHORAGE, AK
414 AM AKST MON FEB 19 2018


...................................

...THE KODIAK CLIMATE SUMMARY FOR FEBRUARY 18 2018...

CLIMATE NORMAL PERIOD 1981 TO 2010
CLIMATE RECORD PERIOD 1913 TO 2018


WEATHER ITEM   OBSERVED TIME   RECORD YEAR NORMAL DEPARTURE LAST
                VALUE   (LST)  VALUE       VALUE  FROM      YEAR
                                                  NORMAL
..................................................................
TEMPERATURE (F)
 YESTERDAY
  MAXIMUM         43    335 PM  49    1996  36      7       36
                                      1922
  MINIMUM         27   1256 AM   4    1975  26      1       16
  AVERAGE         35                        31      4       26

PRECIPITATION (IN)
  YESTERDAY        T             1.72 1924   0.21  -0.21     0.00
  MONTH TO DATE    4.59                      4.09   0.50     2.50
  SINCE SEP 1     38.05                     43.59  -5.54    35.44
  SINCE JAN 1     10.86                     12.38  -1.52     5.45

SNOWFALL (IN)
  YESTERDAY        0.0          12.0  1995   0.6   -0.6      0.0
  MONTH TO DATE    5.2                       9.8   -4.6     12.2
  SINCE SEP 1     16.8                      44.1  -27.3     25.2
  SINCE JUL 1     16.8                      44.1  -27.3     25.2
  SNOW DEPTH       3

DEGREE DAYS
 HEATING
  YESTERDAY       30                        34     -4       39
  MONTH TO DATE  532                       621    -89      627
  SINCE DEC 1   2447                      2740   -293     2792
  SINCE JUL 1   5010                      5535   -525     4994

 COOLING
  YESTERDAY        0                         0      0        0
  MONTH TO DATE    0                         0      0        0
  SINCE DEC 1      0                         0      0        0
  SINCE JAN 1      0                         0      0        0
..................................................................


WIND (MPH)
  RESULTANT WIND SPEED   2   RESULTANT WIND DIRECTION   S (190)
  HIGHEST WIND SPEED    17   HIGHEST WIND DIRECTION     S (170)
  HIGHEST GUST SPEED    20   HIGHEST GUST DIRECTION     S (170)
  AVERAGE WIND SPEED     5.1



WEATHER CONDITIONS
 THE FOLLOWING WEATHER WAS RECORDED YESTERDAY.
  LIGHT RAIN


RELATIVE HUMIDITY (PERCENT)
 HIGHEST   100
 LOWEST     76
 AVERAGE    88

..........................................................


THE KODIAK CLIMATE NORMALS FOR TODAY
                         NORMAL    RECORD    YEAR
 MAXIMUM TEMPERATURE (F)   36        45      1945
 MINIMUM TEMPERATURE (F)   26         0      1975


SUNRISE AND SUNSET
FEBRUARY 19 2018......SUNRISE   830 AM AKST  SUNSET   619 PM AKST
FEBRUARY 20 2018......SUNRISE   827 AM AKST  SUNSET   621 PM AKST


-  INDICATES NEGATIVE NUMBERS.
R  INDICATES RECORD WAS SET OR TIED.
MM INDICATES DATA IS MISSING.
T  INDICATES TRACE AMOUNT.




$$
