000
CDAK48 PAFC 140048
CLIADQ


CLIMATE REPORT
NATIONAL WEATHER SERVICE ANCHORAGE, AK
448 PM AKDT MON AUG 13 2018


...................................

...THE KODIAK CLIMATE SUMMARY FOR AUGUST 13 2018...
VALID TODAY AS OF 0400 PM LOCAL TIME.

CLIMATE NORMAL PERIOD 1981 TO 2010
CLIMATE RECORD PERIOD 1913 TO 2018


WEATHER ITEM   OBSERVED TIME   RECORD YEAR NORMAL DEPARTURE LAST
                VALUE   (LST)  VALUE       VALUE  FROM      YEAR
                                                  NORMAL
..................................................................
TEMPERATURE (F)
 TODAY
  MAXIMUM         66   1224 PM  77    2000  62      4       64
  MINIMUM         44    537 AM  36    1928  50     -6       45
  AVERAGE         55                        56     -1       55

PRECIPITATION (IN)
  TODAY            0.00          1.92 1966   0.14  -0.14     0.00
  MONTH TO DATE    1.85                      1.81   0.04     3.63
  SINCE MAR 1     28.61                     29.61  -1.00    30.58
  SINCE JAN 1     39.54                     44.04  -4.50    36.12

SNOWFALL (IN)
  TODAY            0.0          MM      MM   0.0    0.0      0.0
  MONTH TO DATE    0.0                       0.0    0.0      0.0
  SINCE MAR 1      1.1                      19.5  -18.4      2.6
  SINCE JUL 1      0.0                       0.0    0.0      0.0
  SNOW DEPTH       0

DEGREE DAYS
 HEATING
  TODAY           10                         9      1       10
  MONTH TO DATE   73                       117    -44      110
  SINCE JUN 1    740                       905   -165      805
  SINCE JUL 1    332                       444   -112      389

 COOLING
  TODAY            0                         0      0        0
  MONTH TO DATE    6                         0      6        0
  SINCE JUN 1      8                         1      7        0
  SINCE JAN 1      8                         1      7        0
..................................................................


WIND (MPH)
  RESULTANT WIND SPEED   3   RESULTANT WIND DIRECTION   W (270)
  HIGHEST WIND SPEED    16   HIGHEST WIND DIRECTION     W (290)
  HIGHEST GUST SPEED    22   HIGHEST GUST DIRECTION    SW (230)
  AVERAGE WIND SPEED     6.0



WEATHER CONDITIONS
 THE FOLLOWING WEATHER WAS RECORDED TODAY.
  NO SIGNIFICANT WEATHER WAS OBSERVED.


RELATIVE HUMIDITY (PERCENT)
 HIGHEST    93
 LOWEST     52
 AVERAGE    73

..........................................................


THE KODIAK CLIMATE NORMALS FOR TOMORROW
                         NORMAL    RECORD    YEAR
 MAXIMUM TEMPERATURE (F)   62        75      1994
                                             1990
 MINIMUM TEMPERATURE (F)   49        41      1975
                                             1930


SUNRISE AND SUNSET
AUGUST 13 2018........SUNRISE   631 AM AKDT  SUNSET   958 PM AKDT
AUGUST 14 2018........SUNRISE   633 AM AKDT  SUNSET   955 PM AKDT


-  INDICATES NEGATIVE NUMBERS.
R  INDICATES RECORD WAS SET OR TIED.
MM INDICATES DATA IS MISSING.
T  INDICATES TRACE AMOUNT.




$$
