000
CDAK48 PAFC 210116
CLIADQ


CLIMATE REPORT
NATIONAL WEATHER SERVICE ANCHORAGE, AK
416 PM AKST TUE NOV 20 2018


...................................

...THE KODIAK CLIMATE SUMMARY FOR NOVEMBER 20 2018...
VALID TODAY AS OF 0400 PM LOCAL TIME.

CLIMATE NORMAL PERIOD 1981 TO 2010
CLIMATE RECORD PERIOD 1913 TO 2018


WEATHER ITEM   OBSERVED TIME   RECORD YEAR NORMAL DEPARTURE LAST
                VALUE   (LST)  VALUE       VALUE  FROM      YEAR
                                                  NORMAL
..................................................................
TEMPERATURE (F)
 TODAY
  MAXIMUM         41    106 PM  50    1935  38      3       38
  MINIMUM         28    833 AM   4    1922  28      0       33
  AVERAGE         35                        33      2       36

PRECIPITATION (IN)
  TODAY            0.00          2.04 1988   0.22  -0.22     0.04
  MONTH TO DATE   10.90                      4.43   6.47     0.75
  SINCE SEP 1     19.68                     20.04  -0.36    13.12
  SINCE JAN 1     64.34                     66.83  -2.49    53.64

SNOWFALL (IN)
  TODAY            0.0           5.7  2011   0.2   -0.2      0.4
  MONTH TO DATE    0.0                       3.2   -3.2      3.1
  SINCE SEP 1      0.0                       4.3   -4.3      3.3
  SINCE JUL 1      0.0                       4.3   -4.3      3.3
  SNOW DEPTH       0

DEGREE DAYS
 HEATING
  TODAY           30                        32     -2       29
  MONTH TO DATE  477                       608   -131      518
  SINCE SEP 1   1400                      1837   -437     1624
  SINCE JUL 1   1902                      2470   -568     2229

 COOLING
  TODAY            0                         0      0        0
  MONTH TO DATE    0                         0      0        0
  SINCE SEP 1      0                         0      0        0
  SINCE JAN 1      8                         1      7        0
..................................................................


WIND (MPH)
  RESULTANT WIND SPEED   5   RESULTANT WIND DIRECTION   W (280)
  HIGHEST WIND SPEED    16   HIGHEST WIND DIRECTION     W (270)
  HIGHEST GUST SPEED    19   HIGHEST GUST DIRECTION    SW (240)
  AVERAGE WIND SPEED     5.7



WEATHER CONDITIONS
 THE FOLLOWING WEATHER WAS RECORDED TODAY.
  NO SIGNIFICANT WEATHER WAS OBSERVED.


RELATIVE HUMIDITY (PERCENT)
 HIGHEST    92
 LOWEST     59
 AVERAGE    76

..........................................................


THE KODIAK CLIMATE NORMALS FOR TOMORROW
                         NORMAL    RECORD    YEAR
 MAXIMUM TEMPERATURE (F)   38        51      1978
 MINIMUM TEMPERATURE (F)   28         7      2011
                                             1922


SUNRISE AND SUNSET
NOVEMBER 20 2018......SUNRISE   907 AM AKST  SUNSET   444 PM AKST
NOVEMBER 21 2018......SUNRISE   909 AM AKST  SUNSET   442 PM AKST


-  INDICATES NEGATIVE NUMBERS.
R  INDICATES RECORD WAS SET OR TIED.
MM INDICATES DATA IS MISSING.
T  INDICATES TRACE AMOUNT.




$$
