771
CDUS44 KLCH 190013
CLIAEX


CLIMATE REPORT
NATIONAL WEATHER SERVICE LAKE CHARLES, LA
713 PM CDT WED JUL 18 2018


...................................

...THE ALEXANDRIA CLIMATE SUMMARY FOR JULY 18 2018...
VALID TODAY AS OF 0500 PM LOCAL TIME.

CLIMATE NORMAL PERIOD 1981 TO 2010
CLIMATE RECORD PERIOD 1892 TO 2018


WEATHER ITEM   OBSERVED TIME   RECORD YEAR NORMAL DEPARTURE LAST
                VALUE   (LST)  VALUE       VALUE  FROM      YEAR
                                                  NORMAL
..................................................................
TEMPERATURE (F)
 TODAY
  MAXIMUM         89   1136 AM 102    1980  92     -3       94
                                      1927
  MINIMUM         77    605 AM  67    1967  73      4       75
                                      1926
                                      1898
  AVERAGE         83                        82      1       85

PRECIPITATION (IN)
  TODAY            T             3.14 2014   0.09  -0.09     0.00
  MONTH TO DATE    4.94                      2.52   2.42     2.25
  SINCE JUN 1      8.11                      7.62   0.49     8.14
  SINCE JAN 1     39.83                     31.62   8.21    32.85

DEGREE DAYS
 COOLING
  TODAY           18                        17      1       20
  MONTH TO DATE  336                       306     30      321
  SINCE JUN 1    866                       759    107      735
  SINCE JAN 1   1497                      1213    284     1310
..................................................................


WIND (MPH)
  HIGHEST WIND SPEED    13   HIGHEST WIND DIRECTION     N (360)
  HIGHEST GUST SPEED    17   HIGHEST GUST DIRECTION     N (10)
  AVERAGE WIND SPEED     2.7


SKY COVER
  POSSIBLE SUNSHINE  MM
  AVERAGE SKY COVER 0.4


WEATHER CONDITIONS
 THE FOLLOWING WEATHER WAS RECORDED TODAY.
  LIGHT RAIN


RELATIVE HUMIDITY (PERCENT)
 HIGHEST    94           600 AM
 LOWEST     64          1100 AM
 AVERAGE    79

..........................................................


THE ALEXANDRIA CLIMATE NORMALS FOR TOMORROW
                         NORMAL    RECORD    YEAR
 MAXIMUM TEMPERATURE (F)   92       104      1918
 MINIMUM TEMPERATURE (F)   73        66      1893


SUNRISE AND SUNSET
JULY 18 2018..........SUNRISE   618 AM CDT   SUNSET   814 PM CDT
JULY 19 2018..........SUNRISE   619 AM CDT   SUNSET   814 PM CDT


-  INDICATES NEGATIVE NUMBERS.
R  INDICATES RECORD WAS SET OR TIED.
MM INDICATES DATA IS MISSING.
T  INDICATES TRACE AMOUNT.




$$
