347
CDUS44 KLCH 200819
CLIAEX


CLIMATE REPORT
NATIONAL WEATHER SERVICE LAKE CHARLES, LA
318 AM CDT SAT OCT 20 2018


...................................

...THE ALEXANDRIA CLIMATE SUMMARY FOR OCTOBER 19 2018...

CLIMATE NORMAL PERIOD 1981 TO 2010
CLIMATE RECORD PERIOD 1892 TO 2018


WEATHER ITEM   OBSERVED TIME   RECORD YEAR NORMAL DEPARTURE LAST
                VALUE   (LST)  VALUE       VALUE  FROM      YEAR
                                                  NORMAL
..................................................................
TEMPERATURE (F)
 YESTERDAY
  MAXIMUM         86    333 PM  92    2004  79      7       82
  MINIMUM         59    658 AM  30    1948  54      5       49
  AVERAGE         73                        66      7       66

PRECIPITATION (IN)
  YESTERDAY        T             4.55 1994   0.18  -0.18     0.00
  MONTH TO DATE    5.05                      3.81   1.24     0.03
  SINCE SEP 1      9.11                      6.71   2.40     0.12
  SINCE JAN 1     51.05                     42.94   8.11    43.35

SNOWFALL (IN)
  YESTERDAY        0.0           0.0    MM  MM     MM        0.0
  MONTH TO DATE    0.0                      MM     MM        0.0
  SINCE SEP 1      0.0                      MM     MM        0.0
  SINCE JUL 1      0.0                      MM     MM        0.0
  SNOW DEPTH       0

DEGREE DAYS
 HEATING
  YESTERDAY        0                         3     -3        0
  MONTH TO DATE   14                        27    -13        8
  SINCE SEP 1     14                        30    -16        8
  SINCE JUL 1     14                        30    -16        8

 COOLING
  YESTERDAY        8                         4      4        1
  MONTH TO DATE  202                       101    101      197
  SINCE SEP 1    687                       464    223      572
  SINCE JAN 1   3011                      2451    560     2601
..................................................................


WIND (MPH)
  HIGHEST WIND SPEED     8   HIGHEST WIND DIRECTION     S (200)
  HIGHEST GUST SPEED    11   HIGHEST GUST DIRECTION     E (100)
  AVERAGE WIND SPEED     2.9


SKY COVER
  POSSIBLE SUNSHINE  MM
  AVERAGE SKY COVER 0.0


WEATHER CONDITIONS
 THE FOLLOWING WEATHER WAS RECORDED YESTERDAY.
  NO SIGNIFICANT WEATHER WAS OBSERVED.


RELATIVE HUMIDITY (PERCENT)
 HIGHEST    93          1000 PM
 LOWEST     53          1000 AM
 AVERAGE    73

..........................................................


THE ALEXANDRIA CLIMATE NORMALS FOR TODAY
                         NORMAL    RECORD    YEAR
 MAXIMUM TEMPERATURE (F)   79        92      1899
 MINIMUM TEMPERATURE (F)   53        30      1989


SUNRISE AND SUNSET
OCTOBER 20 2018.......SUNRISE   717 AM CDT   SUNSET   633 PM CDT
OCTOBER 21 2018.......SUNRISE   717 AM CDT   SUNSET   632 PM CDT


-  INDICATES NEGATIVE NUMBERS.
R  INDICATES RECORD WAS SET OR TIED.
MM INDICATES DATA IS MISSING.
T  INDICATES TRACE AMOUNT.




$$
