000
CDUS42 KCAE 240555
CLIAGS


CLIMATE REPORT
NATIONAL WEATHER SERVICE COLUMBIA SC
155 AM EDT THU MAY 24 2018


...................................

...THE AUGUSTA REGIONAL BUSH FIELD GA CLIMATE SUMMARY FOR MAY 23 2018...

CLIMATE NORMAL PERIOD 1981 TO 2010
CLIMATE RECORD PERIOD 1873 TO 2018


WEATHER ITEM   OBSERVED TIME   RECORD YEAR NORMAL DEPARTURE LAST
                VALUE   (LST)  VALUE       VALUE  FROM      YEAR
                                                  NORMAL
..................................................................
TEMPERATURE (F)
 YESTERDAY
  MAXIMUM         83   1234 PM  99    2011  87     -4       74
                                      1941
  MINIMUM         67    322 AM  41    2002  60      7       69
  AVERAGE         75                        73      2       72

PRECIPITATION (IN)
  YESTERDAY        0.28          2.27 1915   0.09   0.19     0.82
  MONTH TO DATE    3.77                      1.77   2.00     2.21
  SINCE MAR 1     10.45                      8.79   1.66     6.58
  SINCE JAN 1     14.11                     16.62  -2.51    18.82

SNOWFALL (IN)
  YESTERDAY        0.0          MM      MM   0.0             0.0
  MONTH TO DATE    0.0                       0.0             0.0
  SINCE MAR 1      0.0                       0.0             0.0
  SINCE JUL 1      T                         0.9              T

DEGREE DAYS
 HEATING
  YESTERDAY        0                         0      0        0
  MONTH TO DATE    3                        18    -15        3
  SINCE MAR 1    478                       438     40      272
  SINCE JUL 1   2165                      2470   -305     1407

 COOLING
  YESTERDAY       10                         9      1        7
  MONTH TO DATE  179                       133     46      202
  SINCE MAR 1    211                       203      8      422
  SINCE JAN 1    262                       206     56      452
..................................................................


WIND (MPH)
  HIGHEST WIND SPEED    12   HIGHEST WIND DIRECTION     W (270)
  HIGHEST GUST SPEED    14   HIGHEST GUST DIRECTION    SW (240)
  AVERAGE WIND SPEED     1.8


SKY COVER
  AVERAGE SKY COVER 0.6


WEATHER CONDITIONS
 THE FOLLOWING WEATHER WAS RECORDED YESTERDAY.
  THUNDERSTORM
  HEAVY RAIN
  RAIN
  LIGHT RAIN
  FOG
  FOG W/VISIBILITY <= 1/4 MILE
  HAZE


RELATIVE HUMIDITY (PERCENT)
 HIGHEST   100           100 AM
 LOWEST     69          1200 PM
 AVERAGE    85

..........................................................


THE AUGUSTA REGIONAL BUSH FIELD GA CLIMATE NORMALS FOR TODAY
                         NORMAL    RECORD    YEAR
 MAXIMUM TEMPERATURE (F)   87        98      1878
 MINIMUM TEMPERATURE (F)   60        45      2002
                                             1954


SUNRISE AND SUNSET
MAY 24 2018...........SUNRISE   622 AM EDT   SUNSET   827 PM EDT
MAY 25 2018...........SUNRISE   622 AM EDT   SUNSET   828 PM EDT


-  INDICATES NEGATIVE NUMBERS.
R  INDICATES RECORD WAS SET OR TIED.
MM INDICATES DATA IS MISSING.
T  INDICATES TRACE AMOUNT.




$$
