213
CDUS42 KCAE 190554
CLIAGS


CLIMATE REPORT
NATIONAL WEATHER SERVICE COLUMBIA SC
1253 AM EST MON NOV 19 2018


...................................

...THE AUGUSTA REGIONAL BUSH FIELD GA CLIMATE SUMMARY FOR NOVEMBER 18 2018...

CLIMATE NORMAL PERIOD 1981 TO 2010
CLIMATE RECORD PERIOD 1873 TO 2018


WEATHER ITEM   OBSERVED TIME   RECORD YEAR NORMAL DEPARTURE LAST
                VALUE   (LST)  VALUE       VALUE  FROM      YEAR
                                                  NORMAL
..................................................................
TEMPERATURE (F)
 YESTERDAY
  MAXIMUM         70    345 PM  86    2013  69      1       75
  MINIMUM         38    702 AM  23    1997  41     -3       36
  AVERAGE         54                        55     -1       56

PRECIPITATION (IN)
  YESTERDAY        0.00          2.22 1915   0.10  -0.10     0.00
  MONTH TO DATE    5.80                      1.61   4.19     1.33
  SINCE SEP 1     17.57                      8.10   9.47     6.44
  SINCE JAN 1     48.72                     38.97   9.75    40.82

SNOWFALL (IN)
  YESTERDAY        0.0          MM      MM   0.0             0.0
  MONTH TO DATE    0.0                       0.0             0.0
  SINCE SEP 1      0.0                       0.0             0.0
  SINCE JUL 1      0.0                       0.0             0.0

DEGREE DAYS
 HEATING
  YESTERDAY       11                        11      0        9
  MONTH TO DATE  158                       157      1      135
  SINCE SEP 1    237                       271    -34      208
  SINCE JUL 1    237                       271    -34      208

 COOLING
  YESTERDAY        0                         0      0        0
  MONTH TO DATE   10                        15     -5       25
  SINCE SEP 1    709                       397    312      575
  SINCE JAN 1   2545                      2085    460     2703
..................................................................


WIND (MPH)
  HIGHEST WIND SPEED    10   HIGHEST WIND DIRECTION     E (70)
  HIGHEST GUST SPEED    12   HIGHEST GUST DIRECTION     E (80)
  AVERAGE WIND SPEED     2.5


SKY COVER
  AVERAGE SKY COVER 0.4


WEATHER CONDITIONS
 THE FOLLOWING WEATHER WAS RECORDED YESTERDAY.
  FOG
  FOG W/VISIBILITY <= 1/4 MILE


RELATIVE HUMIDITY (PERCENT)
 HIGHEST   100          1200 AM
 LOWEST     55           100 PM
 AVERAGE    78

..........................................................


THE AUGUSTA REGIONAL BUSH FIELD GA CLIMATE NORMALS FOR TODAY
                         NORMAL    RECORD    YEAR
 MAXIMUM TEMPERATURE (F)   68        84      1942
 MINIMUM TEMPERATURE (F)   40        15      2014


SUNRISE AND SUNSET
NOVEMBER 19 2018......SUNRISE   703 AM EST   SUNSET   523 PM EST
NOVEMBER 20 2018......SUNRISE   704 AM EST   SUNSET   523 PM EST


-  INDICATES NEGATIVE NUMBERS.
R  INDICATES RECORD WAS SET OR TIED.
MM INDICATES DATA IS MISSING.
T  INDICATES TRACE AMOUNT.




$$
