456
CDUS42 KCAE 200634
CLIAGS


CLIMATE REPORT
NATIONAL WEATHER SERVICE COLUMBIA SC
133 AM EST TUE FEB 20 2018


...................................

...THE AUGUSTA REGIONAL BUSH FIELD GA CLIMATE SUMMARY FOR FEBRUARY 19 2018...

CLIMATE NORMAL PERIOD 1981 TO 2010
CLIMATE RECORD PERIOD 1873 TO 2018


WEATHER ITEM   OBSERVED TIME   RECORD YEAR NORMAL DEPARTURE LAST
                VALUE   (LST)  VALUE       VALUE  FROM      YEAR
                                                  NORMAL
..................................................................
TEMPERATURE (F)
 YESTERDAY
  MAXIMUM         77    345 PM  82    1956  63     14       77
  MINIMUM         57   1151 PM  16    1958  37     20       45
  AVERAGE         67                        50     17       61

PRECIPITATION (IN)
  YESTERDAY        0.00          1.34 1946   0.14  -0.14     0.01
  MONTH TO DATE    1.45                      2.60  -1.15     1.90
  SINCE DEC 1      7.65                      9.90  -2.25    16.44
  SINCE JAN 1      3.54                      6.51  -2.97    12.03

SNOWFALL (IN)
  YESTERDAY        0.0          MM      MM   0.0             0.0
  MONTH TO DATE    0.0                       0.3             0.0
  SINCE DEC 1      T                         0.8              T
  SINCE JUL 1      T                         0.8              T

DEGREE DAYS
 HEATING
  YESTERDAY        0                        15    -15        4
  MONTH TO DATE  158                       320   -162      165
  SINCE DEC 1   1301                      1483   -182      831
  SINCE JUL 1   1666                      1905   -239     1102

 COOLING
  YESTERDAY        2                         0      2        0
  MONTH TO DATE   16                         0     16        6
  SINCE DEC 1     18                         4     14       27
  SINCE JAN 1     18                         1     17       20
..................................................................


WIND (MPH)
  HIGHEST WIND SPEED    10   HIGHEST WIND DIRECTION    SE (120)
  HIGHEST GUST SPEED    16   HIGHEST GUST DIRECTION    NE (60)
  AVERAGE WIND SPEED     2.7


SKY COVER
  AVERAGE SKY COVER 0.7


WEATHER CONDITIONS
 THE FOLLOWING WEATHER WAS RECORDED YESTERDAY.
  FOG
  FOG W/VISIBILITY <= 1/4 MILE


RELATIVE HUMIDITY (PERCENT)
 HIGHEST    97           800 PM
 LOWEST     60           400 PM
 AVERAGE    79

..........................................................


THE AUGUSTA REGIONAL BUSH FIELD GA CLIMATE NORMALS FOR TODAY
                         NORMAL    RECORD    YEAR
 MAXIMUM TEMPERATURE (F)   63        82      2014
                                             1991
 MINIMUM TEMPERATURE (F)   37        13      2015


SUNRISE AND SUNSET
FEBRUARY 20 2018......SUNRISE   706 AM EST   SUNSET   617 PM EST
FEBRUARY 21 2018......SUNRISE   705 AM EST   SUNSET   618 PM EST


-  INDICATES NEGATIVE NUMBERS.
R  INDICATES RECORD WAS SET OR TIED.
MM INDICATES DATA IS MISSING.
T  INDICATES TRACE AMOUNT.




$$
