000
CDUS42 KFFC 270820
CLIAHN


CLIMATE REPORT
NATIONAL WEATHER SERVICE PEACHTREE CITY GA
418 AM EDT SUN MAY 27 2018


...................................

...THE ATHENS CLIMATE SUMMARY FOR MAY 26 2018...

CLIMATE NORMAL PERIOD 1981 TO 2010
CLIMATE RECORD PERIOD 1898 TO 2018


WEATHER ITEM   OBSERVED TIME   RECORD YEAR NORMAL DEPARTURE LAST
                VALUE   (LST)  VALUE       VALUE  FROM      YEAR
                                                  NORMAL
..................................................................
TEMPERATURE (F)
 YESTERDAY
  MAXIMUM         85    416 PM  99    1911  84      1       84
  MINIMUM         69    223 AM  41    1979  61      8       53
  AVERAGE         77                        73      4       69

PRECIPITATION (IN)
  YESTERDAY        0.02          5.47 1959   0.09  -0.07     0.00
  MONTH TO DATE    6.52                      2.50   4.02     5.47
  SINCE MAR 1     15.19                     10.08   5.11    16.64
  SINCE JAN 1     25.60                     18.61   6.99    24.34

DEGREE DAYS
 COOLING
  YESTERDAY       12                         8      4        4
  MONTH TO DATE  214                       138     76      150
  SINCE MAR 1    228                       195     33      306
  SINCE JAN 1    262                       196     66      315
..................................................................


WIND (MPH)
  RESULTANT WIND SPEED   1   RESULTANT WIND DIRECTION  SE (150)
  HIGHEST WIND SPEED     7   HIGHEST WIND DIRECTION     S (180)
  HIGHEST GUST SPEED    13   HIGHEST GUST DIRECTION     S (200)
  AVERAGE WIND SPEED     1.6


SKY COVER
  POSSIBLE SUNSHINE  MM
  AVERAGE SKY COVER 0.6


WEATHER CONDITIONS
 THE FOLLOWING WEATHER WAS RECORDED YESTERDAY.
  LIGHT RAIN
  FOG


RELATIVE HUMIDITY (PERCENT)
 HIGHEST   100           100 AM
 LOWEST     65           400 PM
 AVERAGE    83

..........................................................


THE ATHENS CLIMATE NORMALS FOR TODAY
                         NORMAL    RECORD    YEAR
 MAXIMUM TEMPERATURE (F)   85        97      1916
 MINIMUM TEMPERATURE (F)   62        40      1961


SUNRISE AND SUNSET
MAY 27 2018...........SUNRISE   625 AM EDT   SUNSET   836 PM EDT
MAY 28 2018...........SUNRISE   625 AM EDT   SUNSET   837 PM EDT


-  INDICATES NEGATIVE NUMBERS.
R  INDICATES RECORD WAS SET OR TIED.
MM INDICATES DATA IS MISSING.
T  INDICATES TRACE AMOUNT.




$$
