000
CDUS42 KFFC 250821
CLIAHN


CLIMATE REPORT
NATIONAL WEATHER SERVICE PEACHTREE CITY GA
421 AM EDT TUE SEP 25 2018


...................................

...THE ATHENS CLIMATE SUMMARY FOR SEPTEMBER 24 2018...

CLIMATE NORMAL PERIOD 1981 TO 2010
CLIMATE RECORD PERIOD 1898 TO 2018


WEATHER ITEM   OBSERVED TIME   RECORD YEAR NORMAL DEPARTURE LAST
                VALUE   (LST)  VALUE       VALUE  FROM      YEAR
                                                  NORMAL
..................................................................
TEMPERATURE (F)
 YESTERDAY
  MAXIMUM         85    252 PM 103    1931  81      4       86
  MINIMUM         65    422 AM  30    1928  60      5       63
  AVERAGE         75                        70      5       75

PRECIPITATION (IN)
  YESTERDAY        0.20          1.45 1902   0.14   0.06     0.00
  MONTH TO DATE    1.00                      3.02  -2.02     4.19
  SINCE SEP 1      1.00                      3.02  -2.02     4.19
  SINCE JAN 1     46.01                     34.31  11.70    46.18

DEGREE DAYS
 HEATING
  YESTERDAY        0                         1     -1        0
  MONTH TO DATE    0                         2     -2        9
  SINCE SEP 1      0                         2     -2        9
  SINCE JUL 1      0                         2     -2        9

 COOLING
  YESTERDAY       10                         6      4       10
  MONTH TO DATE  373                       228    145      174
  SINCE SEP 1    373                       228    145      174
  SINCE JAN 1   2035                      1783    252     1813
..................................................................


WIND (MPH)
  RESULTANT WIND SPEED   6   RESULTANT WIND DIRECTION   E (80)
  HIGHEST WIND SPEED    13   HIGHEST WIND DIRECTION     E (70)
  HIGHEST GUST SPEED    19   HIGHEST GUST DIRECTION    NE (60)
  AVERAGE WIND SPEED     6.6


SKY COVER
  POSSIBLE SUNSHINE  MM
  AVERAGE SKY COVER 0.7


WEATHER CONDITIONS
 THE FOLLOWING WEATHER WAS RECORDED YESTERDAY.
  HEAVY RAIN
  RAIN
  LIGHT RAIN
  FOG


RELATIVE HUMIDITY (PERCENT)
 HIGHEST   100           500 AM
 LOWEST     61           300 PM
 AVERAGE    81

..........................................................


THE ATHENS CLIMATE NORMALS FOR TODAY
                         NORMAL    RECORD    YEAR
 MAXIMUM TEMPERATURE (F)   81        96      1931
 MINIMUM TEMPERATURE (F)   59        42      1928


SUNRISE AND SUNSET
SEPTEMBER 25 2018.....SUNRISE   723 AM EDT   SUNSET   726 PM EDT
SEPTEMBER 26 2018.....SUNRISE   724 AM EDT   SUNSET   724 PM EDT


-  INDICATES NEGATIVE NUMBERS.
R  INDICATES RECORD WAS SET OR TIED.
MM INDICATES DATA IS MISSING.
T  INDICATES TRACE AMOUNT.




$$
