000
CDAK48 PAFC 181337
CLIAKN


CLIMATE REPORT
NATIONAL WEATHER SERVICE ANCHORAGE, AK
537 AM AKDT WED JUL 18 2018


...................................

...THE KING SALMON CLIMATE SUMMARY FOR JULY 17 2018...

CLIMATE NORMAL PERIOD 1981 TO 2010
CLIMATE RECORD PERIOD 1917 TO 2018


WEATHER ITEM   OBSERVED TIME   RECORD YEAR NORMAL DEPARTURE LAST
                VALUE   (LST)  VALUE       VALUE  FROM      YEAR
                                                  NORMAL
..................................................................
TEMPERATURE (F)
 YESTERDAY
  MAXIMUM         57        MM  79    2002  64     -7       62
                                      1979
  MINIMUM         41        MM  36    2014  48     -7       52
  AVERAGE         49                        56     -7       57

PRECIPITATION (IN)
  YESTERDAY        0.00          0.90 1931   0.08  -0.08     0.15
  MONTH TO DATE    2.03                      1.14   0.89     0.94
  SINCE MAR 1     12.67                      5.71   6.96     5.21
  SINCE JAN 1     16.37                      7.49   8.88     6.41

SNOWFALL (IN)
  YESTERDAY        0.0          MM      MM   0.0    0.0      0.0
  MONTH TO DATE    0.0                       0.0    0.0      0.0
  SINCE MAR 1     32.3                      11.1   21.2      3.3
  SINCE JUL 1      0.0                       0.0    0.0      0.0
  SNOW DEPTH       0

DEGREE DAYS
 HEATING
  YESTERDAY       16                         9      7        8
  MONTH TO DATE  171                       164      7      124
  SINCE JUN 1    526                       571    -45      454
  SINCE JUL 1    171                       164      7      124

 COOLING
  YESTERDAY        0                         0      0        0
  MONTH TO DATE    0                         0      0        0
  SINCE JUN 1      0                         0      0        0
  SINCE JAN 1      0                         0      0        0
..................................................................


WIND (MPH)
  RESULTANT WIND SPEED   5   RESULTANT WIND DIRECTION   S (200)
  HIGHEST WIND SPEED     9   HIGHEST WIND DIRECTION     S (180)
  HIGHEST GUST SPEED    MM   HIGHEST GUST DIRECTION    MM
  AVERAGE WIND SPEED     6.0



WEATHER CONDITIONS
 THE FOLLOWING WEATHER WAS RECORDED YESTERDAY.
  FOG


RELATIVE HUMIDITY (PERCENT)
 HIGHEST   100
 LOWEST     77
 AVERAGE    89

..........................................................


THE KING SALMON CLIMATE NORMALS FOR TODAY
                         NORMAL    RECORD    YEAR
 MAXIMUM TEMPERATURE (F)   64        79      1990
 MINIMUM TEMPERATURE (F)   48        36      1976


SUNRISE AND SUNSET
JULY 18 2018..........SUNRISE   548 AM AKDT  SUNSET  1117 PM AKDT
JULY 19 2018..........SUNRISE   550 AM AKDT  SUNSET  1115 PM AKDT


-  INDICATES NEGATIVE NUMBERS.
R  INDICATES RECORD WAS SET OR TIED.
MM INDICATES DATA IS MISSING.
T  INDICATES TRACE AMOUNT.




$$
