000
CDAK48 PAFC 160100
CLIAKN


CLIMATE REPORT
NATIONAL WEATHER SERVICE ANCHORAGE, AK
500 PM AKDT MON OCT 15 2018


...................................

...THE KING SALMON CLIMATE SUMMARY FOR OCTOBER 15 2018...
VALID TODAY AS OF 0500 PM LOCAL TIME.

CLIMATE NORMAL PERIOD 1981 TO 2010
CLIMATE RECORD PERIOD 1917 TO 2018


WEATHER ITEM   OBSERVED TIME   RECORD YEAR NORMAL DEPARTURE LAST
                VALUE   (LST)  VALUE       VALUE  FROM      YEAR
                                                  NORMAL
..................................................................
TEMPERATURE (F)
 TODAY
  MAXIMUM         60R   134 PM  59    1969  42     18       44
  MINIMUM         50    312 AM   4    1961  26     24       31
  AVERAGE         55                        34     21       38

PRECIPITATION (IN)
  TODAY            0.05          1.00 1919   0.07  -0.02     0.04
  MONTH TO DATE    3.50                      1.18   2.32     2.26
  SINCE SEP 1      6.65                      4.37   2.28     6.20
  SINCE JAN 1     29.53                     15.97  13.56    16.89

SNOWFALL (IN)
  TODAY            0.0          MM      MM   0.1   -0.1      0.0
  MONTH TO DATE    0.0                       0.7   -0.7      0.0
  SINCE SEP 1      0.0                       0.8   -0.8       T
  SINCE JUL 1      0.0                       0.8   -0.8       T
  SNOW DEPTH       0

DEGREE DAYS
 HEATING
  TODAY           10                        31    -21       27
  MONTH TO DATE  220                       416   -196      313
  SINCE SEP 1    601                       938   -337      807
  SINCE JUL 1   1141                      1554   -413     1304

 COOLING
  TODAY            0                         0      0        0
  MONTH TO DATE    0                         0      0        0
  SINCE SEP 1      0                         0      0        0
  SINCE JAN 1      1                         1      0        1
..................................................................


WIND (MPH)
  RESULTANT WIND SPEED  12   RESULTANT WIND DIRECTION   E (110)
  HIGHEST WIND SPEED    20   HIGHEST WIND DIRECTION     E (90)
  HIGHEST GUST SPEED    26   HIGHEST GUST DIRECTION     E (80)
  AVERAGE WIND SPEED    12.2



WEATHER CONDITIONS
 THE FOLLOWING WEATHER WAS RECORDED TODAY.
  LIGHT RAIN


RELATIVE HUMIDITY (PERCENT)
 HIGHEST    77
 LOWEST     57
 AVERAGE    67

..........................................................


THE KING SALMON CLIMATE NORMALS FOR TOMORROW
                         NORMAL    RECORD    YEAR
 MAXIMUM TEMPERATURE (F)   41        57      1969
 MINIMUM TEMPERATURE (F)   26         7      1997


SUNRISE AND SUNSET
OCTOBER 15 2018.......SUNRISE   904 AM AKDT  SUNSET   720 PM AKDT
OCTOBER 16 2018.......SUNRISE   906 AM AKDT  SUNSET   717 PM AKDT


-  INDICATES NEGATIVE NUMBERS.
R  INDICATES RECORD WAS SET OR TIED.
MM INDICATES DATA IS MISSING.
T  INDICATES TRACE AMOUNT.




$$
