000
CDUS45 KBOU 160759
CLIAKO


CLIMATE REPORT
NATIONAL WEATHER SERVICE DENVER/BOULDER CO
158 AM MDT MON JUL 16 2018


...................................

...THE AKRON CO CLIMATE SUMMARY FOR JULY 15 2018...

CLIMATE NORMAL PERIOD 1981 TO 2010
CLIMATE RECORD PERIOD 9999 TO 9999


WEATHER ITEM   OBSERVED TIME   RECORD YEAR NORMAL DEPARTURE LAST
                VALUE   (LST)  VALUE       VALUE  FROM      YEAR
                                                  NORMAL
..................................................................
TEMPERATURE (F)
 YESTERDAY
  MAXIMUM         81   1254 PM 101    2006  89     -8
  MINIMUM         61   1159 PM  50    1917  60      1
  AVERAGE         71                        74     -3

PRECIPITATION (IN)
  YESTERDAY        0.01          0.42 1993   0.08  -0.07     0.07
  MONTH TO DATE    0.97                      1.14  -0.17     0.32
  SINCE JUN 1      3.56                      3.60  -0.04     1.00
  SINCE JAN 1     13.39                      9.78   3.61     7.65

SNOWFALL (IN)
  YESTERDAY        0.0
  SNOW DEPTH       0

DEGREE DAYS
 HEATING
  YESTERDAY        0
  MONTH TO DATE    0

 COOLING
  YESTERDAY        6
  MONTH TO DATE  167
..................................................................


WIND (MPH)
  HIGHEST WIND SPEED    26   HIGHEST WIND DIRECTION    NE (30)
  HIGHEST GUST SPEED    34   HIGHEST GUST DIRECTION    NE (30)




RELATIVE HUMIDITY (PERCENT)
 HIGHEST   100
 LOWEST     51
 AVERAGE    76

..........................................................


THE AKRON CO CLIMATE NORMALS FOR TODAY
                         NORMAL    RECORD    YEAR
 MAXIMUM TEMPERATURE (F)   89       105      2006
 MINIMUM TEMPERATURE (F)   60        49      1973


SUNRISE AND SUNSET
JULY 16 2018..........SUNRISE   537 AM MDT   SUNSET   820 PM MDT
JULY 17 2018..........SUNRISE   538 AM MDT   SUNSET   820 PM MDT


-  INDICATES NEGATIVE NUMBERS.
R  INDICATES RECORD WAS SET OR TIED.
MM INDICATES DATA IS MISSING.
T  INDICATES TRACE AMOUNT.




$$
