000
CDUS45 KBOU 150739
CLIAKO


CLIMATE REPORT
NATIONAL WEATHER SERVICE DENVER/BOULDER CO
137 AM MDT MON OCT 15 2018


...................................

...THE AKRON CO CLIMATE SUMMARY FOR OCTOBER 14 2018...

CLIMATE NORMAL PERIOD 1981 TO 2010
CLIMATE RECORD PERIOD 9999 TO 9999


WEATHER ITEM   OBSERVED TIME   RECORD YEAR NORMAL DEPARTURE LAST
                VALUE   (LST)  VALUE       VALUE  FROM      YEAR
                                                  NORMAL
..................................................................
TEMPERATURE (F)
 YESTERDAY
  MAXIMUM         28   1214 AM  86    1968  64    -36
  MINIMUM         15    850 PM   7    1969  37    -22
  AVERAGE         22                        51    -29

PRECIPITATION (IN)
  YESTERDAY        0.01          0.66 1966   0.04  -0.03     0.00
  MONTH TO DATE    0.68                      0.59   0.09     0.47
  SINCE SEP 1      0.96                      1.75  -0.79     1.76
  SINCE JAN 1     16.14                     15.24   0.90    13.55

SNOWFALL (IN)
  YESTERDAY       MM
  SNOW DEPTH       0

DEGREE DAYS
 HEATING
  YESTERDAY       43
  MONTH TO DATE  274

 COOLING
  YESTERDAY        0
  MONTH TO DATE    3
..................................................................


WIND (MPH)
  HIGHEST WIND SPEED    33   HIGHEST WIND DIRECTION     N (10)
  HIGHEST GUST SPEED    42   HIGHEST GUST DIRECTION     N (10)




RELATIVE HUMIDITY (PERCENT)
 HIGHEST   100
 LOWEST     68
 AVERAGE    84

..........................................................


THE AKRON CO CLIMATE NORMALS FOR TODAY
                         NORMAL    RECORD    YEAR
 MAXIMUM TEMPERATURE (F)   64        87      1938
 MINIMUM TEMPERATURE (F)   37        13      1966


SUNRISE AND SUNSET
OCTOBER 15 2018.......SUNRISE   704 AM MDT   SUNSET   613 PM MDT
OCTOBER 16 2018.......SUNRISE   705 AM MDT   SUNSET   612 PM MDT


-  INDICATES NEGATIVE NUMBERS.
R  INDICATES RECORD WAS SET OR TIED.
MM INDICATES DATA IS MISSING.
T  INDICATES TRACE AMOUNT.




$$
