000
CDUS41 KALY 152101
CLIALB


CLIMATE REPORT
NATIONAL WEATHER SERVICE ALBANY NY
500 PM EDT MON OCT 15 2018


...................................

...THE ALBANY NY CLIMATE SUMMARY FOR OCTOBER 15 2018...
VALID TODAY AS OF 0500 PM LOCAL TIME.

CLIMATE NORMAL PERIOD 1981 TO 2010
CLIMATE RECORD PERIOD 1874 TO 2018


WEATHER ITEM   OBSERVED TIME   RECORD YEAR NORMAL DEPARTURE LAST
                VALUE   (LST)  VALUE       VALUE  FROM      YEAR
                                                  NORMAL
..................................................................
TEMPERATURE (F)
 TODAY
  MAXIMUM         60    337 PM  86    1897  60      0       74
  MINIMUM         39    410 AM  27    1978  40     -1       57
  AVERAGE         50                        50      0       66

PRECIPITATION (IN)
  TODAY            0.02          1.49 1955   0.13  -0.11     0.20
  MONTH TO DATE    2.51                      1.83   0.68     0.92
  SINCE SEP 1      8.13                      5.13   3.00     3.65
  SINCE JAN 1     34.39                     31.28   3.11    35.45

SNOWFALL (IN)
  TODAY            0.0           T    1939   0.0    0.0      0.0
  MONTH TO DATE    0.0                       0.1   -0.1      0.0
  SINCE SEP 1      0.0                       0.1   -0.1      0.0
  SINCE JUL 1      0.0                       0.1   -0.1      0.0
  SNOW DEPTH       0

DEGREE DAYS
 HEATING
  TODAY           15                        15      0        0
  MONTH TO DATE  116                       190    -74       81
  SINCE SEP 1    204                       334   -130      174
  SINCE JUL 1    204                       357   -153      193

 COOLING
  TODAY            0                         0      0        1
  MONTH TO DATE   19                         0     19       15
  SINCE SEP 1    181                        51    130      135
  SINCE JAN 1   1058                       594    464      710
..................................................................


WIND (MPH)
  HIGHEST WIND SPEED    22   HIGHEST WIND DIRECTION     S (180)
  HIGHEST GUST SPEED    32   HIGHEST GUST DIRECTION     S (160)
  AVERAGE WIND SPEED     8.7


SKY COVER
  AVERAGE SKY COVER 0.7



RELATIVE HUMIDITY (PERCENT)
 HIGHEST    92           400 AM
 LOWEST     76           100 AM
 AVERAGE    84

..........................................................


THE ALBANY NY CLIMATE NORMALS FOR TOMORROW
                         NORMAL    RECORD    YEAR
 MAXIMUM TEMPERATURE (F)   60        88      1947
                                             1897
 MINIMUM TEMPERATURE (F)   39        25      1978


SUNRISE AND SUNSET
OCTOBER 15 2018.......SUNRISE   708 AM EDT   SUNSET   613 PM EDT
OCTOBER 16 2018.......SUNRISE   710 AM EDT   SUNSET   611 PM EDT


-  INDICATES NEGATIVE NUMBERS.
R  INDICATES RECORD WAS SET OR TIED.
MM INDICATES DATA IS MISSING.
T  INDICATES TRACE AMOUNT.




$$
