000
CDUS43 KDMX 140700 RRA
CLIALO

CLIMATE REPORT
NATIONAL WEATHER SERVICE DES MOINES IA
1259 AM CST THU DEC 14 2017


...................................

...THE WATERLOO IA CLIMATE SUMMARY FOR DECEMBER 13 2017...

CLIMATE NORMAL PERIOD 1981 TO 2010
CLIMATE RECORD PERIOD 1895 TO 2017


WEATHER ITEM   OBSERVED TIME   RECORD YEAR NORMAL DEPARTURE LAST
                VALUE   (LST)  VALUE       VALUE  FROM      YEAR
                                                  NORMAL
..................................................................
TEMPERATURE (F)
 YESTERDAY
  MAXIMUM         42    852 AM  57    1975  31     11       13
  MINIMUM         21   1159 PM -26    1961  14      7       -3
  AVERAGE         32                        22     10        5

PRECIPITATION (IN)
  YESTERDAY        0.00          3.32 2015   0.04  -0.04     0.00
  MONTH TO DATE    0.04                      0.60  -0.56     0.80
  SINCE DEC 1      0.04                      0.60  -0.56     0.80
  SINCE JAN 1     29.50                     34.00  -4.50    40.77

SNOWFALL (IN)
  YESTERDAY        0.0           2.5  1930   0.4   -0.4      0.0
  MONTH TO DATE    T                         4.2   -4.2      6.5
  SINCE DEC 1      T                         4.2   -4.2      6.5
  SINCE JUL 1      T                         7.6   -7.6      6.5
  SNOW DEPTH       0

DEGREE DAYS
 HEATING
  YESTERDAY       33                        43    -10       60
  MONTH TO DATE  455                       521    -66      546
  SINCE DEC 1    455                       521    -66      546
  SINCE JUL 1   1846                      2004   -158     1535

 COOLING
  YESTERDAY        0                         0      0        0
  MONTH TO DATE    0                         0      0        0
  SINCE DEC 1      0                         0      0        0
  SINCE JAN 1    720                       799    -79      869
..................................................................


WIND (MPH)
  HIGHEST WIND SPEED    38   HIGHEST WIND DIRECTION    NW (310)
  HIGHEST GUST SPEED    50   HIGHEST GUST DIRECTION    NW (330)
  AVERAGE WIND SPEED    18.5


SKY COVER
  POSSIBLE SUNSHINE  MM
  AVERAGE SKY COVER 0.7


WEATHER CONDITIONS
 THE FOLLOWING WEATHER WAS RECORDED YESTERDAY.
  NO SIGNIFICANT WEATHER WAS OBSERVED.


RELATIVE HUMIDITY (PERCENT)
 HIGHEST    75           100 AM
 LOWEST     55           900 AM
 AVERAGE    65

..........................................................


THE WATERLOO IA CLIMATE NORMALS FOR TODAY
                         NORMAL    RECORD    YEAR
 MAXIMUM TEMPERATURE (F)   31        57      1975
 MINIMUM TEMPERATURE (F)   14       -21      1901


SUNRISE AND SUNSET
DECEMBER 14 2017......SUNRISE   732 AM CST   SUNSET   437 PM CST
DECEMBER 15 2017......SUNRISE   733 AM CST   SUNSET   437 PM CST


-  INDICATES NEGATIVE NUMBERS.
R  INDICATES RECORD WAS SET OR TIED.
MM INDICATES DATA IS MISSING.
T  INDICATES TRACE AMOUNT.




$$
