000
CDUS45 KPUB 171048
CLIALS


CLIMATE REPORT
NATIONAL WEATHER SERVICE PUEBLO
448 AM MDT WED OCT 17 2018


...................................

...THE ALAMOSA CO CLIMATE SUMMARY FOR OCTOBER 16 2018...

CLIMATE NORMAL PERIOD 1981 TO 2010
CLIMATE RECORD PERIOD 1932 TO 2018


WEATHER ITEM   OBSERVED TIME   RECORD YEAR NORMAL DEPARTURE LAST
                VALUE   (LST)  VALUE       VALUE  FROM      YEAR
                                                  NORMAL
..................................................................
TEMPERATURE (F)
 YESTERDAY
  MAXIMUM         57    301 PM  77    1991  62     -5       68
  MINIMUM         11    611 AM   9    1967  24    -13       15
  AVERAGE         34                        43     -9       42

PRECIPITATION (IN)
  YESTERDAY        0.00          0.64 1960   0.02  -0.02     0.00
  MONTH TO DATE    0.16                      0.35  -0.19     0.05
  SINCE SEP 1      1.18                      1.26  -0.08     1.80
  SINCE JAN 1      4.29                      6.21  -1.92    10.49

SNOWFALL (IN)
  YESTERDAY        0.0           3.2  1960   0.1   -0.1      0.0
  MONTH TO DATE    0.0                       0.6   -0.6       T
  SINCE SEP 1      0.0                       0.6   -0.6       T
  SINCE JUL 1      0.0                       0.6   -0.6       T
  SNOW DEPTH       0

DEGREE DAYS
 HEATING
  YESTERDAY       31                        22      9       23
  MONTH TO DATE  304                       303      1      286
  SINCE SEP 1    517                       605    -88      531
  SINCE JUL 1    591                       734   -143      630

 COOLING
  YESTERDAY        0                         0      0        0
  MONTH TO DATE    0                         0      0        0
  SINCE SEP 1      0                         0      0        0
  SINCE JAN 1    104                        51     53       76
..................................................................


WIND (MPH)
  HIGHEST WIND SPEED    28   HIGHEST WIND DIRECTION     E (110)
  HIGHEST GUST SPEED    39   HIGHEST GUST DIRECTION     E (110)
  AVERAGE WIND SPEED     9.4


SKY COVER
  POSSIBLE SUNSHINE  MM
  AVERAGE SKY COVER 0.2


WEATHER CONDITIONS
 THE FOLLOWING WEATHER WAS RECORDED YESTERDAY.
  NO SIGNIFICANT WEATHER WAS OBSERVED.


RELATIVE HUMIDITY (PERCENT)
 HIGHEST    92           600 AM
 LOWEST     18           200 PM
 AVERAGE    55

..........................................................


THE ALAMOSA CO CLIMATE NORMALS FOR TODAY
                         NORMAL    RECORD    YEAR
 MAXIMUM TEMPERATURE (F)   62        76      2016
 MINIMUM TEMPERATURE (F)   24         8      1999


SUNRISE AND SUNSET
OCTOBER 17 2018.......SUNRISE   713 AM MDT   SUNSET   623 PM MDT
OCTOBER 18 2018.......SUNRISE   714 AM MDT   SUNSET   622 PM MDT


-  INDICATES NEGATIVE NUMBERS.
R  INDICATES RECORD WAS SET OR TIED.
MM INDICATES DATA IS MISSING.
T  INDICATES TRACE AMOUNT.




$$
