000
CDUS45 KPUB 171045
CLIALS


CLIMATE REPORT
NATIONAL WEATHER SERVICE PUEBLO
444 AM MDT TUE JUL 17 2018


...................................

...THE ALAMOSA CO CLIMATE SUMMARY FOR JULY 16 2018...

CLIMATE NORMAL PERIOD 1981 TO 2010
CLIMATE RECORD PERIOD 1932 TO 2018


WEATHER ITEM   OBSERVED TIME   RECORD YEAR NORMAL DEPARTURE LAST
                VALUE   (LST)  VALUE       VALUE  FROM      YEAR
                                                  NORMAL
..................................................................
TEMPERATURE (F)
 YESTERDAY
  MAXIMUM         82    244 PM  92    2011  83     -1       81
                                      2010
  MINIMUM         56    135 AM  35    1994  47      9       50
  AVERAGE         69                        65      4       66

PRECIPITATION (IN)
  YESTERDAY        0.01          0.51 1967   0.03  -0.02     0.03
  MONTH TO DATE    0.42                      0.46  -0.04     1.82
  SINCE JUN 1      1.04                      0.95   0.09     2.01
  SINCE JAN 1      1.84                      3.17  -1.33     6.26

SNOWFALL (IN)
  YESTERDAY        0.0           0.0  2002   0.0    0.0      0.0
                                      2001
  MONTH TO DATE    0.0                       0.0    0.0       T
  SINCE JUN 1      0.0                       0.0    0.0       T
  SINCE JUL 1      0.0                       0.0    0.0       T
  SNOW DEPTH       0

DEGREE DAYS
 HEATING
  YESTERDAY        0                         1     -1        0
  MONTH TO DATE    3                        25    -22        8
  SINCE JUN 1     80                       193   -113       99
  SINCE JUL 1      3                        25    -22        8

 COOLING
  YESTERDAY        4                         1      3        1
  MONTH TO DATE   37                        16     21       18
  SINCE JUN 1     50                        22     28       36
  SINCE JAN 1     50                        22     28       36
..................................................................


WIND (MPH)
  HIGHEST WIND SPEED    29   HIGHEST WIND DIRECTION    SE (140)
  HIGHEST GUST SPEED    39   HIGHEST GUST DIRECTION    SE (150)
  AVERAGE WIND SPEED     5.2


SKY COVER
  POSSIBLE SUNSHINE  MM
  AVERAGE SKY COVER 0.5


WEATHER CONDITIONS
 THE FOLLOWING WEATHER WAS RECORDED YESTERDAY.
  THUNDERSTORM


RELATIVE HUMIDITY (PERCENT)
 HIGHEST   100           400 AM
 LOWEST     30           200 PM
 AVERAGE    65

..........................................................


THE ALAMOSA CO CLIMATE NORMALS FOR TODAY
                         NORMAL    RECORD    YEAR
 MAXIMUM TEMPERATURE (F)   83        92      2005
 MINIMUM TEMPERATURE (F)   47        39      1939


SUNRISE AND SUNSET
JULY 17 2018..........SUNRISE   556 AM MDT   SUNSET   823 PM MDT
JULY 18 2018..........SUNRISE   557 AM MDT   SUNSET   822 PM MDT


-  INDICATES NEGATIVE NUMBERS.
R  INDICATES RECORD WAS SET OR TIED.
MM INDICATES DATA IS MISSING.
T  INDICATES TRACE AMOUNT.




$$
