000
CDUS45 KPUB 151145
CLIALS


CLIMATE REPORT
NATIONAL WEATHER SERVICE PUEBLO
444 AM MST FRI DEC 15 2017


...................................

...THE ALAMOSA CO CLIMATE SUMMARY FOR DECEMBER 14 2017...

CLIMATE NORMAL PERIOD 1981 TO 2010
CLIMATE RECORD PERIOD 1932 TO 2017


WEATHER ITEM   OBSERVED TIME   RECORD YEAR NORMAL DEPARTURE LAST
                VALUE   (LST)  VALUE       VALUE  FROM      YEAR
                                                  NORMAL
..................................................................
TEMPERATURE (F)
 YESTERDAY
  MAXIMUM         36    357 PM  55    2016  35      1       55
  MINIMUM          0   1159 PM -42    1964   1     -1       13
  AVERAGE         18                        18      0       34

PRECIPITATION (IN)
  YESTERDAY        0.14          0.27 1984   0.01   0.13     0.00
  MONTH TO DATE    0.14                      0.17  -0.03     0.07
  SINCE DEC 1      0.14                      0.17  -0.03     0.07
  SINCE JAN 1     10.69                      7.13   3.56     8.16

SNOWFALL (IN)
  YESTERDAY        1.3           3.0  2012   0.2    1.1      0.0
  MONTH TO DATE    1.3                       2.1   -0.8      1.4
  SINCE DEC 1      1.3                       2.1   -0.8      1.4
  SINCE JUL 1      1.7                       7.9   -6.2      2.4
  SNOW DEPTH       0

DEGREE DAYS
 HEATING
  YESTERDAY       47                        47      0       31
  MONTH TO DATE  548                       635    -87      606
  SINCE DEC 1    548                       635    -87      606
  SINCE JUL 1   2314                      2810   -496     2470

 COOLING
  YESTERDAY        0                         0      0        0
  MONTH TO DATE    0                         0      0        0
  SINCE DEC 1      0                         0      0        0
  SINCE JAN 1     76                        51     25      115
..................................................................


WIND (MPH)
  HIGHEST WIND SPEED    21   HIGHEST WIND DIRECTION     E (100)
  HIGHEST GUST SPEED    26   HIGHEST GUST DIRECTION     E (110)
  AVERAGE WIND SPEED     6.6


SKY COVER
  POSSIBLE SUNSHINE  MM
  AVERAGE SKY COVER 0.6


WEATHER CONDITIONS
 THE FOLLOWING WEATHER WAS RECORDED YESTERDAY.
  SNOW
  LIGHT SNOW
  FOG
  FOG W/VISIBILITY <= 1/4 MILE
  HAZE


RELATIVE HUMIDITY (PERCENT)
 HIGHEST    95          1100 PM
 LOWEST     32          1200 AM
 AVERAGE    64

..........................................................


THE ALAMOSA CO CLIMATE NORMALS FOR TODAY
                         NORMAL    RECORD    YEAR
 MAXIMUM TEMPERATURE (F)   35        60      2016
 MINIMUM TEMPERATURE (F)    0       -32      1964


SUNRISE AND SUNSET
DECEMBER 15 2017......SUNRISE   711 AM MST   SUNSET   447 PM MST
DECEMBER 16 2017......SUNRISE   712 AM MST   SUNSET   447 PM MST


-  INDICATES NEGATIVE NUMBERS.
R  INDICATES RECORD WAS SET OR TIED.
MM INDICATES DATA IS MISSING.
T  INDICATES TRACE AMOUNT.




$$
