000
CDUS46 KPDT 240847
CLIALW

CLIMATE REPORT
NATIONAL WEATHER SERVICE PENDLETON OR
139 AM PDT THU MAY 24 2018


...................................

...THE WALLA WALLA WA CLIMATE SUMMARY FOR MAY 23 2018...

CLIMATE NORMAL PERIOD 1981 TO 2010
CLIMATE RECORD PERIOD 1949 TO 2018


WEATHER ITEM   OBSERVED TIME   RECORD YEAR NORMAL DEPARTURE LAST
                VALUE   (LST)  VALUE       VALUE  FROM      YEAR
                                                  NORMAL
..................................................................
TEMPERATURE (F)
 YESTERDAY
  MAXIMUM         86    348 PM  95    2001  72     14       90
  MINIMUM         59    451 AM  38    1978  50      9       61
  AVERAGE         73                        61     12       76

PRECIPITATION (IN)
  YESTERDAY        T             0.78 1990   0.07  -0.07     0.00
  MONTH TO DATE    0.77                      1.56  -0.79     1.18
  SINCE OCT 1     16.54                     17.09  -0.55    19.11
  SINCE JAN 1      9.30                     10.07  -0.77    11.21

SNOWFALL (IN)
  YESTERDAY        0.0           0.0  2002   0.0    0.0      0.0
                                      2001
                                      1994
  MONTH TO DATE    0.0                       0.0    0.0      0.0
  SINCE JAN 1      0.6                       6.0   -5.4     18.0
  SINCE JUL 1     10.7                      11.7   -1.0     34.9
  SNOW DEPTH       0

DEGREE DAYS
 HEATING
  YESTERDAY        0                         5     -5        0
  MONTH TO DATE   39                       173   -134      157
  SINCE MAR 1    963                      1137   -174     1026
  SINCE JUL 1   4420                      4914   -494     5066

 COOLING
  YESTERDAY        8                         1      7       11
  MONTH TO DATE   54                        20     34       31
  SINCE MAR 1     55                        22     33       31
  SINCE JAN 1     55                        22     33       31
..................................................................


WIND (MPH)
  HIGHEST WIND SPEED    18   HIGHEST WIND DIRECTION     S (190)
  HIGHEST GUST SPEED    25   HIGHEST GUST DIRECTION     S (180)
  AVERAGE WIND SPEED     6.7


SKY COVER
  POSSIBLE SUNSHINE  MM
  AVERAGE SKY COVER 0.0


WEATHER CONDITIONS
 THE FOLLOWING WEATHER WAS RECORDED YESTERDAY.
  THUNDERSTORM
  LIGHT RAIN


RELATIVE HUMIDITY (PERCENT)
 HIGHEST    78           500 AM
 LOWEST     32           500 PM
 AVERAGE    55

..........................................................


THE WALLA WALLA WA CLIMATE NORMALS FOR TODAY
                         NORMAL    RECORD    YEAR
 MAXIMUM TEMPERATURE (F)   73        93      1992
 MINIMUM TEMPERATURE (F)   50        40      1953


SUNRISE AND SUNSET
MAY 24 2018...........SUNRISE   511 AM PDT   SUNSET   829 PM PDT
MAY 25 2018...........SUNRISE   510 AM PDT   SUNSET   830 PM PDT


-  INDICATES NEGATIVE NUMBERS.
R  INDICATES RECORD WAS SET OR TIED.
MM INDICATES DATA IS MISSING.
T  INDICATES TRACE AMOUNT.




$$
