000
CDUS46 KPDT 200054
CLIALW

CLIMATE REPORT
NATIONAL WEATHER SERVICE PENDLETON OR
452 PM PST MON FEB 19 2018


...................................

...THE WALLA WALLA WA CLIMATE SUMMARY FOR FEBRUARY 19 2018...
VALID TODAY AS OF 0400 PM LOCAL TIME.

CLIMATE NORMAL PERIOD 1981 TO 2010
CLIMATE RECORD PERIOD 1949 TO 2018


WEATHER ITEM   OBSERVED TIME   RECORD YEAR NORMAL DEPARTURE LAST
                VALUE   (LST)  VALUE       VALUE  FROM      YEAR
                                                  NORMAL
..................................................................
TEMPERATURE (F)
 TODAY
  MAXIMUM         27    359 PM  66    1981  47    -20       52
  MINIMUM         19    759 AM  14    2006  32    -13       36
  AVERAGE         23                        40    -17       44

PRECIPITATION (IN)
  TODAY            0.00          0.56 1968   0.06  -0.06     0.09
  MONTH TO DATE    1.45                      1.16   0.29     1.75
  SINCE OCT 1     11.02                     10.71   0.31    11.16
  SINCE JAN 1      3.78                      3.69   0.09     3.26

SNOWFALL (IN)
  TODAY            0.0           1.7  1989   0.1   -0.1      0.0
  MONTH TO DATE    T                         2.1   -2.1      3.4
  SINCE JAN 1      T                         4.0   -4.0     16.9
  SINCE JUL 1     10.1                       9.7    0.4     33.8
  SNOW DEPTH       0

DEGREE DAYS
 HEATING
  TODAY           42                        25     17       21
  MONTH TO DATE  411                       507    -96      560
  SINCE DEC 1   2139                      2399   -260     2926
  SINCE JUL 1   3179                      3559   -380     3806

 COOLING
  TODAY            0                         0      0        0
  MONTH TO DATE    0                         0      0        0
  SINCE DEC 1      0                         0      0        0
  SINCE JAN 1      0                         0      0        0
..................................................................


WIND (MPH)
  HIGHEST WIND SPEED    15   HIGHEST WIND DIRECTION     N (360)
  HIGHEST GUST SPEED    20   HIGHEST GUST DIRECTION     N (360)
  AVERAGE WIND SPEED     6.7


SKY COVER
  POSSIBLE SUNSHINE  MM
  AVERAGE SKY COVER 0.6


WEATHER CONDITIONS
 THE FOLLOWING WEATHER WAS RECORDED TODAY.
  NO SIGNIFICANT WEATHER WAS OBSERVED.


RELATIVE HUMIDITY (PERCENT)
 HIGHEST    71           400 AM
 LOWEST     37           200 PM
 AVERAGE    54

..........................................................


THE WALLA WALLA WA CLIMATE NORMALS FOR TOMORROW
                         NORMAL    RECORD    YEAR
 MAXIMUM TEMPERATURE (F)   47        75      1995
 MINIMUM TEMPERATURE (F)   33        14      1957


SUNRISE AND SUNSET
FEBRUARY 19 2018......SUNRISE   649 AM PST   SUNSET   525 PM PST
FEBRUARY 20 2018......SUNRISE   648 AM PST   SUNSET   527 PM PST


-  INDICATES NEGATIVE NUMBERS.
R  INDICATES RECORD WAS SET OR TIED.
MM INDICATES DATA IS MISSING.
T  INDICATES TRACE AMOUNT.




$$
