000
CDUS46 KPDT 190841
CLIALW

CLIMATE REPORT
NATIONAL WEATHER SERVICE PENDLETON OR
1237 AM PST MON NOV 19 2018


...................................

...THE WALLA WALLA WA CLIMATE SUMMARY FOR NOVEMBER 18 2018...

CLIMATE NORMAL PERIOD 1981 TO 2010
CLIMATE RECORD PERIOD 1949 TO 2018


WEATHER ITEM   OBSERVED TIME   RECORD YEAR NORMAL DEPARTURE LAST
                VALUE   (LST)  VALUE       VALUE  FROM      YEAR
                                                  NORMAL
..................................................................
TEMPERATURE (F)
 YESTERDAY
  MAXIMUM         32    415 PM  65    2003  47    -15       53
  MINIMUM         21    604 AM  16    1955  35    -14       36
  AVERAGE         27                        41    -14       45

PRECIPITATION (IN)
  YESTERDAY        0.00          0.44 1956   0.10  -0.10     0.00
  MONTH TO DATE    0.36                      1.74  -1.38     1.56
  SINCE OCT 1      2.29                      3.42  -1.13     3.13
  SINCE JAN 1     11.88                     17.25  -5.37    16.65

SNOWFALL (IN)
  YESTERDAY        0.0           4.0  1956   0.0    0.0      0.0
  MONTH TO DATE    0.0                       0.4   -0.4       T
  SINCE JAN 1      0.6                       6.5   -5.9     18.0
  SINCE JUL 1      0.0                       0.5   -0.5       T
  SNOW DEPTH       0

DEGREE DAYS
 HEATING
  YESTERDAY       38                        24     14       20
  MONTH TO DATE  397                       377     20      377
  SINCE SEP 1    813                       829    -16      813
  SINCE JUL 1    816                       842    -26      813

 COOLING
  YESTERDAY        0                         0      0        0
  MONTH TO DATE    0                         0      0        0
  SINCE SEP 1     52                        98    -46      152
  SINCE JAN 1   1033                       850    183     1277
..................................................................


WIND (MPH)
  HIGHEST WIND SPEED     6   HIGHEST WIND DIRECTION    NE (30)
  HIGHEST GUST SPEED     8   HIGHEST GUST DIRECTION     S (190)
  AVERAGE WIND SPEED     0.8


SKY COVER
  POSSIBLE SUNSHINE  MM
  AVERAGE SKY COVER 0.7


WEATHER CONDITIONS
 THE FOLLOWING WEATHER WAS RECORDED YESTERDAY.
  FOG
  FOG W/VISIBILITY <= 1/4 MILE


RELATIVE HUMIDITY (PERCENT)
 HIGHEST    92           300 AM
 LOWEST     78           100 AM
 AVERAGE    85

..........................................................


THE WALLA WALLA WA CLIMATE NORMALS FOR TODAY
                         NORMAL    RECORD    YEAR
 MAXIMUM TEMPERATURE (F)   47        68      1989
 MINIMUM TEMPERATURE (F)   34        16      2014


SUNRISE AND SUNSET
NOVEMBER 19 2018......SUNRISE   700 AM PST   SUNSET   417 PM PST
NOVEMBER 20 2018......SUNRISE   701 AM PST   SUNSET   416 PM PST


-  INDICATES NEGATIVE NUMBERS.
R  INDICATES RECORD WAS SET OR TIED.
MM INDICATES DATA IS MISSING.
T  INDICATES TRACE AMOUNT.




$$
