000
CDUS46 KPDT 210829
CLIALW

CLIMATE REPORT
NATIONAL WEATHER SERVICE PENDLETON OR
126 AM PDT TUE AUG 21 2018


...................................

...THE WALLA WALLA WA CLIMATE SUMMARY FOR AUGUST 20 2018...

CLIMATE NORMAL PERIOD 1981 TO 2010
CLIMATE RECORD PERIOD 1949 TO 2018


WEATHER ITEM   OBSERVED TIME   RECORD YEAR NORMAL DEPARTURE LAST
                VALUE   (LST)  VALUE       VALUE  FROM      YEAR
                                                  NORMAL
..................................................................
TEMPERATURE (F)
 YESTERDAY
  MAXIMUM         81    501 PM 107    2009  87     -6       84
  MINIMUM         61   1155 PM  49    1952  60      1       57
  AVERAGE         71                        74     -3       71

PRECIPITATION (IN)
  YESTERDAY        0.00          0.34 1954   0.02  -0.02     0.00
  MONTH TO DATE    0.02                      0.35  -0.33     0.01
  SINCE OCT 1     16.76                     19.88  -3.12    20.50
  SINCE JAN 1      9.52                     12.86  -3.34    12.60

SNOWFALL (IN)
  YESTERDAY        0.0           0.0  2002   0.0    0.0      0.0
                                      2001
                                      1994
  MONTH TO DATE    0.0                       0.0    0.0      0.0
  SINCE JAN 1      0.6                       6.0   -5.4     18.0
  SINCE JUL 1      0.0                       0.0    0.0      0.0
  SNOW DEPTH       0

DEGREE DAYS
 HEATING
  YESTERDAY        0                         0      0        0
  MONTH TO DATE    0                         0      0        0
  SINCE JUN 1     29                        68    -39       23
  SINCE JUL 1      0                         6     -6        0

 COOLING
  YESTERDAY        6                         9     -3        6
  MONTH TO DATE  287                       214     73      299
  SINCE JUN 1    845                       638    207      925
  SINCE JAN 1    927                       673    254      997
..................................................................


WIND (MPH)
  HIGHEST WIND SPEED    20   HIGHEST WIND DIRECTION     S (170)
  HIGHEST GUST SPEED    25   HIGHEST GUST DIRECTION     S (180)
  AVERAGE WIND SPEED     5.8


SKY COVER
  POSSIBLE SUNSHINE  MM
  AVERAGE SKY COVER 1.0


WEATHER CONDITIONS
 THE FOLLOWING WEATHER WAS RECORDED YESTERDAY.
  HAZE


RELATIVE HUMIDITY (PERCENT)
 HIGHEST    37           500 AM
 LOWEST     25           100 PM
 AVERAGE    31

..........................................................


THE WALLA WALLA WA CLIMATE NORMALS FOR TODAY
                         NORMAL    RECORD    YEAR
 MAXIMUM TEMPERATURE (F)   87       100      1977
 MINIMUM TEMPERATURE (F)   60        50      1988


SUNRISE AND SUNSET
AUGUST 21 2018........SUNRISE   600 AM PDT   SUNSET   751 PM PDT
AUGUST 22 2018........SUNRISE   601 AM PDT   SUNSET   750 PM PDT


-  INDICATES NEGATIVE NUMBERS.
R  INDICATES RECORD WAS SET OR TIED.
MM INDICATES DATA IS MISSING.
T  INDICATES TRACE AMOUNT.




$$
