000
CDUS46 KPDT 110843
CLIALW

CLIMATE REPORT
NATIONAL WEATHER SERVICE PENDLETON OR
1243 AM PST MON DEC 11 2017


...................................

...THE WALLA WALLA WA CLIMATE SUMMARY FOR DECEMBER 10 2017...

CLIMATE NORMAL PERIOD 1981 TO 2010
CLIMATE RECORD PERIOD 1949 TO 2017


WEATHER ITEM   OBSERVED TIME   RECORD YEAR NORMAL DEPARTURE LAST
                VALUE   (LST)  VALUE       VALUE  FROM      YEAR
                                                  NORMAL
..................................................................
TEMPERATURE (F)
 YESTERDAY
  MAXIMUM         31    210 PM  71    2014  39     -8       31
  MINIMUM         28   1145 PM  -9    1972  29     -1       20
  AVERAGE         30                        34     -4       26

PRECIPITATION (IN)
  YESTERDAY        0.00          0.73 1958   0.07  -0.07     0.09
  MONTH TO DATE    0.18                      0.87  -0.69     0.59
  SINCE OCT 1      4.63                      5.42  -0.79     6.43
  SINCE JAN 1     18.15                     19.25  -1.10    18.49

SNOWFALL (IN)
  YESTERDAY        0.0           2.2  2003   0.2   -0.2      0.5
  MONTH TO DATE    T                         1.3   -1.3      7.7
  SINCE JAN 1     18.0                       8.6    9.4      7.7
  SINCE JUL 1      T                         2.6   -2.6      7.7
  SNOW DEPTH       0

DEGREE DAYS
 HEATING
  YESTERDAY       35                        31      4       39
  MONTH TO DATE  309                       301      8      339
  SINCE DEC 1    309                       301      8      339
  SINCE JUL 1   1349                      1461   -112     1219

 COOLING
  YESTERDAY        0                         0      0        0
  MONTH TO DATE    0                         0      0        0
  SINCE DEC 1      0                         0      0        0
  SINCE JAN 1   1277                       850    427      809
..................................................................


WIND (MPH)
  HIGHEST WIND SPEED     8   HIGHEST WIND DIRECTION    NE (30)
  HIGHEST GUST SPEED    12   HIGHEST GUST DIRECTION     N (20)
  AVERAGE WIND SPEED     3.9


SKY COVER
  POSSIBLE SUNSHINE  MM
  AVERAGE SKY COVER 1.0


WEATHER CONDITIONS
 THE FOLLOWING WEATHER WAS RECORDED YESTERDAY.
  FOG
  HAZE


RELATIVE HUMIDITY (PERCENT)
 HIGHEST    85          1200 AM
 LOWEST     72          1100 PM
 AVERAGE    79

..........................................................


THE WALLA WALLA WA CLIMATE NORMALS FOR TODAY
                         NORMAL    RECORD    YEAR
 MAXIMUM TEMPERATURE (F)   39        68      2014
 MINIMUM TEMPERATURE (F)   29        -4      1972


SUNRISE AND SUNSET
DECEMBER 11 2017......SUNRISE   726 AM PST   SUNSET   407 PM PST
DECEMBER 12 2017......SUNRISE   726 AM PST   SUNSET   408 PM PST


-  INDICATES NEGATIVE NUMBERS.
R  INDICATES RECORD WAS SET OR TIED.
MM INDICATES DATA IS MISSING.
T  INDICATES TRACE AMOUNT.


$$
