000
CDUS44 KAMA 182131
CLIAMA


CLIMATE REPORT
NATIONAL WEATHER SERVICE AMARILLO TX
429 PM CDT WED JUL 18 2018


...................................

...THE AMARILLO CLIMATE SUMMARY FOR JULY 18 2018...
VALID TODAY AS OF 0400 PM LOCAL TIME.

CLIMATE NORMAL PERIOD 1981 TO 2010
CLIMATE RECORD PERIOD 1892 TO 2018


WEATHER ITEM   OBSERVED TIME   RECORD YEAR NORMAL DEPARTURE LAST
                VALUE   (LST)  VALUE       VALUE  FROM      YEAR
                                                  NORMAL
..................................................................
TEMPERATURE (F)
 TODAY
  MAXIMUM        100    259 PM 105    1978  92      8       96
                                      1925
  MINIMUM         67    550 AM  56    1984  65      2       69
  AVERAGE         84                        78      6       83

PRECIPITATION (IN)
  TODAY            0.00          2.36 1903   0.10  -0.10     0.00
  MONTH TO DATE    1.39                      1.57  -0.18     1.07
  SINCE JUN 1      3.62                      4.73  -1.11     2.57
  SINCE JAN 1      4.65                     11.09  -6.44    10.72

SNOWFALL (IN)
  TODAY            0.0           0.0    MM   0.0    0.0      0.0
  MONTH TO DATE    0.0                       0.0    0.0      0.0
  SINCE JUN 1      0.0                       0.0    0.0      0.0
  SINCE JUL 1      0.0                       0.0    0.0      0.0
  SNOW DEPTH       0

DEGREE DAYS
 HEATING
  TODAY            0                         0      0        0
  MONTH TO DATE    0                         0      0        0
  SINCE JUN 1      0                         7     -7        1
  SINCE JUL 1      0                         0      0        0

 COOLING
  TODAY           19                        14      5       18
  MONTH TO DATE  274                       241     33      268
  SINCE JUN 1    706                       529    177      635
  SINCE JAN 1   1029                       654    375      765
..................................................................


WIND (MPH)
  RESULTANT WIND SPEED   6   RESULTANT WIND DIRECTION   S (200)
  HIGHEST WIND SPEED    17   HIGHEST WIND DIRECTION    SW (240)
  HIGHEST GUST SPEED    22   HIGHEST GUST DIRECTION    SW (230)
  AVERAGE WIND SPEED    10.3


SKY COVER
  AVERAGE SKY COVER 0.1


WEATHER CONDITIONS
 THE FOLLOWING WEATHER WAS RECORDED TODAY.
  NO SIGNIFICANT WEATHER WAS OBSERVED.


RELATIVE HUMIDITY (PERCENT)
 HIGHEST    87           600 AM
 LOWEST     18           200 PM
 AVERAGE    53

..........................................................


THE AMARILLO CLIMATE NORMALS FOR TOMORROW
                         NORMAL    RECORD    YEAR
 MAXIMUM TEMPERATURE (F)   92       102      1936
 MINIMUM TEMPERATURE (F)   65        59      1960
                                             1947


SUNRISE AND SUNSET
JULY 18 2018..........SUNRISE   646 AM CDT   SUNSET   900 PM CDT
JULY 19 2018..........SUNRISE   646 AM CDT   SUNSET   900 PM CDT


-  INDICATES NEGATIVE NUMBERS.
R  INDICATES RECORD WAS SET OR TIED.
MM INDICATES DATA IS MISSING.
T  INDICATES TRACE AMOUNT.




$$
