000
CDUS44 KAMA 182127
CLIAMA


CLIMATE REPORT
NATIONAL WEATHER SERVICE AMARILLO TX
426 PM CDT THU OCT 18 2018


...................................

...THE AMARILLO CLIMATE SUMMARY FOR OCTOBER 18 2018...
VALID TODAY AS OF 0400 PM LOCAL TIME.

CLIMATE NORMAL PERIOD 1981 TO 2010
CLIMATE RECORD PERIOD 1892 TO 2018


WEATHER ITEM   OBSERVED TIME   RECORD YEAR NORMAL DEPARTURE LAST
                VALUE   (LST)  VALUE       VALUE  FROM      YEAR
                                                  NORMAL
..................................................................
TEMPERATURE (F)
 TODAY
  MAXIMUM         50    443 AM  89    1943  71    -21       80
  MINIMUM         46    949 AM  28    2013  44      2       44
                                      1948
  AVERAGE         48                        58    -10       62

PRECIPITATION (IN)
  TODAY            0.23          1.40 1983   0.05   0.18     0.00
  MONTH TO DATE    3.09                      1.06   2.03     2.20
  SINCE SEP 1      3.85                      2.98   0.87     5.60
  SINCE JAN 1     11.81                     18.25  -6.44    26.48

SNOWFALL (IN)
  TODAY            0.0           T    1976   0.0    0.0      0.0
  MONTH TO DATE    0.0                       0.0    0.0      0.0
  SINCE SEP 1      0.0                       T      0.0      0.0
  SINCE JUL 1      0.0                       T      0.0       T
  SNOW DEPTH       0

DEGREE DAYS
 HEATING
  TODAY           17                         8      9        3
  MONTH TO DATE  176                       104     72       77
  SINCE SEP 1    192                       147     45      121
  SINCE JUL 1    192                       148     44      121

 COOLING
  TODAY            0                         1     -1        0
  MONTH TO DATE   41                        24     17       38
  SINCE SEP 1    251                       202     49      229
  SINCE JAN 1   1929                      1394    535     1476
..................................................................


WIND (MPH)
  RESULTANT WIND SPEED   9   RESULTANT WIND DIRECTION  SE (140)
  HIGHEST WIND SPEED    21   HIGHEST WIND DIRECTION    SE (140)
  HIGHEST GUST SPEED    26   HIGHEST GUST DIRECTION    SE (140)
  AVERAGE WIND SPEED    10.0


SKY COVER
  AVERAGE SKY COVER 1.0


WEATHER CONDITIONS
 THE FOLLOWING WEATHER WAS RECORDED TODAY.
  RAIN
  LIGHT RAIN
  FOG


RELATIVE HUMIDITY (PERCENT)
 HIGHEST    93           900 AM
 LOWEST     71          1200 AM
 AVERAGE    82

..........................................................


THE AMARILLO CLIMATE NORMALS FOR TOMORROW
                         NORMAL    RECORD    YEAR
 MAXIMUM TEMPERATURE (F)   71        90      2009
                                             2003
 MINIMUM TEMPERATURE (F)   44        25      1989
                                             1976


SUNRISE AND SUNSET
OCTOBER 18 2018.......SUNRISE   756 AM CDT   SUNSET   708 PM CDT
OCTOBER 19 2018.......SUNRISE   756 AM CDT   SUNSET   707 PM CDT


-  INDICATES NEGATIVE NUMBERS.
R  INDICATES RECORD WAS SET OR TIED.
MM INDICATES DATA IS MISSING.
T  INDICATES TRACE AMOUNT.




$$
