000
CDUS44 KAMA 142228
CLIAMA


CLIMATE REPORT
NATIONAL WEATHER SERVICE AMARILLO TX
428 PM CST THU DEC 14 2017


...................................

...THE AMARILLO CLIMATE SUMMARY FOR DECEMBER 14 2017...
VALID TODAY AS OF 0400 PM LOCAL TIME.

CLIMATE NORMAL PERIOD 1981 TO 2010
CLIMATE RECORD PERIOD 1892 TO 2017


WEATHER ITEM   OBSERVED TIME   RECORD YEAR NORMAL DEPARTURE LAST
                VALUE   (LST)  VALUE       VALUE  FROM      YEAR
                                                  NORMAL
..................................................................
TEMPERATURE (F)
 TODAY
  MAXIMUM         46    222 PM  69    1977  49     -3       42
                                      1962
                                      1929
  MINIMUM         24    728 AM  -1    1901  24      0       21
  AVERAGE         35                        36     -1       32

PRECIPITATION (IN)
  TODAY            0.00          0.42 1987   0.02  -0.02     0.00
  MONTH TO DATE    0.00                      0.31  -0.31     0.15
  SINCE DEC 1      0.00                      0.31  -0.31     0.15
  SINCE JAN 1     26.48                     19.96   6.52    17.08

SNOWFALL (IN)
  TODAY            0.0           4.4  1987   0.1   -0.1      0.0
  MONTH TO DATE    0.0                       1.8   -1.8       T
  SINCE DEC 1      0.0                       1.8   -1.8       T
  SINCE JUL 1      T                         4.5   -4.5       T
  SNOW DEPTH       0

DEGREE DAYS
 HEATING
  TODAY           30                        29      1       33
  MONTH TO DATE  297                       380    -83      395
  SINCE DEC 1    297                       380    -83      395
  SINCE JUL 1    929                      1224   -295      860

 COOLING
  TODAY            0                         0      0        0
  MONTH TO DATE    0                         0      0        0
  SINCE DEC 1      0                         0      0        0
  SINCE JAN 1   1487                      1399     88     1694
..................................................................


WIND (MPH)
  RESULTANT WIND SPEED  11   RESULTANT WIND DIRECTION   N (360)
  HIGHEST WIND SPEED    23   HIGHEST WIND DIRECTION     N (20)
  HIGHEST GUST SPEED    28   HIGHEST GUST DIRECTION     N (340)
  AVERAGE WIND SPEED    11.6


SKY COVER
  AVERAGE SKY COVER 0.1


WEATHER CONDITIONS
 THE FOLLOWING WEATHER WAS RECORDED TODAY.
  NO SIGNIFICANT WEATHER WAS OBSERVED.


RELATIVE HUMIDITY (PERCENT)
 HIGHEST    68           700 AM
 LOWEST     39          1100 AM
 AVERAGE    54

..........................................................


THE AMARILLO CLIMATE NORMALS FOR TOMORROW
                         NORMAL    RECORD    YEAR
 MAXIMUM TEMPERATURE (F)   49        76      2010
 MINIMUM TEMPERATURE (F)   24        -5      1987


SUNRISE AND SUNSET
DECEMBER 14 2017......SUNRISE   747 AM CST   SUNSET   536 PM CST
DECEMBER 15 2017......SUNRISE   748 AM CST   SUNSET   536 PM CST


-  INDICATES NEGATIVE NUMBERS.
R  INDICATES RECORD WAS SET OR TIED.
MM INDICATES DATA IS MISSING.
T  INDICATES TRACE AMOUNT.




$$
