000
CDUS42 KJAX 220528
CLIAMG


CLIMATE REPORT
NATIONAL WEATHER SERVICE JACKSONVILLE FL
126 AM EDT MON OCT 22 2018


...................................

...THE ALMA CLIMATE SUMMARY FOR OCTOBER 21 2018...

CLIMATE NORMAL PERIOD 1981 TO 2010
CLIMATE RECORD PERIOD 1948 TO 2018


WEATHER ITEM   OBSERVED TIME   RECORD YEAR NORMAL DEPARTURE LAST
                VALUE   (LST)  VALUE       VALUE  FROM      YEAR
                                                  NORMAL
..................................................................
TEMPERATURE (F)
 YESTERDAY
  MAXIMUM         70    350 PM  90    1963  78     -8       83
  MINIMUM         46   1057 PM  30    1954  56    -10       61
  AVERAGE         58                        67     -9       72

PRECIPITATION (IN)
  YESTERDAY        0.00          1.37 1959   0.10  -0.10     0.00
  MONTH TO DATE    1.16                      2.16  -1.00     1.43
  SINCE SEP 1      3.31                      5.80  -2.49     9.45
  SINCE JAN 1     28.92                     40.01 -11.09    37.85

SNOWFALL (IN)
  YESTERDAY        0.0           0.0    MM   0.0    0.0      0.0
  MONTH TO DATE    0.0                       0.0    0.0      0.0
  SINCE SEP 1      0.0                       0.0    0.0      0.0
  SINCE JUL 1      0.0                       0.0    0.0      0.0
  SNOW DEPTH       0

DEGREE DAYS
 HEATING
  YESTERDAY        7                         2      5        0
  MONTH TO DATE    7                        20    -13        1
  SINCE SEP 1      7                        22    -15        1
  SINCE JUL 1      7                        22    -15        1

 COOLING
  YESTERDAY        0                         4     -4        7
  MONTH TO DATE  252                       125    127      234
  SINCE SEP 1    771                       488    283      628
  SINCE JAN 1   2949                      2395    554     2799
..................................................................


WIND (MPH)
  HIGHEST WIND SPEED    17   HIGHEST WIND DIRECTION    NW (320)
  HIGHEST GUST SPEED    24   HIGHEST GUST DIRECTION     N (350)
  AVERAGE WIND SPEED     5.4


SKY COVER
  POSSIBLE SUNSHINE  MM
  AVERAGE SKY COVER 0.0


WEATHER CONDITIONS
 THE FOLLOWING WEATHER WAS RECORDED YESTERDAY.
  NO SIGNIFICANT WEATHER WAS OBSERVED.


RELATIVE HUMIDITY (PERCENT)
 HIGHEST    81          1200 AM
 LOWEST     28           200 PM
 AVERAGE    55

..........................................................


THE ALMA CLIMATE NORMALS FOR TODAY
                         NORMAL    RECORD    YEAR
 MAXIMUM TEMPERATURE (F)   78        88      1984
 MINIMUM TEMPERATURE (F)   55        35      1954


SUNRISE AND SUNSET
OCTOBER 22 2018.......SUNRISE   738 AM EDT   SUNSET   650 PM EDT
OCTOBER 23 2018.......SUNRISE   739 AM EDT   SUNSET   649 PM EDT


-  INDICATES NEGATIVE NUMBERS.
R  INDICATES RECORD WAS SET OR TIED.
MM INDICATES DATA IS MISSING.
T  INDICATES TRACE AMOUNT.




$$
