000
CDUS42 KJAX 170630
CLIAMG


CLIMATE REPORT
NATIONAL WEATHER SERVICE JACKSONVILLE FL
130 AM EST WED JAN 17 2018


...................................

...THE ALMA CLIMATE SUMMARY FOR JANUARY 16 2018...

CLIMATE NORMAL PERIOD 1981 TO 2010
CLIMATE RECORD PERIOD 1948 TO 2018


WEATHER ITEM   OBSERVED TIME   RECORD YEAR NORMAL DEPARTURE LAST
                VALUE   (LST)  VALUE       VALUE  FROM      YEAR
                                                  NORMAL
..................................................................
TEMPERATURE (F)
 YESTERDAY
  MAXIMUM         63    350 PM  82    2013  61      2       78
                                      1950
  MINIMUM         27    716 AM  23    2009  40    -13       49
                                      1972
  AVERAGE         45                        50     -5       64

PRECIPITATION (IN)
  YESTERDAY        0.00          1.36 2010   0.15  -0.15     0.00
  MONTH TO DATE    0.90                      2.11  -1.21     1.91
  SINCE DEC 1      2.76                      5.40  -2.64     6.63
  SINCE JAN 1      0.90                      2.11  -1.21     1.91

SNOWFALL (IN)
  YESTERDAY        0.0           0.0    MM   0.0    0.0      0.0
  MONTH TO DATE    3.0                       0.0    3.0      0.0
  SINCE DEC 1      3.0                       0.1    2.9      0.0
  SINCE JUL 1      3.0                       0.1    2.9      0.0
  SNOW DEPTH       0

DEGREE DAYS
 HEATING
  YESTERDAY       20                        15      5        1
  MONTH TO DATE  324                       240     84      146
  SINCE DEC 1    695                       636     59      414
  SINCE JUL 1    906                       880     26      602

 COOLING
  YESTERDAY        0                         0      0        0
  MONTH TO DATE    5                         0      5       12
  SINCE DEC 1     18                        11      7       25
  SINCE JAN 1      5                         0      5       12
..................................................................


WIND (MPH)
  HIGHEST WIND SPEED     9   HIGHEST WIND DIRECTION     S (190)
  HIGHEST GUST SPEED    13   HIGHEST GUST DIRECTION     S (200)
  AVERAGE WIND SPEED     2.3


SKY COVER
  POSSIBLE SUNSHINE  MM
  AVERAGE SKY COVER 0.0


WEATHER CONDITIONS
 THE FOLLOWING WEATHER WAS RECORDED YESTERDAY.
  FOG
  HAZE


RELATIVE HUMIDITY (PERCENT)
 HIGHEST    92           100 AM
 LOWEST     30           300 PM
 AVERAGE    61

..........................................................


THE ALMA CLIMATE NORMALS FOR TODAY
                         NORMAL    RECORD    YEAR
 MAXIMUM TEMPERATURE (F)   62        79      1949
 MINIMUM TEMPERATURE (F)   40        16      1959


SUNRISE AND SUNSET
JANUARY 17 2018.......SUNRISE   729 AM EST   SUNSET   551 PM EST
JANUARY 18 2018.......SUNRISE   729 AM EST   SUNSET   552 PM EST


-  INDICATES NEGATIVE NUMBERS.
R  INDICATES RECORD WAS SET OR TIED.
MM INDICATES DATA IS MISSING.
T  INDICATES TRACE AMOUNT.




$$
