000
CDAK48 PAFC 160058
CLIANC

CLIMATE REPORT
NATIONAL WEATHER SERVICE ANCHORAGE, AK
455 PM AKDT MON OCT 15 2018


...................................

...THE ANCHORAGE AK CLIMATE SUMMARY FOR OCTOBER 15 2018...
VALID TODAY AS OF 0400 PM LOCAL TIME.

CLIMATE NORMAL PERIOD 1981 TO 2010
CLIMATE RECORD PERIOD 1952 TO 2018


WEATHER ITEM   OBSERVED TIME   RECORD YEAR NORMAL DEPARTURE LAST
                VALUE   (LST)  VALUE       VALUE  FROM      YEAR
                                                  NORMAL
..................................................................
TEMPERATURE (F)
 TODAY
  MAXIMUM         43    259 PM  57    1969  41      2       42
  MINIMUM         39    420 AM  10    1965  30      9       28
                                      1959
  AVERAGE         41                        35      6       35

PRECIPITATION (IN)
  TODAY            0.03          0.62 1989   0.06  -0.03     0.00
  MONTH TO DATE    1.47                      1.21   0.26     1.85
  SINCE SEP 1      2.34                      4.20  -1.86     4.31
  SINCE JAN 1     13.25                     13.49  -0.24    16.25

SNOWFALL (IN)
  TODAY           MM             4.5  1968   0.2   MM        0.0
  MONTH TO DATE    0.0                       2.7   -2.7      0.0
  SINCE SEP 1      0.0                       3.1   -3.1      0.0
  SINCE JUL 1      0.0                       3.1   -3.1      0.0
  SNOW DEPTH       0

DEGREE DAYS
 HEATING
  TODAY           24                        30     -6       30
  MONTH TO DATE  254                       388   -134      306
  SINCE SEP 1    547                       882   -335      703
  SINCE JUL 1    865                      1332   -467     1071

 COOLING
  TODAY            0                         0      0        0
  MONTH TO DATE    0                         0      0        0
  SINCE SEP 1      0                         0      0        0
  SINCE JAN 1     12                         2     10        3
..................................................................


WIND (MPH)
  RESULTANT WIND SPEED   8   RESULTANT WIND DIRECTION   N (350)
  HIGHEST WIND SPEED    15   HIGHEST WIND DIRECTION     N (350)
  HIGHEST GUST SPEED    22   HIGHEST GUST DIRECTION     N (340)
  AVERAGE WIND SPEED     8.1


SKY COVER
  POSSIBLE SUNSHINE  MM
  AVERAGE SKY COVER 0.6


WEATHER CONDITIONS
 THE FOLLOWING WEATHER WAS RECORDED TODAY.
  LIGHT RAIN


RELATIVE HUMIDITY (PERCENT)
 HIGHEST    86          1200 AM
 LOWEST     65           800 AM
 AVERAGE    76

..........................................................


THE ANCHORAGE AK CLIMATE NORMALS FOR TOMORROW
                         NORMAL    RECORD    YEAR
 MAXIMUM TEMPERATURE (F)   41        57      2013
 MINIMUM TEMPERATURE (F)   29        10      1996


SUNRISE AND SUNSET
OCTOBER 15 2018.......SUNRISE   843 AM AKDT  SUNSET   647 PM AKDT
OCTOBER 16 2018.......SUNRISE   846 AM AKDT  SUNSET   644 PM AKDT

CIVIL TWILIGHT
OCTOBER 15 2018         START   759 AM AKDT     END   732 PM AKDT
OCTOBER 16 2018         START   802 AM AKDT     END   729 PM AKDT



-  INDICATES NEGATIVE NUMBERS.
R  INDICATES RECORD WAS SET OR TIED.
MM INDICATES DATA IS MISSING.
T  INDICATES TRACE AMOUNT.




$$
&&
------------------------------------------------------
AMOUNT OF DAYLIGHT TODAY  (HOUR:MIN)........10:04
GAIN/LOSS SINCE YESTERDAY (HOUR:MIN:SEC)....-0:05:38
