255
CDAK48 PAFC 191340
CLIANC

CLIMATE REPORT
NATIONAL WEATHER SERVICE ANCHORAGE, AK
539 AM AKDT THU JUL 19 2018


...................................

...THE ANCHORAGE AK CLIMATE SUMMARY FOR JULY 18 2018...

CLIMATE NORMAL PERIOD 1981 TO 2010
CLIMATE RECORD PERIOD 1952 TO 2018


WEATHER ITEM   OBSERVED TIME   RECORD YEAR NORMAL DEPARTURE LAST
                VALUE   (LST)  VALUE       VALUE  FROM      YEAR
                                                  NORMAL
..................................................................
TEMPERATURE (F)
 YESTERDAY
  MAXIMUM         70    707 PM  79    2016  66      4       62
                                      1989
  MINIMUM         48    502 AM  46    1983  53     -5       57
                                      1972
                                      1971
  AVERAGE         59                        59      0       60

PRECIPITATION (IN)
  YESTERDAY        0.00          0.55 1965   0.07  -0.07
  MONTH TO DATE    0.63                      0.94  -0.31
  SINCE MAR 1      3.21                      3.70  -0.49
  SINCE JAN 1      6.35                      5.15   1.20

SNOWFALL (IN)
  YESTERDAY        0.0           0.0    MM   0.0    0.0      0.0
  MONTH TO DATE    0.0                       0.0    0.0      0.0
  SINCE MAR 1     10.8                      14.2   -3.4     10.3
  SINCE JUL 1      0.0                       0.0    0.0      0.0
  SNOW DEPTH       0

DEGREE DAYS
 HEATING
  YESTERDAY        6                                0
  MONTH TO DATE   78                              -39
  SINCE JUN 1    324                              -86
  SINCE JUL 1     78                              -39

 COOLING
  YESTERDAY        0                                0
  MONTH TO DATE   10                               10
  SINCE JUN 1     10                               10
  SINCE JAN 1     10                               10
..................................................................


WIND (MPH)
  HIGHEST WIND SPEED    12   HIGHEST WIND DIRECTION    NW (300)
  HIGHEST GUST SPEED    16   HIGHEST GUST DIRECTION    NW (330)
  AVERAGE WIND SPEED     4.4




RELATIVE HUMIDITY (PERCENT)
 HIGHEST    93
 LOWEST     44
 AVERAGE    69

..........................................................


THE ANCHORAGE AK CLIMATE NORMALS FOR TODAY
                         NORMAL    RECORD    YEAR
 MAXIMUM TEMPERATURE (F)   66        79      2016
 MINIMUM TEMPERATURE (F)   53        42      1955


SUNRISE AND SUNSET
JULY 19 2018..........SUNRISE   502 AM AKDT  SUNSET  1110 PM AKDT
JULY 20 2018..........SUNRISE   504 AM AKDT  SUNSET  1107 PM AKDT

CIVIL TWILIGHT
JULY 19 2018            START   338 AM AKDT     END  1232 AM AKDT
JULY 20 2018            START   342 AM AKDT     END  1228 AM AKDT



-  INDICATES NEGATIVE NUMBERS.
R  INDICATES RECORD WAS SET OR TIED.
MM INDICATES DATA IS MISSING.
T  INDICATES TRACE AMOUNT.




$$
&&
------------------------------------------------------
AMOUNT OF DAYLIGHT TODAY  (HOUR:MIN)........18:08
GAIN/LOSS SINCE YESTERDAY (HOUR:MIN:SEC)....-0:04:25
