000
CDUS43 KAPX 180527
CLIANJ


CLIMATE REPORT
NATIONAL WEATHER SERVICE GAYLORD MI
127 AM EDT SAT AUG 18 2018


...................................

...THE SAULT STE MARIE MI CLIMATE SUMMARY FOR AUGUST 17 2018...

CLIMATE NORMAL PERIOD 1981 TO 2010
CLIMATE RECORD PERIOD 1888 TO 2018


WEATHER ITEM   OBSERVED TIME   RECORD YEAR NORMAL DEPARTURE LAST
                VALUE   (LST)  VALUE       VALUE  FROM      YEAR
                                                  NORMAL
..................................................................
TEMPERATURE (F)
 YESTERDAY
  MAXIMUM         84    202 PM  89    1969  75      9       67
                                      1925
  MINIMUM         63   1159 PM  33    1981  55      8       62
  AVERAGE         74                        65      9       65

PRECIPITATION (IN)
  YESTERDAY        0.00          2.83 2017   0.10  -0.10     2.83
  MONTH TO DATE    0.85                      1.73  -0.88     5.18
  SINCE JUN 1      3.78                      7.29  -3.51    13.37
  SINCE JAN 1     13.97                     17.73  -3.76    26.81

DEGREE DAYS
 HEATING
  YESTERDAY        0                         2     -2        0
  MONTH TO DATE    7                        34    -27        8
  SINCE JUN 1    124                       283   -159      151
  SINCE JUL 1     19                       103    -84       39

 COOLING
  YESTERDAY        9                         2      7        0
  MONTH TO DATE   96                        45     51       25
  SINCE JUN 1    324                       153    171      110
  SINCE JAN 1    345                       158    187      111
..................................................................


WIND (MPH)
  HIGHEST WIND SPEED    16   HIGHEST WIND DIRECTION    NW (300)
  HIGHEST GUST SPEED    22   HIGHEST GUST DIRECTION     W (290)
  AVERAGE WIND SPEED     5.2




RELATIVE HUMIDITY (PERCENT)
 HIGHEST    93
 LOWEST     54
 AVERAGE    74

..........................................................


THE SAULT STE MARIE MI CLIMATE NORMALS FOR TODAY
                         NORMAL    RECORD    YEAR
 MAXIMUM TEMPERATURE (F)   75        93      1955
 MINIMUM TEMPERATURE (F)   55        35      1981


SUNRISE AND SUNSET
AUGUST 18 2018........SUNRISE   640 AM EDT   SUNSET   842 PM EDT
AUGUST 19 2018........SUNRISE   641 AM EDT   SUNSET   840 PM EDT


-  INDICATES NEGATIVE NUMBERS.
R  INDICATES RECORD WAS SET OR TIED.
MM INDICATES DATA IS MISSING.
T  INDICATES TRACE AMOUNT.




$$
