000
CDUS43 KAPX 130547
CLIANJ


CLIMATE REPORT
NATIONAL WEATHER SERVICE GAYLORD MI
1242 AM EST WED DEC 13 2017


...................................

...THE SAULT STE MARIE MI CLIMATE SUMMARY FOR DECEMBER 12 2017...

CLIMATE NORMAL PERIOD 1981 TO 2010
CLIMATE RECORD PERIOD 1888 TO 2017


WEATHER ITEM   OBSERVED TIME   RECORD YEAR NORMAL DEPARTURE LAST
                VALUE   (LST)  VALUE       VALUE  FROM      YEAR
                                                  NORMAL
..................................................................
TEMPERATURE (F)
 YESTERDAY
  MAXIMUM         25   1210 AM  47    1949  30     -5       32
  MINIMUM         -4   1144 PM -17    1982  17    -21       20
  AVERAGE         11                        24    -13       26

PRECIPITATION (IN)
  YESTERDAY        0.02          0.94 2006   0.09  -0.07     0.05
  MONTH TO DATE    2.24                      1.19   1.05     1.34
  SINCE DEC 1      2.24                      1.19   1.05     1.34
  SINCE JAN 1     41.55                     31.35  10.20    32.09

SNOWFALL (IN)
  YESTERDAY        0.5           8.4  2004   1.1   -0.6      1.5
  MONTH TO DATE   15.9                      12.2    3.7     14.4
  SINCE OCT 1     30.9                      28.9    2.0     21.3
  SINCE JUL 1     30.9                      28.9    2.0     21.3
  SNOW DEPTH       8

DEGREE DAYS
 HEATING
  YESTERDAY       54                        42     12       39
  MONTH TO DATE  454                       473    -19      435
  SINCE DEC 1    454                       473    -19      435
  SINCE JUL 1   2039                      2405   -366     1705
..................................................................


WIND (MPH)
  HIGHEST WIND SPEED    21   HIGHEST WIND DIRECTION    NW (330)
  HIGHEST GUST SPEED    32   HIGHEST GUST DIRECTION     N (10)
  AVERAGE WIND SPEED    10.6




RELATIVE HUMIDITY (PERCENT)
 HIGHEST    81
 LOWEST     55
 AVERAGE    68

..........................................................


THE SAULT STE MARIE MI CLIMATE NORMALS FOR TODAY
                         NORMAL    RECORD    YEAR
 MAXIMUM TEMPERATURE (F)   29        45      2015
                                             1920
                                             1891
 MINIMUM TEMPERATURE (F)   17       -19      1976


SUNRISE AND SUNSET
DECEMBER 13 2017......SUNRISE   813 AM EST   SUNSET   450 PM EST
DECEMBER 14 2017......SUNRISE   814 AM EST   SUNSET   451 PM EST


-  INDICATES NEGATIVE NUMBERS.
R  INDICATES RECORD WAS SET OR TIED.
MM INDICATES DATA IS MISSING.
T  INDICATES TRACE AMOUNT.




$$
