000
CDUS43 KAPX 262127
CLIANJ


CLIMATE REPORT
NATIONAL WEATHER SERVICE GAYLORD MI
527 PM EDT SAT MAY 26 2018


...................................

...THE SAULT STE MARIE MI CLIMATE SUMMARY FOR MAY 26 2018...
VALID TODAY AS OF 0500 PM LOCAL TIME.

CLIMATE NORMAL PERIOD 1981 TO 2010
CLIMATE RECORD PERIOD 1888 TO 2018


WEATHER ITEM   OBSERVED TIME   RECORD YEAR NORMAL DEPARTURE LAST
                VALUE   (LST)  VALUE       VALUE  FROM      YEAR
                                                  NORMAL
..................................................................
TEMPERATURE (F)
 TODAY
  MAXIMUM         79    359 PM  86    2010  66     13       73
  MINIMUM         61    618 AM  24    1969  43     18       48
  AVERAGE         70                        55     15       61

PRECIPITATION (IN)
  TODAY            0.40          1.73 1956   0.09   0.31     0.00
  MONTH TO DATE    2.16                      2.12   0.04     2.61
  SINCE MAR 1      5.82                      6.46  -0.64     7.23
  SINCE JAN 1      9.30                      9.99  -0.69    13.19

DEGREE DAYS
 HEATING
  TODAY            0                        11    -11        4
  MONTH TO DATE  278                       364    -86      367
  SINCE MAR 1   2394                      2307     87     2217
  SINCE JUL 1   8221                      8433   -212     7091

 COOLING
  TODAY            5                         0      5        0
  MONTH TO DATE   12                         0     12        1
  SINCE MAR 1     12                         0     12        1
  SINCE JAN 1     12                         0     12        1
..................................................................


WIND (MPH)
  RESULTANT WIND SPEED   4   RESULTANT WIND DIRECTION  SE (130)
  HIGHEST WIND SPEED    13   HIGHEST WIND DIRECTION    SE (150)
  HIGHEST GUST SPEED    16   HIGHEST GUST DIRECTION     S (160)
  AVERAGE WIND SPEED     5.1


SKY COVER
  POSSIBLE SUNSHINE  MM
  AVERAGE SKY COVER 0.5


WEATHER CONDITIONS
 THE FOLLOWING WEATHER WAS RECORDED TODAY.
  THUNDERSTORM
  HEAVY RAIN
  LIGHT RAIN
  FOG


RELATIVE HUMIDITY (PERCENT)
 HIGHEST   100           500 AM
 LOWEST     58           400 PM
 AVERAGE    79

..........................................................


THE SAULT STE MARIE MI CLIMATE NORMALS FOR TOMORROW
                         NORMAL    RECORD    YEAR
 MAXIMUM TEMPERATURE (F)   66        90      1911
 MINIMUM TEMPERATURE (F)   44        27      1983


SUNRISE AND SUNSET
MAY 26 2018...........SUNRISE   553 AM EDT   SUNSET   917 PM EDT
MAY 27 2018...........SUNRISE   552 AM EDT   SUNSET   918 PM EDT


-  INDICATES NEGATIVE NUMBERS.
R  INDICATES RECORD WAS SET OR TIED.
MM INDICATES DATA IS MISSING.
T  INDICATES TRACE AMOUNT.




$$
