000
CDUS43 KAPX 122229
CLIANJ


CLIMATE REPORT
NATIONAL WEATHER SERVICE GAYLORD MI
529 PM EST MON NOV 12 2018


...................................

...THE SAULT STE MARIE MI CLIMATE SUMMARY FOR NOVEMBER 12 2018...
VALID TODAY AS OF 0500 PM LOCAL TIME.

CLIMATE NORMAL PERIOD 1981 TO 2010
CLIMATE RECORD PERIOD 1888 TO 2018


WEATHER ITEM   OBSERVED TIME   RECORD YEAR NORMAL DEPARTURE LAST
                VALUE   (LST)  VALUE       VALUE  FROM      YEAR
                                                  NORMAL
..................................................................
TEMPERATURE (F)
 TODAY
  MAXIMUM         28    500 AM  61    1964  42    -14       36
  MINIMUM         27    600 AM  10    1986  30     -3       30
  AVERAGE         28                        36     -8       33

PRECIPITATION (IN)
  TODAY            0.01          1.13 1902   0.11  -0.10     0.06
  MONTH TO DATE    2.24                      1.33   0.91     0.74
  SINCE SEP 1     11.93                      8.95   2.98     8.39
  SINCE JAN 1     27.01                     28.12  -1.11    36.15

SNOWFALL (IN)
  TODAY            0.2           4.3  2014   0.4              T
  MONTH TO DATE    8.5                       3.9             7.3
  SINCE OCT 1     11.5                       5.5             8.0
  SINCE JUL 1     11.5                       5.5             8.0

DEGREE DAYS
 HEATING
  TODAY           37                        29      8       32
  MONTH TO DATE  354                       328     26      395
  SINCE SEP 1   1195                      1186      9      945
  SINCE JUL 1   1225                      1333   -108     1028
..................................................................


WIND (MPH)
  RESULTANT WIND SPEED   7   RESULTANT WIND DIRECTION   S (200)
  HIGHEST WIND SPEED     8   HIGHEST WIND DIRECTION     S (200)
  HIGHEST GUST SPEED    MM   HIGHEST GUST DIRECTION    MM
  AVERAGE WIND SPEED     6.6


SKY COVER
  POSSIBLE SUNSHINE  MM
  AVERAGE SKY COVER 1.0


WEATHER CONDITIONS
 THE FOLLOWING WEATHER WAS RECORDED TODAY.
  LIGHT SNOW
  FOG


RELATIVE HUMIDITY (PERCENT)
 HIGHEST    92           600 AM
 LOWEST     84           200 AM
 AVERAGE    88

..........................................................


THE SAULT STE MARIE MI CLIMATE NORMALS FOR TOMORROW
                         NORMAL    RECORD    YEAR
 MAXIMUM TEMPERATURE (F)   41        58      1945
 MINIMUM TEMPERATURE (F)   29         4      1986


SUNRISE AND SUNSET
NOVEMBER 12 2018......SUNRISE   735 AM EST   SUNSET   508 PM EST
NOVEMBER 13 2018......SUNRISE   736 AM EST   SUNSET   507 PM EST


-  INDICATES NEGATIVE NUMBERS.
R  INDICATES RECORD WAS SET OR TIED.
MM INDICATES DATA IS MISSING.
T  INDICATES TRACE AMOUNT.




$$
