000
CDAK47 PAJK 201432
CLIANN
CLIMATE REPORT
NATIONAL WEATHER SERVICE JUNEAU, AK
526 AM AKST TUE FEB 20 2018


...................................

...THE ANNETTE ISLAND CLIMATE SUMMARY FOR FEBRUARY 19 2018...

CLIMATE NORMAL PERIOD 1981 TO 2010
CLIMATE RECORD PERIOD 1941 TO 2018


WEATHER ITEM   OBSERVED RECORD YEAR NORMAL DEPARTURE LAST
                VALUE   VALUE       VALUE  FROM      YEAR
                                           NORMAL
...........................................................
TEMPERATURE (F)
 YESTERDAY
  MAXIMUM         33     58    1977  43    -10       45
  MINIMUM         25      9    1986  33     -8       27
  AVERAGE         29                 38     -9       36

PRECIPITATION (IN)
  YESTERDAY        0.01   2.07 1960   0.25  -0.24     0.00
  MONTH TO DATE    2.87               5.12  -2.25     4.30
  SINCE JAN 1      6.79              15.85  -9.06    12.54

DEGREE DAYS
 HEATING
  YESTERDAY       36                 27      9       29
  MONTH TO DATE  538                516     22      535
...........................................................


WIND (MPH)
  HIGHEST WIND SPEED     7   HIGHEST WIND DIRECTION    SE (120)
  HIGHEST GUST SPEED    MM   HIGHEST GUST DIRECTION    MM
  AVERAGE WIND SPEED     2.0


SKY COVER
  AVERAGE SKY COVER 0.7


WEATHER CONDITIONS
 THE FOLLOWING WEATHER WAS RECORDED YESTERDAY.
  LIGHT SNOW
  FOG


..........................................................


THE ANNETTE ISLAND CLIMATE NORMALS FOR TODAY
                         NORMAL    RECORD    YEAR
 MAXIMUM TEMPERATURE (F)   43        59      1977
 MINIMUM TEMPERATURE (F)   33         5      1986


SUNRISE AND SUNSET
FEBRUARY 20 2018......SUNRISE   657 AM AKST  SUNSET   504 PM AKST
FEBRUARY 21 2018......SUNRISE   655 AM AKST  SUNSET   506 PM AKST


-  INDICATES NEGATIVE NUMBERS.
R  INDICATES RECORD WAS SET OR TIED.
MM INDICATES DATA IS MISSING.
T  INDICATES TRACE AMOUNT.




$$
--------------------------------------------------------------

AMOUNT OF DAYLIGHT TODAY (HOUR:MIN)......... 10 HOURS 07 MINUTES
GAIN/LOSS SINCE YESTERDAY (HOUR:MIN:SEC).... +0:04:23

$$
