000
CDUS41 KCTP 092216
CLIAOO


CLIMATE REPORT
NATIONAL WEATHER SERVICE STATE COLLEGE PA
516 PM EST SUN DEC 9 2018


...................................

...THE ALTOONA CLIMATE SUMMARY FOR DECEMBER 9 2018...
VALID TODAY AS OF 0500 PM LOCAL TIME.

CLIMATE NORMAL PERIOD 1981 TO 2010
CLIMATE RECORD PERIOD 1948 TO 2018


WEATHER ITEM   OBSERVED TIME   RECORD YEAR NORMAL DEPARTURE LAST
                VALUE   (LST)  VALUE       VALUE  FROM      YEAR
                                                  NORMAL
..................................................................
TEMPERATURE (F)
 TODAY
  MAXIMUM         28    405 PM  67    1966  40    -12       33
  MINIMUM         20    815 AM  -3    1989  25     -5       24
  AVERAGE         24                        32     -8       29

PRECIPITATION (IN)
  TODAY            0.00          1.22 2009   0.09  -0.09     0.00
  MONTH TO DATE    1.03                      0.82   0.21     0.31
  SINCE DEC 1      1.03                      0.82   0.21     0.31
  SINCE JAN 1     52.16                     34.04  18.12    39.11

DEGREE DAYS
 HEATING
  TODAY           41                        33      8       36
  MONTH TO DATE  302                       280     22      257
  SINCE DEC 1    302                       280     22      257
  SINCE JUL 1   1539                      1599    -60     1322

 COOLING
  TODAY            0                         0      0        0
  MONTH TO DATE    0                         0      0        0
  SINCE DEC 1      0                         0      0        0
  SINCE JAN 1   1105                       531    574      655
..................................................................


WIND (MPH)
  HIGHEST WIND SPEED    10   HIGHEST WIND DIRECTION    SW (230)
  HIGHEST GUST SPEED    14   HIGHEST GUST DIRECTION    SW (230)
  AVERAGE WIND SPEED     1.8


SKY COVER
  POSSIBLE SUNSHINE  MM
  AVERAGE SKY COVER 0.0


WEATHER CONDITIONS
 THE FOLLOWING WEATHER WAS RECORDED TODAY.
  NO SIGNIFICANT WEATHER WAS OBSERVED.


RELATIVE HUMIDITY (PERCENT)
 HIGHEST    84           200 AM
 LOWEST     58           400 PM
 AVERAGE    71

..........................................................


THE ALTOONA CLIMATE NORMALS FOR TOMORROW
                         NORMAL    RECORD    YEAR
 MAXIMUM TEMPERATURE (F)   39        61      1966
 MINIMUM TEMPERATURE (F)   25         2      1958


SUNRISE AND SUNSET
DECEMBER  9 2018......SUNRISE   724 AM EST   SUNSET   447 PM EST
DECEMBER 10 2018......SUNRISE   725 AM EST   SUNSET   447 PM EST


-  INDICATES NEGATIVE NUMBERS.
R  INDICATES RECORD WAS SET OR TIED.
MM INDICATES DATA IS MISSING.
T  INDICATES TRACE AMOUNT.




$$
