401
CDUS41 KCTP 230628
CLIAOO


CLIMATE REPORT
NATIONAL WEATHER SERVICE STATE COLLEGE PA
128 AM EST FRI FEB 23 2018


...................................

...THE ALTOONA CLIMATE SUMMARY FOR FEBRUARY 22 2018...

CLIMATE NORMAL PERIOD 1981 TO 2010
CLIMATE RECORD PERIOD 1948 TO 2018


WEATHER ITEM   OBSERVED TIME   RECORD YEAR NORMAL DEPARTURE LAST
                VALUE   (LST)  VALUE       VALUE  FROM      YEAR
                                                  NORMAL
..................................................................
TEMPERATURE (F)
 YESTERDAY
  MAXIMUM         49   1201 AM  67    2017  39     10       67
  MINIMUM         36    252 PM  -3    1963  22     14       43
  AVERAGE         43                        30     13       55

PRECIPITATION (IN)
  YESTERDAY        0.38          1.05 1971   0.07   0.31     0.00
  MONTH TO DATE    3.87                      1.58   2.29     1.15
  SINCE DEC 1      6.12                      6.17  -0.05     6.66
  SINCE JAN 1      5.17                      3.75   1.42     4.34

DEGREE DAYS
 HEATING
  YESTERDAY       22                        35    -13       10
  MONTH TO DATE  651                       800   -149      602
  SINCE DEC 1   2897                      3047   -150     2570
  SINCE JUL 1   3962                      4366   -404     3561

 COOLING
  YESTERDAY        0                         0      0        0
  MONTH TO DATE    0                         0      0        0
  SINCE DEC 1      0                         0      0        0
  SINCE JAN 1      0                         0      0        0
..................................................................


WIND (MPH)
  HIGHEST WIND SPEED    14   HIGHEST WIND DIRECTION     N (20)
  HIGHEST GUST SPEED    20   HIGHEST GUST DIRECTION    NE (40)
  AVERAGE WIND SPEED     7.3


SKY COVER
  POSSIBLE SUNSHINE  MM
  AVERAGE SKY COVER 1.0


WEATHER CONDITIONS
 THE FOLLOWING WEATHER WAS RECORDED YESTERDAY.
  RAIN
  LIGHT RAIN
  FOG


RELATIVE HUMIDITY (PERCENT)
 HIGHEST    92           900 AM
 LOWEST     70           600 AM
 AVERAGE    81

..........................................................


THE ALTOONA CLIMATE NORMALS FOR TODAY
                         NORMAL    RECORD    YEAR
 MAXIMUM TEMPERATURE (F)   39        71      2017
 MINIMUM TEMPERATURE (F)   22        -3      2015


SUNRISE AND SUNSET
FEBRUARY 23 2018......SUNRISE   656 AM EST   SUNSET   558 PM EST
FEBRUARY 24 2018......SUNRISE   654 AM EST   SUNSET   559 PM EST


-  INDICATES NEGATIVE NUMBERS.
R  INDICATES RECORD WAS SET OR TIED.
MM INDICATES DATA IS MISSING.
T  INDICATES TRACE AMOUNT.




$$
