000
CDUS41 KCTP 222116
CLIAOO


CLIMATE REPORT
NATIONAL WEATHER SERVICE STATE COLLEGE PA
516 PM EDT SAT SEP 22 2018


...................................

...THE ALTOONA CLIMATE SUMMARY FOR SEPTEMBER 22 2018...
VALID TODAY AS OF 0500 PM LOCAL TIME.

CLIMATE NORMAL PERIOD 1981 TO 2010
CLIMATE RECORD PERIOD 1948 TO 2018


WEATHER ITEM   OBSERVED TIME   RECORD YEAR NORMAL DEPARTURE LAST
                VALUE   (LST)  VALUE       VALUE  FROM      YEAR
                                                  NORMAL
..................................................................
TEMPERATURE (F)
 TODAY
  MAXIMUM         71    205 AM  90    2005  70      1       86
  MINIMUM         62    957 AM  36    1991  49     13       54
  AVERAGE         67                        59      8       70

PRECIPITATION (IN)
  TODAY            T             2.40 2002   0.12  -0.12     0.00
  MONTH TO DATE    7.35                      2.59   4.76     1.47
  SINCE SEP 1      7.35                      2.59   4.76     1.47
  SINCE JAN 1     40.76                     26.52  14.24    31.89

DEGREE DAYS
 HEATING
  TODAY            0                         7     -7        0
  MONTH TO DATE   19                        82    -63       87
  SINCE SEP 1     19                        82    -63       87
  SINCE JUL 1     19                       114    -95      121

 COOLING
  TODAY            2                         1      1        5
  MONTH TO DATE  169                        41    128       29
  SINCE SEP 1    169                        41    128       29
  SINCE JAN 1   1031                       520    511      571
..................................................................


WIND (MPH)
  HIGHEST WIND SPEED    16   HIGHEST WIND DIRECTION     N (340)
  HIGHEST GUST SPEED    20   HIGHEST GUST DIRECTION     N (350)
  AVERAGE WIND SPEED     6.3


SKY COVER
  POSSIBLE SUNSHINE  MM
  AVERAGE SKY COVER 0.3


WEATHER CONDITIONS
 THE FOLLOWING WEATHER WAS RECORDED TODAY.
  LIGHT RAIN


RELATIVE HUMIDITY (PERCENT)
 HIGHEST    90           100 AM
 LOWEST     58           200 PM
 AVERAGE    74

..........................................................


THE ALTOONA CLIMATE NORMALS FOR TOMORROW
                         NORMAL    RECORD    YEAR
 MAXIMUM TEMPERATURE (F)   69        90      1970
 MINIMUM TEMPERATURE (F)   48        31      1974


SUNRISE AND SUNSET
SEPTEMBER 22 2018.....SUNRISE   701 AM EDT   SUNSET   710 PM EDT
SEPTEMBER 23 2018.....SUNRISE   702 AM EDT   SUNSET   709 PM EDT


-  INDICATES NEGATIVE NUMBERS.
R  INDICATES RECORD WAS SET OR TIED.
MM INDICATES DATA IS MISSING.
T  INDICATES TRACE AMOUNT.




$$
