000
CDUS41 KCTP 140627
CLIAOO


CLIMATE REPORT
NATIONAL WEATHER SERVICE STATE COLLEGE PA
127 AM EST THU DEC 14 2017


...................................

...THE ALTOONA CLIMATE SUMMARY FOR DECEMBER 13 2017...

CLIMATE NORMAL PERIOD 1981 TO 2010
CLIMATE RECORD PERIOD 1948 TO 2017


WEATHER ITEM   OBSERVED TIME   RECORD YEAR NORMAL DEPARTURE LAST
                VALUE   (LST)  VALUE       VALUE  FROM      YEAR
                                                  NORMAL
..................................................................
TEMPERATURE (F)
 YESTERDAY
  MAXIMUM         25   1159 PM  66    2015  38    -13       35
  MINIMUM         16    818 AM   1    1960  24     -8       24
  AVERAGE         21                        31    -10       30

PRECIPITATION (IN)
  YESTERDAY        0.09          0.95 2007   0.08   0.01     0.08
  MONTH TO DATE    0.40                      1.17  -0.77     1.19
  SINCE DEC 1      0.40                      1.17  -0.77     1.19
  SINCE JAN 1     39.20                     34.39   4.81    25.33

DEGREE DAYS
 HEATING
  YESTERDAY       44                        34     10       35
  MONTH TO DATE  400                       414    -14      407
  SINCE DEC 1    400                       414    -14      407
  SINCE JUL 1   1465                      1733   -268     1398

 COOLING
  YESTERDAY        0                         0      0        0
  MONTH TO DATE    0                         0      0        0
  SINCE DEC 1      0                         0      0        0
  SINCE JAN 1    655                       531    124      873
..................................................................


WIND (MPH)
  HIGHEST WIND SPEED    26   HIGHEST WIND DIRECTION     W (290)
  HIGHEST GUST SPEED    40   HIGHEST GUST DIRECTION     W (270)
  AVERAGE WIND SPEED    12.3


SKY COVER
  POSSIBLE SUNSHINE  MM
  AVERAGE SKY COVER 0.9


WEATHER CONDITIONS
 THE FOLLOWING WEATHER WAS RECORDED YESTERDAY.
  LIGHT SNOW
  FOG


RELATIVE HUMIDITY (PERCENT)
 HIGHEST    88          1000 PM
 LOWEST     46           100 PM
 AVERAGE    67

..........................................................


THE ALTOONA CLIMATE NORMALS FOR TODAY
                         NORMAL    RECORD    YEAR
 MAXIMUM TEMPERATURE (F)   38        64      2015
 MINIMUM TEMPERATURE (F)   24        -3      2005


SUNRISE AND SUNSET
DECEMBER 14 2017......SUNRISE   728 AM EST   SUNSET   448 PM EST
DECEMBER 15 2017......SUNRISE   729 AM EST   SUNSET   448 PM EST


-  INDICATES NEGATIVE NUMBERS.
R  INDICATES RECORD WAS SET OR TIED.
MM INDICATES DATA IS MISSING.
T  INDICATES TRACE AMOUNT.




$$
