000
CDUS41 KCTP 240630
CLIAOO


CLIMATE REPORT
NATIONAL WEATHER SERVICE STATE COLLEGE PA
229 AM EDT SUN JUN 24 2018


...................................

...THE ALTOONA CLIMATE SUMMARY FOR JUNE 23 2018...

CLIMATE NORMAL PERIOD 1981 TO 2010
CLIMATE RECORD PERIOD 1948 TO 2018


WEATHER ITEM   OBSERVED TIME   RECORD YEAR NORMAL DEPARTURE LAST
                VALUE   (LST)  VALUE       VALUE  FROM      YEAR
                                                  NORMAL
..................................................................
TEMPERATURE (F)
 YESTERDAY
  MAXIMUM         75    527 PM  90    1994  79     -4       78
  MINIMUM         62    527 AM  43    1963  58      4       67
  AVERAGE         69                        69      0       73

PRECIPITATION (IN)
  YESTERDAY        0.23          1.95 2017   0.12   0.11     1.95
  MONTH TO DATE    5.11                      2.69   2.42     4.02
  SINCE JUN 1      5.11                      2.69   2.42     4.02
  SINCE JAN 1     22.13                     16.87   5.26    21.31

DEGREE DAYS
 HEATING
  YESTERDAY        0                         1     -1        0
  MONTH TO DATE   24                        52    -28       22
  SINCE JUN 1     24                        52    -28       22
  SINCE JUL 1   5732                      6212   -480     4991

 COOLING
  YESTERDAY        4                         5     -1        8
  MONTH TO DATE  104                        73     31      134
  SINCE JUN 1    104                        73     31      134
  SINCE JAN 1    268                       106    162      207
..................................................................


WIND (MPH)
  HIGHEST WIND SPEED    13   HIGHEST WIND DIRECTION     S (170)
  HIGHEST GUST SPEED    15   HIGHEST GUST DIRECTION     S (170)
  AVERAGE WIND SPEED     5.8


SKY COVER
  POSSIBLE SUNSHINE  MM
  AVERAGE SKY COVER 0.9


WEATHER CONDITIONS
 THE FOLLOWING WEATHER WAS RECORDED YESTERDAY.
  RAIN
  LIGHT RAIN
  FOG


RELATIVE HUMIDITY (PERCENT)
 HIGHEST    90           100 AM
 LOWEST     78          1100 PM
 AVERAGE    84

..........................................................


THE ALTOONA CLIMATE NORMALS FOR TODAY
                         NORMAL    RECORD    YEAR
 MAXIMUM TEMPERATURE (F)   79        91      1966
 MINIMUM TEMPERATURE (F)   58        45      1982


SUNRISE AND SUNSET
JUNE 24 2018..........SUNRISE   544 AM EDT   SUNSET   847 PM EDT
JUNE 25 2018..........SUNRISE   545 AM EDT   SUNSET   847 PM EDT


-  INDICATES NEGATIVE NUMBERS.
R  INDICATES RECORD WAS SET OR TIED.
MM INDICATES DATA IS MISSING.
T  INDICATES TRACE AMOUNT.




$$
