000
CDUS45 KBOU 180735
CLIAPA


CLIMATE REPORT
NATIONAL WEATHER SERVICE DENVER/BOULDER CO
135 AM MDT SAT AUG 18 2018


...................................

...THE CENTENNIAL CO CLIMATE SUMMARY FOR AUGUST 17 2018...

CLIMATE NORMAL PERIOD 1981 TO 2010
CLIMATE RECORD PERIOD 9999 TO 9999


WEATHER ITEM   OBSERVED RECORD YEAR NORMAL DEPARTURE LAST
                VALUE   VALUE       VALUE  FROM      YEAR
                                           NORMAL
...........................................................
TEMPERATURE (F)
 YESTERDAY
  MAXIMUM         85     MM      MM  83      2       83
  MINIMUM         61     MM      MM  57      4       56
  AVERAGE         73                 70      3       70

PRECIPITATION (IN)
  YESTERDAY        0.00  MM      MM   0.09  -0.09      T
  MONTH TO DATE    0.41               1.60  -1.19     0.78
  SINCE JUN 1      3.04               5.76  -2.72     3.54
  SINCE JAN 1      7.80              12.34  -4.54    10.25

SNOWFALL (IN)
  YESTERDAY        0.0
  SNOW DEPTH       0

DEGREE DAYS
 HEATING
  YESTERDAY        0
  MONTH TO DATE    0

 COOLING
  YESTERDAY        8
  MONTH TO DATE  128
...........................................................


WIND (MPH)
  RESULTANT WIND SPEED   6   RESULTANT WIND DIRECTION  SE (150)
  HIGHEST WIND SPEED    24   HIGHEST WIND DIRECTION    SE (150)
  HIGHEST GUST SPEED    34   HIGHEST GUST DIRECTION    SE (150)


SKY COVER
  POSSIBLE SUNSHINE  MM
  AVERAGE SKY COVER 0.6


WEATHER CONDITIONS
 THE FOLLOWING WEATHER WAS RECORDED YESTERDAY.
  THUNDERSTORM


RELATIVE HUMIDITY (PERCENT)
 HIGHEST    73
 LOWEST     32
 AVERAGE    53

..........................................................


THE CENTENNIAL CO CLIMATE NORMALS FOR TODAY
                         NORMAL    RECORD    YEAR
 MAXIMUM TEMPERATURE (F)   83        MM        MM
 MINIMUM TEMPERATURE (F)   56        MM        MM


SUNRISE AND SUNSET
AUGUST 18 2018........SUNRISE   615 AM MDT   SUNSET   751 PM MDT
AUGUST 19 2018........SUNRISE   616 AM MDT   SUNSET   750 PM MDT


-  INDICATES NEGATIVE NUMBERS.
R  INDICATES RECORD WAS SET OR TIED.
MM INDICATES DATA IS MISSING.
T  INDICATES TRACE AMOUNT.




$$
