567
CDUS42 KMFL 220820
CLIAPF


CLIMATE REPORT
NATIONAL WEATHER SERVICE MIAMI, FL
420 AM EDT MON OCT 22 2018


...................................

...THE NAPLES CLIMATE SUMMARY FOR OCTOBER 21 2018...

CLIMATE NORMAL PERIOD 1981 TO 2010
CLIMATE RECORD PERIOD 1942 TO 2018


WEATHER ITEM   OBSERVED TIME   RECORD YEAR NORMAL DEPARTURE LAST
                VALUE   (LST)  VALUE       VALUE  FROM      YEAR
                                                  NORMAL
..................................................................
TEMPERATURE (F)
 YESTERDAY
  MAXIMUM         88    157 PM  94    1983  86      2       88
  MINIMUM         73   1159 PM  48    1989  69      4       73
  AVERAGE         81                        78      3       81

PRECIPITATION (IN)
  YESTERDAY        0.12          1.55 1959   0.10   0.02     0.00
  MONTH TO DATE    3.58                      3.31   0.27     1.47
  SINCE JUN 1     38.82                     35.67   3.15    60.92
  SINCE JAN 1     47.42                     47.52  -0.10    66.55

SNOWFALL (IN)
  YESTERDAY        0.0
  MONTH TO DATE    0.0
  SINCE SEP 1      0.0
  SINCE JUL 1      0.0
  SNOW DEPTH       0

DEGREE DAYS
 HEATING
  YESTERDAY        0                         0      0        0
  MONTH TO DATE    0                         0      0        0
  SINCE SEP 1      0                         0      0        0
  SINCE JUL 1      0                         0      0        0

 COOLING
  YESTERDAY       16                        13      3       16
  MONTH TO DATE  366                       303     63      358
  SINCE SEP 1    917                       823     94      818
  SINCE JAN 1   3973                      3480    493     3858
..................................................................


WIND (MPH)
  HIGHEST WIND SPEED    20   HIGHEST WIND DIRECTION    NE (50)
  HIGHEST GUST SPEED    23   HIGHEST GUST DIRECTION    NE (50)
  AVERAGE WIND SPEED     6.4


SKY COVER
  AVERAGE SKY COVER 0.3


WEATHER CONDITIONS
 THE FOLLOWING WEATHER WAS RECORDED YESTERDAY.
  LIGHT RAIN
  FOG


RELATIVE HUMIDITY (PERCENT)
 HIGHEST    93
 LOWEST     53
 AVERAGE    73

..........................................................


THE NAPLES CLIMATE NORMALS FOR TODAY
                         NORMAL    RECORD    YEAR
 MAXIMUM TEMPERATURE (F)   86        92      1990
 MINIMUM TEMPERATURE (F)   69        51      1976


SUNRISE AND SUNSET
OCTOBER 22 2018.......SUNRISE   730 AM EDT   SUNSET   653 PM EDT
OCTOBER 23 2018.......SUNRISE   730 AM EDT   SUNSET   652 PM EDT


-  INDICATES NEGATIVE NUMBERS.
R  INDICATES RECORD WAS SET OR TIED.
MM INDICATES DATA IS MISSING.
T  INDICATES TRACE AMOUNT.




$$
