000
CDUS42 KMFL 192017
CLIAPF


CLIMATE REPORT
NATIONAL WEATHER SERVICE MIAMI, FL
416 PM EDT THU JUL 19 2018


...................................

...THE NAPLES CLIMATE SUMMARY FOR JULY 19 2018...
VALID TODAY AS OF 0400 PM LOCAL TIME.

CLIMATE NORMAL PERIOD 1981 TO 2010
CLIMATE RECORD PERIOD 1942 TO 2018


WEATHER ITEM   OBSERVED TIME   RECORD YEAR NORMAL DEPARTURE LAST
                VALUE   (LST)  VALUE       VALUE  FROM      YEAR
                                                  NORMAL
..................................................................
TEMPERATURE (F)
 TODAY
  MAXIMUM         92    258 PM  95    2010  91      1       87
                                      2007
                                      1981
  MINIMUM         80    439 AM  68    1988  75      5       77
                                      1968
  AVERAGE         86                        83      3       82

PRECIPITATION (IN)
  TODAY            0.00          3.18 1949   0.22  -0.22     0.00
  MONTH TO DATE    4.31                      4.75  -0.44     8.05
  SINCE JUN 1      9.27                     13.57  -4.30    22.68
  SINCE JAN 1     17.87                     25.42  -7.55    28.31

SNOWFALL (IN)
  TODAY            0.0
  MONTH TO DATE    0.0
  SINCE JUN 1      0.0
  SINCE JUL 1      0.0
  SNOW DEPTH       0

DEGREE DAYS
 HEATING
  TODAY            0                         0      0        0
  MONTH TO DATE    0                         0      0        0
  SINCE JUN 1      0                         0      0        0
  SINCE JUL 1      0                         0      0        0

 COOLING
  TODAY           21                        18      3       17
  MONTH TO DATE  379                       342     37      352
  SINCE JUN 1    956                       849    107      893
  SINCE JAN 1   2245                      1877    368     2237
..................................................................


WIND (MPH)
  HIGHEST WIND SPEED    15   HIGHEST WIND DIRECTION     W (270)
  HIGHEST GUST SPEED    19   HIGHEST GUST DIRECTION     W (250)
  AVERAGE WIND SPEED     5.8


SKY COVER
  AVERAGE SKY COVER 0.2


WEATHER CONDITIONS
 THE FOLLOWING WEATHER WAS RECORDED TODAY.
  NO SIGNIFICANT WEATHER WAS OBSERVED.


RELATIVE HUMIDITY (PERCENT)
 HIGHEST   100
 LOWEST     66
 AVERAGE    83

..........................................................


THE NAPLES CLIMATE NORMALS FOR TOMORROW
                         NORMAL    RECORD    YEAR
 MAXIMUM TEMPERATURE (F)   91        96      1942
 MINIMUM TEMPERATURE (F)   75        65      1974


SUNRISE AND SUNSET
JULY 19 2018..........SUNRISE   646 AM EDT   SUNSET   820 PM EDT
JULY 20 2018..........SUNRISE   647 AM EDT   SUNSET   820 PM EDT


-  INDICATES NEGATIVE NUMBERS.
R  INDICATES RECORD WAS SET OR TIED.
MM INDICATES DATA IS MISSING.
T  INDICATES TRACE AMOUNT.




$$
