000
CDUS43 KAPX 190537
CLIAPN


CLIMATE REPORT
NATIONAL WEATHER SERVICE GAYLORD MI
137 AM EDT FRI OCT 19 2018


...................................

...THE ALPENA MI CLIMATE SUMMARY FOR OCTOBER 18 2018...

CLIMATE NORMAL PERIOD 1981 TO 2010
CLIMATE RECORD PERIOD 1916 TO 2018


WEATHER ITEM   OBSERVED TIME   RECORD YEAR NORMAL DEPARTURE LAST
                VALUE   (LST)  VALUE       VALUE  FROM      YEAR
                                                  NORMAL
..................................................................
TEMPERATURE (F)
 YESTERDAY
  MAXIMUM         52    454 PM  85    1950  55     -3       71
  MINIMUM         28    715 AM  20    1952  36     -8       39
  AVERAGE         40                        45     -5       55

PRECIPITATION (IN)
  YESTERDAY        0.00          1.47 2007   0.08  -0.08     0.00
  MONTH TO DATE    3.24                      1.60   1.64     1.63
  SINCE SEP 1      7.12                      4.52   2.60     4.63
  SINCE JAN 1     26.67                     23.30   3.37    32.06

SNOWFALL (IN)
  YESTERDAY        0.0           1.8  1930   0.0    0.0      0.0
  MONTH TO DATE    0.2                       0.1    0.1      0.0
  SINCE OCT 1      0.2                       0.1    0.1      0.0
  SINCE JUL 1      0.2                       0.1    0.1      0.0
  SNOW DEPTH       0

DEGREE DAYS
 HEATING
  YESTERDAY       25                        20      5       10
  MONTH TO DATE  280                       300    -20      159
  SINCE SEP 1    434                       542   -108      331
  SINCE JUL 1    450                       657   -207      389

 COOLING
  YESTERDAY        0                         0      0        0
  MONTH TO DATE   12                         0     12        5
  SINCE SEP 1     79                        23     56       87
  SINCE JAN 1    589                       289    300      357
..................................................................


WIND (MPH)
  HIGHEST WIND SPEED    18   HIGHEST WIND DIRECTION    SW (230)
  HIGHEST GUST SPEED    31   HIGHEST GUST DIRECTION    SW (240)
  AVERAGE WIND SPEED     8.6




RELATIVE HUMIDITY (PERCENT)
 HIGHEST    75
 LOWEST     32
 AVERAGE    54

..........................................................


THE ALPENA MI CLIMATE NORMALS FOR TODAY
                         NORMAL    RECORD    YEAR
 MAXIMUM TEMPERATURE (F)   55        78      1953
 MINIMUM TEMPERATURE (F)   35        20      1934


SUNRISE AND SUNSET
OCTOBER 19 2018.......SUNRISE   755 AM EDT   SUNSET   642 PM EDT
OCTOBER 20 2018.......SUNRISE   757 AM EDT   SUNSET   641 PM EDT


-  INDICATES NEGATIVE NUMBERS.
R  INDICATES RECORD WAS SET OR TIED.
MM INDICATES DATA IS MISSING.
T  INDICATES TRACE AMOUNT.




$$
