000
CDUS43 KAPX 190529
CLIAPN


CLIMATE REPORT
NATIONAL WEATHER SERVICE GAYLORD MI
128 AM EDT THU JUL 19 2018


...................................

...THE ALPENA MI CLIMATE SUMMARY FOR JULY 18 2018...

CLIMATE NORMAL PERIOD 1981 TO 2010
CLIMATE RECORD PERIOD 1916 TO 2018


WEATHER ITEM   OBSERVED TIME   RECORD YEAR NORMAL DEPARTURE LAST
                VALUE   (LST)  VALUE       VALUE  FROM      YEAR
                                                  NORMAL
..................................................................
TEMPERATURE (F)
 YESTERDAY
  MAXIMUM         77   1258 PM  96    1966  80     -3       89
  MINIMUM         49    503 AM  40    1939  56     -7       51
                                      1934
                                      1924
  AVERAGE         63                        68     -5       70

PRECIPITATION (IN)
  YESTERDAY        0.00          1.19 1996   0.10  -0.10     0.00
  MONTH TO DATE    0.76                      1.79  -1.03     0.76
  SINCE JUN 1      1.63                      4.41  -2.78     7.16
  SINCE JAN 1     15.04                     14.31   0.73    22.47

DEGREE DAYS
 HEATING
  YESTERDAY        2                         1      1        0
  MONTH TO DATE    2                        28    -26        6
  SINCE JUN 1    135                       171    -36       89
  SINCE JUL 1      2                        28    -26        6

 COOLING
  YESTERDAY        0                         4     -4        5
  MONTH TO DATE  150                        69     81       53
  SINCE JUN 1    219                       125     94      122
  SINCE JAN 1    265                       138    127      128
..................................................................


WIND (MPH)
  HIGHEST WIND SPEED    14   HIGHEST WIND DIRECTION     E (110)
  HIGHEST GUST SPEED    19   HIGHEST GUST DIRECTION    NE (30)
  AVERAGE WIND SPEED     3.8




RELATIVE HUMIDITY (PERCENT)
 HIGHEST   100
 LOWEST     43
 AVERAGE    72

..........................................................


THE ALPENA MI CLIMATE NORMALS FOR TODAY
                         NORMAL    RECORD    YEAR
 MAXIMUM TEMPERATURE (F)   80        93      1991
                                             1987
 MINIMUM TEMPERATURE (F)   56        39      1965


SUNRISE AND SUNSET
JULY 19 2018..........SUNRISE   606 AM EDT   SUNSET   915 PM EDT
JULY 20 2018..........SUNRISE   607 AM EDT   SUNSET   914 PM EDT


-  INDICATES NEGATIVE NUMBERS.
R  INDICATES RECORD WAS SET OR TIED.
MM INDICATES DATA IS MISSING.
T  INDICATES TRACE AMOUNT.




$$
