000
CDUS44 KLCH 122211
CLIARA


CLIMATE REPORT
NATIONAL WEATHER SERVICE LAKE CHARLES, LA
411 PM CST MON NOV 12 2018


...................................

...THE NEW IBERIA CLIMATE SUMMARY FOR NOVEMBER 12 2018...
VALID TODAY AS OF 0400 PM LOCAL TIME.

CLIMATE NORMAL PERIOD 1981 TO 2010
CLIMATE RECORD PERIOD 1948 TO 2018


WEATHER ITEM   OBSERVED TIME   RECORD YEAR NORMAL DEPARTURE LAST
                VALUE   (LST)  VALUE       VALUE  FROM      YEAR
                                                  NORMAL
..................................................................
TEMPERATURE (F)
 TODAY
  MAXIMUM         62    248 PM  87    1964  74    -12       81
  MINIMUM         55    331 AM  29    1968  51      4       57
                                      1950
  AVERAGE         59                        62     -3       69

PRECIPITATION (IN)
  TODAY            0.09          1.12 2008   0.12  -0.03     0.00
  MONTH TO DATE    6.16                      1.26   4.90     0.24
  SINCE SEP 1     20.88                     10.85  10.03     7.08
  SINCE JAN 1     54.47                     51.70   2.77    59.46

SNOWFALL (IN)
  TODAY            0.0           0.0    MM  MM               0.0
  MONTH TO DATE    0.0                      MM               0.0
  SINCE SEP 1      0.0                      MM               0.0
  SINCE JUL 1      0.0                      MM               0.0

DEGREE DAYS
 HEATING
  TODAY            6                         4      2        0
  MONTH TO DATE   47                        40      7       21
  SINCE SEP 1     50                        74    -24       72
  SINCE JUL 1     50                        74    -24       72

 COOLING
  TODAY            0                         1     -1        4
  MONTH TO DATE   36                        25     11       73
  SINCE SEP 1    837                       627    210      769
  SINCE JAN 1   3222                      2770    452     3072
..................................................................


WIND (MPH)
  RESULTANT WIND SPEED   8   RESULTANT WIND DIRECTION  NE (50)
  HIGHEST WIND SPEED    16   HIGHEST WIND DIRECTION     N (360)
  HIGHEST GUST SPEED    20   HIGHEST GUST DIRECTION    NE (60)
  AVERAGE WIND SPEED     9.3


SKY COVER
  POSSIBLE SUNSHINE  MM
  AVERAGE SKY COVER 1.0


WEATHER CONDITIONS
 THE FOLLOWING WEATHER WAS RECORDED TODAY.
  THUNDERSTORM
  LIGHT RAIN


RELATIVE HUMIDITY (PERCENT)
 HIGHEST    93          1200 PM
 LOWEST     67          1200 AM
 AVERAGE    80

..........................................................


THE NEW IBERIA CLIMATE NORMALS FOR TOMORROW
                         NORMAL    RECORD    YEAR
 MAXIMUM TEMPERATURE (F)   73        86      2005
 MINIMUM TEMPERATURE (F)   51        32      1950


SUNRISE AND SUNSET
NOVEMBER 12 2018......SUNRISE   630 AM CST   SUNSET   513 PM CST
NOVEMBER 13 2018......SUNRISE   631 AM CST   SUNSET   512 PM CST


-  INDICATES NEGATIVE NUMBERS.
R  INDICATES RECORD WAS SET OR TIED.
MM INDICATES DATA IS MISSING.
T  INDICATES TRACE AMOUNT.




$$
