595
CDUS44 KLCH 210924
CLIARA


CLIMATE REPORT
NATIONAL WEATHER SERVICE LAKE CHARLES, LA
324 AM CST WED FEB 21 2018


...................................

...THE NEW IBERIA CLIMATE SUMMARY FOR FEBRUARY 20 2018...

CLIMATE NORMAL PERIOD 1981 TO 2010
CLIMATE RECORD PERIOD 1948 TO 2018


WEATHER ITEM   OBSERVED TIME   RECORD YEAR NORMAL DEPARTURE LAST
                VALUE   (LST)  VALUE       VALUE  FROM      YEAR
                                                  NORMAL
..................................................................
TEMPERATURE (F)
 YESTERDAY
  MAXIMUM         81R   403 PM  80    1994  67     14       79
                                      1976
  MINIMUM         68    650 AM  29    1978  47     21       60
  AVERAGE         75                        57     18       70

PRECIPITATION (IN)
  YESTERDAY        0.00          1.82 1991   0.16  -0.16     0.04
  MONTH TO DATE    1.46                      2.97  -1.51     0.20
  SINCE DEC 1     16.81                     13.19   3.62    11.34
  SINCE JAN 1      8.59                      8.19   0.40     2.64

SNOWFALL (IN)
  YESTERDAY        0.0           0.0    MM  MM               0.0
  MONTH TO DATE    0.0                      MM               0.0
  SINCE DEC 1      2.4                      MM               0.0
  SINCE JUL 1      2.4                      MM               0.0

DEGREE DAYS
 HEATING
  YESTERDAY        0                         9     -9        0
  MONTH TO DATE   79                       214   -135       72
  SINCE DEC 1   1004                       956     48      520
  SINCE JUL 1   1183                      1151     32      615

 COOLING
  YESTERDAY       10                         1      9        5
  MONTH TO DATE   61                        16     45       51
  SINCE DEC 1     80                        50     30      182
  SINCE JAN 1     61                        28     33      115
..................................................................


WIND (MPH)
  RESULTANT WIND SPEED  14   RESULTANT WIND DIRECTION   S (160)
  HIGHEST WIND SPEED    29   HIGHEST WIND DIRECTION     S (160)
  HIGHEST GUST SPEED    35   HIGHEST GUST DIRECTION    SE (150)
  AVERAGE WIND SPEED    14.6


SKY COVER
  POSSIBLE SUNSHINE  MM
  AVERAGE SKY COVER 0.6


WEATHER CONDITIONS
 THE FOLLOWING WEATHER WAS RECORDED YESTERDAY.
  FOG


RELATIVE HUMIDITY (PERCENT)
 HIGHEST    93           600 AM
 LOWEST     62           200 PM
 AVERAGE    78

..........................................................


THE NEW IBERIA CLIMATE NORMALS FOR TODAY
                         NORMAL    RECORD    YEAR
 MAXIMUM TEMPERATURE (F)   67        80      2005
                                             1985
 MINIMUM TEMPERATURE (F)   47        29      1978


SUNRISE AND SUNSET
FEBRUARY 21 2018......SUNRISE   642 AM CST   SUNSET   601 PM CST
FEBRUARY 22 2018......SUNRISE   641 AM CST   SUNSET   602 PM CST


-  INDICATES NEGATIVE NUMBERS.
R  INDICATES RECORD WAS SET OR TIED.
MM INDICATES DATA IS MISSING.
T  INDICATES TRACE AMOUNT.




$$
