000
CDUS44 KLCH 132214
CLIARA


CLIMATE REPORT
NATIONAL WEATHER SERVICE LAKE CHARLES, LA
414 PM CST WED DEC 13 2017


...................................

...THE NEW IBERIA CLIMATE SUMMARY FOR DECEMBER 13 2017...
VALID TODAY AS OF 0400 PM LOCAL TIME.

CLIMATE NORMAL PERIOD 1981 TO 2010
CLIMATE RECORD PERIOD 1948 TO 2017


WEATHER ITEM   OBSERVED TIME   RECORD YEAR NORMAL DEPARTURE LAST
                VALUE   (LST)  VALUE       VALUE  FROM      YEAR
                                                  NORMAL
..................................................................
TEMPERATURE (F)
 TODAY
  MAXIMUM         62    229 PM  80    2016  65     -3       80
                                      1975
                                      1971
  MINIMUM         30    704 AM  14    1962  44    -14       63
  AVERAGE         46                        54     -8       72

PRECIPITATION (IN)
  TODAY            0.00          2.20 1968   0.15  -0.15     0.17
  MONTH TO DATE    5.51                      2.36   3.15     5.24
  SINCE DEC 1      5.51                      2.36   3.15     5.24
  SINCE JAN 1     65.26                     57.05   8.21    82.52

SNOWFALL (IN)
  TODAY            0.0           0.0    MM  MM               0.0
  MONTH TO DATE    2.4                      MM               0.0
  SINCE DEC 1      2.4                      MM               0.0
  SINCE JUL 1      2.4                      MM               0.0

DEGREE DAYS
 HEATING
  TODAY           19                        11      8        0
  MONTH TO DATE  174                       134     40      107
  SINCE DEC 1    174                       134     40      107
  SINCE JUL 1    353                       329     24      202

 COOLING
  TODAY            0                         1     -1        7
  MONTH TO DATE    4                        13     -9       13
  SINCE DEC 1      4                        13     -9       13
  SINCE JAN 1   3091                      2805    286     3156
..................................................................


WIND (MPH)
  RESULTANT WIND SPEED   4   RESULTANT WIND DIRECTION  SW (210)
  HIGHEST WIND SPEED    16   HIGHEST WIND DIRECTION    SW (210)
  HIGHEST GUST SPEED    20   HIGHEST GUST DIRECTION    SW (220)
  AVERAGE WIND SPEED     5.3


SKY COVER
  POSSIBLE SUNSHINE  MM
  AVERAGE SKY COVER 0.0


WEATHER CONDITIONS
 THE FOLLOWING WEATHER WAS RECORDED TODAY.
  FOG


RELATIVE HUMIDITY (PERCENT)
 HIGHEST    92           500 AM
 LOWEST     36          1200 PM
 AVERAGE    64

..........................................................


THE NEW IBERIA CLIMATE NORMALS FOR TOMORROW
                         NORMAL    RECORD    YEAR
 MAXIMUM TEMPERATURE (F)   65        81      1984
 MINIMUM TEMPERATURE (F)   44        25      1966
                                             1954


SUNRISE AND SUNSET
DECEMBER 13 2017......SUNRISE   655 AM CST   SUNSET   509 PM CST
DECEMBER 14 2017......SUNRISE   655 AM CST   SUNSET   509 PM CST


-  INDICATES NEGATIVE NUMBERS.
R  INDICATES RECORD WAS SET OR TIED.
MM INDICATES DATA IS MISSING.
T  INDICATES TRACE AMOUNT.




$$
