000
CDUS44 KLCH 212245
CLIARA


CLIMATE REPORT
NATIONAL WEATHER SERVICE LAKE CHARLES, LA
545 PM CDT MON MAY 21 2018


...................................

...THE NEW IBERIA CLIMATE SUMMARY FOR MAY 21 2018...
VALID TODAY AS OF 0500 PM LOCAL TIME.

CLIMATE NORMAL PERIOD 1981 TO 2010
CLIMATE RECORD PERIOD 1948 TO 2018


WEATHER ITEM   OBSERVED TIME   RECORD YEAR NORMAL DEPARTURE LAST
                VALUE   (LST)  VALUE       VALUE  FROM      YEAR
                                                  NORMAL
..................................................................
TEMPERATURE (F)
 TODAY
  MAXIMUM         91    106 PM  98    2005  87      4       90
  MINIMUM         70    519 AM  50    1954  68      2       71
  AVERAGE         81                        78      3       81

PRECIPITATION (IN)
  TODAY            T             3.10 1983   0.16  -0.16     0.37
  MONTH TO DATE    1.61                      2.67  -1.06     6.31
  SINCE MAR 1      7.47                     10.51  -3.04    12.10
  SINCE JAN 1     16.98                     19.92  -2.94    14.90

SNOWFALL (IN)
  TODAY            0.0           0.0    MM  MM               0.0
  MONTH TO DATE    0.0                      MM               0.0
  SINCE MAR 1      0.0                      MM               0.0
  SINCE JUL 1      2.4                      MM               0.0

DEGREE DAYS
 HEATING
  TODAY            0                         0      0        0
  MONTH TO DATE    0                         0      0        4
  SINCE MAR 1    175                       192    -17       87
  SINCE JUL 1   1358                      1408    -50      716

 COOLING
  TODAY           16                        13      3       16
  MONTH TO DATE  280                       214     66      169
  SINCE MAR 1    438                       403     35      501
  SINCE JAN 1    561                       434    127      636
..................................................................


WIND (MPH)
  RESULTANT WIND SPEED   2   RESULTANT WIND DIRECTION  SE (130)
  HIGHEST WIND SPEED    18   HIGHEST WIND DIRECTION     S (170)
  HIGHEST GUST SPEED    21   HIGHEST GUST DIRECTION     S (170)
  AVERAGE WIND SPEED     4.5


SKY COVER
  POSSIBLE SUNSHINE  MM
  AVERAGE SKY COVER 0.2


WEATHER CONDITIONS
 THE FOLLOWING WEATHER WAS RECORDED TODAY.
  THUNDERSTORM


RELATIVE HUMIDITY (PERCENT)
 HIGHEST    97           500 AM
 LOWEST     43          1100 AM
 AVERAGE    70

..........................................................


THE NEW IBERIA CLIMATE NORMALS FOR TOMORROW
                         NORMAL    RECORD    YEAR
 MAXIMUM TEMPERATURE (F)   87        98      2005
 MINIMUM TEMPERATURE (F)   69        52      1954


SUNRISE AND SUNSET
MAY 21 2018...........SUNRISE   611 AM CDT   SUNSET   758 PM CDT
MAY 22 2018...........SUNRISE   610 AM CDT   SUNSET   758 PM CDT


-  INDICATES NEGATIVE NUMBERS.
R  INDICATES RECORD WAS SET OR TIED.
MM INDICATES DATA IS MISSING.
T  INDICATES TRACE AMOUNT.




$$
