000
CDUS44 KLCH 170837
CLIARA


CLIMATE REPORT
NATIONAL WEATHER SERVICE LAKE CHARLES, LA
336 AM CDT FRI AUG 17 2018


...................................

...THE NEW IBERIA CLIMATE SUMMARY FOR AUGUST 16 2018...

CLIMATE NORMAL PERIOD 1981 TO 2010
CLIMATE RECORD PERIOD 1948 TO 2018


WEATHER ITEM   OBSERVED TIME   RECORD YEAR NORMAL DEPARTURE LAST
                VALUE   (LST)  VALUE       VALUE  FROM      YEAR
                                                  NORMAL
..................................................................
TEMPERATURE (F)
 YESTERDAY
  MAXIMUM         95   1232 PM  98    2011  92      3       92
                                      2006
                                      1981
  MINIMUM         75    546 AM  62    2004  74      1       76
                                      1963
  AVERAGE         85                        83      2       84

PRECIPITATION (IN)
  YESTERDAY        0.01          2.64 2016   0.13  -0.12     0.06
  MONTH TO DATE    1.67                      2.51  -0.84     6.19
  SINCE JUN 1     11.29                     16.05  -4.76    23.94
  SINCE JAN 1     32.05                     38.28  -6.23    42.18

SNOWFALL (IN)
  YESTERDAY        0.0           0.0    MM  MM               0.0
  MONTH TO DATE    0.0                      MM               0.0
  SINCE JUN 1      0.0                      MM               0.0
  SINCE JUL 1      0.0                      MM               0.0

DEGREE DAYS
 HEATING
  YESTERDAY        0                         0      0        0
  MONTH TO DATE    0                         0      0        0
  SINCE JUN 1      0                         0      0        0
  SINCE JUL 1      0                         0      0        0

 COOLING
  YESTERDAY       20                        18      2       19
  MONTH TO DATE  287                       288     -1      287
  SINCE JUN 1   1382                      1306     76     1303
  SINCE JAN 1   2106                      1876    230     2050
..................................................................


WIND (MPH)
  RESULTANT WIND SPEED   1   RESULTANT WIND DIRECTION   S (190)
  HIGHEST WIND SPEED    15   HIGHEST WIND DIRECTION    SE (150)
  HIGHEST GUST SPEED    19   HIGHEST GUST DIRECTION    SE (150)
  AVERAGE WIND SPEED     2.3


SKY COVER
  POSSIBLE SUNSHINE  MM
  AVERAGE SKY COVER 0.1


WEATHER CONDITIONS
 THE FOLLOWING WEATHER WAS RECORDED YESTERDAY.
  THUNDERSTORM
  LIGHT RAIN


RELATIVE HUMIDITY (PERCENT)
 HIGHEST    94           400 AM
 LOWEST     49          1200 PM
 AVERAGE    72

..........................................................


THE NEW IBERIA CLIMATE NORMALS FOR TODAY
                         NORMAL    RECORD    YEAR
 MAXIMUM TEMPERATURE (F)   92       100      2011
 MINIMUM TEMPERATURE (F)   74        63      1963


SUNRISE AND SUNSET
AUGUST 17 2018........SUNRISE   636 AM CDT   SUNSET   747 PM CDT
AUGUST 18 2018........SUNRISE   637 AM CDT   SUNSET   746 PM CDT


-  INDICATES NEGATIVE NUMBERS.
R  INDICATES RECORD WAS SET OR TIED.
MM INDICATES DATA IS MISSING.
T  INDICATES TRACE AMOUNT.




$$
