000
CXUS55 KCYS 051825
CLMDGW
CLIMATE REPORT
NATIONAL WEATHER SERVICE CHEYENNE WY
1225 PM MDT FRI APR 05 2024
...................................
...THE CONVERSE CO (DOUGLAS) WY ARPT CLIMATE SUMMARY FOR THE MONTH OF MARCH 2024...
CLIMATE NORMAL PERIOD 1991 TO 2020
CLIMATE RECORD PERIOD 1998 TO 2024
WEATHER OBSERVED NORMAL DEPART LAST YEAR`S
VALUE DATE(S) VALUE FROM VALUE DATE(S)
NORMAL
................................................................
TEMPERATURE (F)
RECORD
HIGH 81 03/31/2012
LOW -20 03/10/2022
HIGHEST 66 03/19 MM MM 64
03/21
LOWEST 12 03/09 MM MM 3
AVG. MAXIMUM 51.1 50.2 0.9 41.8
AVG. MINIMUM 24.8 22.8 2.0 17.8
MEAN 38.0 36.5 1.5 29.8
DAYS MAX >= 90 0 0.0 0.0 0
DAYS MAX <= 32 2 2.9 -0.9 2
DAYS MIN <= 32 28 27.1 0.9 30
DAYS MIN <= 0 0 1.0 -1.0 0
PRECIPITATION (INCHES)
RECORD
MAXIMUM 1.91 2017
TOTALS 0.42 0.68 -0.26 0.03
DAYS >= .01 5 6.8 -1.8 3
DAYS >= .10 1 2.3 -1.3 0
DAYS >= .50 0 0.2 -0.2 0
DAYS >= 1.00 0 0.0 0.0 0
GREATEST
24 HR. TOTAL 0.34 03/30 TO 03/31 0.01 03/16 TO 03/16
03/21 TO 03/21
03/31 TO 03/31
DEGREE DAYS
HEATING TOTAL 832 884 -52 1085
SINCE 7/1 5735 6168 -433 MM
COOLING TOTAL 0 0 0 0
SINCE 1/1 0 0 0 MM
................................................................
WIND (MPH)
AVERAGE WIND SPEED 10.7
HIGHEST WIND SPEED/DIRECTION 44/260 DATE 03/03
HIGHEST GUST SPEED/DIRECTION 62/250 DATE 03/03
SKY COVER
POSSIBLE SUNSHINE (PERCENT) MM
AVERAGE SKY COVER 0.42
NUMBER OF DAYS FAIR 13
NUMBER OF DAYS PC 11
NUMBER OF DAYS CLOUDY 7
AVERAGE RH (PERCENT) 60
WEATHER CONDITIONS. NUMBER OF DAYS WITH
THUNDERSTORM 0 MIXED PRECIP 0
HEAVY RAIN 1 RAIN 2
LIGHT RAIN 8 FREEZING RAIN 0
LT FREEZING RAIN 0 HAIL 0
HEAVY SNOW 0 SNOW 0
LIGHT SNOW 7 SLEET 0
FOG 11 FOG W/VIS <= 1/4 MILE 0
HAZE 2
- INDICATES NEGATIVE NUMBERS.
R INDICATES RECORD WAS SET OR TIED.
MM INDICATES DATA IS MISSING.
T INDICATES TRACE AMOUNT.
$$