000
CXUS51 KALY 021923
CLMGFL
CLIMATE REPORT
NATIONAL WEATHER SERVICE ALBANY NY
0220 PM EST SAT MAR 02 2024
...................................
...THE GLENS FALLS NY CLIMATE SUMMARY FOR THE MONTH OF FEBRUARY 2024...
CLIMATE NORMAL PERIOD: 1991 TO 2020
CLIMATE RECORD PERIOD: 1893 TO 2024
WEATHER OBSERVED NORMAL DEPART LAST YEAR`S
VALUE DATE(S) VALUE FROM VALUE DATE(S)
NORMAL
................................................................
TEMPERATURE (F)
RECORD
HIGH 70 02/25/2017
LOW -32 02/16/1943
HIGHEST 65 02/27 59 02/15
LOWEST 5 02/20 -24 02/04
AVG. MAXIMUM 39.4 33.1 6.3 37.5
AVG. MINIMUM 19.4 10.6 8.8 14.9
MEAN 29.4 21.9 7.5 26.2
DAYS MAX >= 90 0 0.0 0.0 0
DAYS MAX <= 32 6 12.9 -6.9 7
DAYS MIN <= 32 29 26.8 2.2 27
DAYS MIN <= 0 0 6.5 -6.5 4
PRECIPITATION (INCHES)
RECORD
MAXIMUM 6.35 1909
MINIMUM 0.25 1978
TOTALS 0.44 1.95 -1.51 1.25
DAILY AVG. 0.02 0.04
DAYS >= .01 8 9.1 -1.1 9
DAYS >= .10 1 4.8 -3.8 5
DAYS >= .50 0 1.3 -1.3 1
DAYS >= 1.00 0 0.2 -0.2 0
GREATEST
24 HR. TOTAL 0.23 02/28 TO 02/28
DEGREE DAYS
HEATING TOTAL 1024 1208 -184 1081
SINCE 7/1 4649 5485 -836 4740
COOLING TOTAL 0 0 0 0
SINCE 1/1 0 0 0 0
................................................................
WIND (MPH)
AVERAGE WIND SPEED 6.2
HIGHEST WIND SPEED/DIRECTION 25/270 DATE 02/28
HIGHEST GUST SPEED/DIRECTION 48/290 DATE 02/29
SKY COVER
AVERAGE SKY COVER 0.45
AVERAGE RH (PERCENT) 70
WEATHER CONDITIONS. NUMBER OF DAYS WITH
THUNDERSTORM 1 MIXED PRECIP 0
HEAVY RAIN 0 RAIN 1
LIGHT RAIN 5 FREEZING RAIN 0
LT FREEZING RAIN 0 HAIL 0
HEAVY SNOW 0 SNOW 1
LIGHT SNOW 9 SLEET 0
FOG 13 FOG W/VIS <= 1/4 MILE 1
HAZE 6
- INDICATES NEGATIVE NUMBERS.
R INDICATES RECORD WAS SET OR TIED.
MM INDICATES DATA IS MISSING.
T INDICATES TRACE AMOUNT.
$$