000
CXUS56 KSEW 012332
CLMUIL
CLIMATE REPORT
NATIONAL WEATHER SERVICE SEATTLE
432 PM PDT MON APR 01 2024
...................................
...THE QUILLAYUTE WA AIRPORT CLIMATE SUMMARY FOR THE MONTH OF MARCH 2024...
CLIMATE NORMAL PERIOD 1991 TO 2020
CLIMATE RECORD PERIOD 1966 TO 2024
WEATHER OBSERVED NORMAL DEPART LAST YEAR`S
VALUE DATE(S) VALUE FROM VALUE DATE(S)
NORMAL
................................................................
TEMPERATURE (F)
RECORD
HIGH 81 03/19/2019
LOW 19 03/03/1989
03/01/1971
HIGHEST 80 03/16 MM MM 65 03/29
LOWEST 29 03/05 MM MM 26 03/01
03/07
03/16
AVG. MAXIMUM 55.7 51.2 4.5 50.4
AVG. MINIMUM 39.1 36.7 2.4 33.5
MEAN 47.4 43.9 3.5 41.9
DAYS MAX >= 90 0 0.0 0.0 0
DAYS MAX <= 32 0 0.0 0.0 0
DAYS MIN <= 32 3 8.0 -5.0 12
DAYS MIN <= 0 0 0.0 0.0 0
PRECIPITATION (INCHES)
RECORD
MAXIMUM 23.23 2007
MINIMUM 1.51 2019
TOTALS 9.00 11.78 -2.78 8.95
DAILY AVG. 0.31 0.38 -0.07 0.29
DAYS >= .01 17 22.2 -5.2 23
DAYS >= .10 14 17.3 -3.3 18
DAYS >= .50 7 8.1 -1.1 6
DAYS >= 1.00 3 3.5 -0.5 2
GREATEST
24 HR. TOTAL 2.73 03/09 TO 03/10
DEGREE DAYS
HEATING TOTAL 504 653 -149 705
SINCE 7/1 3268 4403 -1135 MM
COOLING TOTAL 0 0 0 0
SINCE 1/1 0 0 0 MM
................................................................
WIND (MPH)
AVERAGE WIND SPEED 5.0
HIGHEST WIND SPEED/DIRECTION 26/250 DATE 03/12
HIGHEST GUST SPEED/DIRECTION 49/130 DATE 03/09
SKY COVER
POSSIBLE SUNSHINE (PERCENT) MM
AVERAGE SKY COVER 0.64
NUMBER OF DAYS FAIR 9
NUMBER OF DAYS PC 4
NUMBER OF DAYS CLOUDY 17
AVERAGE RH (PERCENT) 74
WEATHER CONDITIONS. NUMBER OF DAYS WITH
THUNDERSTORM 1 MIXED PRECIP 0
HEAVY RAIN 4 RAIN 11
LIGHT RAIN 19 FREEZING RAIN 0
LT FREEZING RAIN 0 HAIL 0
HEAVY SNOW 0 SNOW 0
LIGHT SNOW 5 SLEET 0
FOG 19 FOG W/VIS <= 1/4 MILE 1
HAZE 11
- INDICATES NEGATIVE NUMBERS.
R INDICATES RECORD WAS SET OR TIED.
MM INDICATES DATA IS MISSING.
T INDICATES TRACE AMOUNT.
$$