000
CXUS52 KMFL 011030
CF6TMB
PRELIMINARY LOCAL CLIMATOLOGICAL DATA (WS FORM: F-6)
STATION: KENDALL-TAMIAMI EXEC ARPT
MONTH: MARCH
YEAR: 2021
LATITUDE: 25 38 N
LONGITUDE: 80 26 W
TEMPERATURE IN F: :PCPN: SNOW: WIND :SUNSHINE: SKY :PK WND
================================================================================
1 2 3 4 5 6A 6B 7 8 9 10 11 12 13 14 15 16 17 18
12Z AVG MX 2MIN
DY MAX MIN AVG DEP HDD CDD WTR SNW DPTH SPD SPD DIR MIN PSBL S-S WX SPD DR
================================================================================
1 86 70 78 9 0 13 T M M 7.0 14 130 M M 5 19 140
2 88 66 77 8 0 12 T M M 4.1 14 140 M M 3 1 18 140
3 87 66 77 8 0 12 T M M 11.5 28 270 M M 4 35 280
4 75 57 66 -3 0 1 T M M 9.1 17 340 M M 3 20 290
5 82 58 70 0 0 5 0.00 M M 7.8 15 110 M M 3 19 100
6 81 59 70 0 0 5 0.54 M M 8.2 33 350 M M 6 123 42 360
7 78 60 69 -1 0 4 0.03 M M 14.0 24 10 M M 5 1 28 20
8 76 56 66 -4 0 1 0.00 M M 14.2 23 70 M M 6 30 60
9 78 67 73 3 0 8 0.00 M M 14.7 25 90 M M 8 34 70
10 79 68 74 4 0 9 T M M 16.3 28 70 M M 8 8 34 90
11 81 67 74 4 0 9 0.01 0.0 0 15.4 26 70 M M 5 34 100
12 82 62 72 2 0 7 0.00 0.0 0 8.9 22 90 M M 3 27 110
13 83 61 72 2 0 7 0.00 0.0 0 6.9 17 100 M M 4 21 100
14 83 61 72 2 0 7 0.00 0.0 0 5.5 17 100 M M 3 21 90
15 85 62 74 4 0 9 0.00 0.0 0 6.5 14 120 M M 1 12 19 100
16 84 70 77 7 0 12 T M M 8.9 18 120 M M 3 25 120
17 86 72 79 9 0 14 T 0.0 M 8.9 18 130 M M 4 25 120
18 87 74 81 11 0 16 T M M 7.7 20 150 M M 4 28 150
19 88 64 76 6 0 11 T M M 11.1 21 300 M M 5 25 310
20 81 56 69 -1 0 4 0.00 0.0 0 10.2 20 350 M M 4 25 360
21 79 58 69 -1 0 4 0.00 M M 10.8 20 260 M M 6 28 290
22 79 55 67 -3 0 2 0.00 M M 6.1 15 260 M M 4 20 270
23 81 60 71 1 0 6 T 0.0 0 4.7 15 130 M M 3 19 130
24 87 59 73 3 0 8 0.00 M M 6.1 15 120 M M 1 20 120
25 88 75 82 12 0 17 T 0.0 0 10.6 18 140 M M 2 26 130
26 88 74 81 11 0 16 T 0.0 0 10.5 18 120 M M 3 25 120
27 87 71 79 9 0 14 T 0.0 0 11.3 20 120 M M 2 25 120
28 88 74 81 10 0 16 T 0.0 0 9.0 18 120 M M 3 25 110
29 87 69 78 7 0 13 0.00 M M 5.8 14 130 M M 4 18 140
30 88 72 80 9 0 15 T M M 11.5 21 110 M M 3 25 110
31 89 70 80 9 0 15 T M M 9.4 18 110 M M 2 25 130
================================================================================
SM 2591 2013 0 292 0.58 0.0 292.7 M 120
================================================================================
AV 83.6 64.9 9.4 FASTST M M 4 MAX(MPH)
MISC ----> 33 350 42 360
================================================================================
NOTES:
# LAST OF SEVERAL OCCURRENCES
COLUMN 17 PEAK WIND IN M.P.H.
PRELIMINARY LOCAL CLIMATOLOGICAL DATA (WS FORM: F-6) , PAGE 2
STATION: KENDALL-TAMIAMI EXEC ARPT
MONTH: MARCH
YEAR: 2021
LATITUDE: 25 38 N
LONGITUDE: 80 26 W
[TEMPERATURE DATA] [PRECIPITATION DATA] SYMBOLS USED IN COLUMN 16
AVERAGE MONTHLY: 74.3 TOTAL FOR MONTH: 0.58 1 = FOG OR MIST
DPTR FM NORMAL: 4.4 DPTR FM NORMAL: -2.29 2 = FOG REDUCING VISIBILITY
HIGHEST: 89 ON 31 GRTST 24HR 0.57 ON 6- 7 TO 1/4 MILE OR LESS
LOWEST: 55 ON 22 3 = THUNDER
SNOW, ICE PELLETS, HAIL 4 = ICE PELLETS
TOTAL MONTH: 0.0 INCH 5 = HAIL
GRTST 24HR 0.0 6 = FREEZING RAIN OR DRIZZLE
GRTST DEPTH: 0 7 = DUSTSTORM OR SANDSTORM:
VSBY 1/2 MILE OR LESS
8 = SMOKE OR HAZE
[NO. OF DAYS WITH] [WEATHER - DAYS WITH] 9 = BLOWING SNOW
X = TORNADO
MAX 32 OR BELOW: 0 0.01 INCH OR MORE: 3
MAX 90 OR ABOVE: 0 0.10 INCH OR MORE: 1
MIN 32 OR BELOW: 0 0.50 INCH OR MORE: 1
MIN 0 OR BELOW: 0 1.00 INCH OR MORE: 0
[HDD (BASE 65) ]
TOTAL THIS MO. 0 CLEAR (SCALE 0-3) 15
DPTR FM NORMAL -19 PTCLDY (SCALE 4-7) 14
TOTAL FM JUL 1 162 CLOUDY (SCALE 8-10) 2
DPTR FM NORMAL -32
[CDD (BASE 65) ]
TOTAL THIS MO. 292
DPTR FM NORMAL 121 [PRESSURE DATA]
TOTAL FM JAN 1 694 HIGHEST SLP 30.41 ON 9
DPTR FM NORMAL 304 LOWEST SLP 29.82 ON 6
[REMARKS]
#FINAL-03-21#