000
CXUS54 KEWX 191010
CF6ATT
PRELIMINARY LOCAL CLIMATOLOGICAL DATA (WS FORM: F-6)
STATION: AUSTIN CAMP MABRY
MONTH: APRIL
YEAR: 2024
LATITUDE: 30 17 N
LONGITUDE: 97 42 W
TEMPERATURE IN F: :PCPN: SNOW: WIND :SUNSHINE: SKY :PK WND
================================================================================
1 2 3 4 5 6A 6B 7 8 9 10 11 12 13 14 15 16 17 18
12Z AVG MX 2MIN
DY MAX MIN AVG DEP HDD CDD WTR SNW DPTH SPD SPD DIR MIN PSBL S-S WX SPD DR
================================================================================
1 83 67 75 8 0 10 T 0.0 0 7.2 16 300 M M 7 18 35 290
2 76 57 67 0 0 2 0.06 0.0 0 6.3 16 360 M M 1 3 28 330
3 84 50 67 0 0 2 0.00 0.0 M 5.9 13 290 M M 0 24 310
4 89 48 69 2 0 4 0.00 0.0 0 2.5 12 150 M M 0 18 120
5 88 53 71 3 0 6 0.00 0.0 0 6.1 16 150 M M 0 31 140
6 79 63 71 3 0 6 T 0.0 0 7.9 16 150 M M 7 27 160
7 83 61 72 4 0 7 0.06 0.0 0 3.4 12 360 M M 3 1 19 180
8 80 61 71 3 0 6 0.16 0.0 0 4.0 12 160 M M 9 1 20 160
9 84 64 74 6 0 9 1.54 T 0 6.3 18 320 M M 8 12358 36 340
10 71 57 64 -4 1 0 0.17 0.0 0 8.0 18 290 M M 5 13 37 300
11 84 54 69 0 0 4 0.00 0.0 0 5.1 12 350 M M 0 22 360
12 83 51 67 -2 0 2 0.00 0.0 0 5.3 15 150 M M 0 26 140
13 83 63 73 4 0 8 0.00 0.0 0 7.5 16 160 M M 3 31 120
14 85 65 75 6 0 10 0.00 0.0 0 6.0 14 160 M M 7 26 150
15 84 70 77 7 0 12 T 0.0 0 8.7 20 140 M M 9 38 140
16 81 70 76 6 0 11 0.03 0.0 0 3.7 14 160 M M 10 18 25 180
17 83 72 78 8 0 13 T 0.0 0 4.8 13 140 M M 8 18 23 130
18 88 72 80 10 0 15 0.00 0.0 0 5.4 12 140 M M 6 18 20 170
================================================================================
SM 1488 1098 1 127 2.02 T 104.1 M 83
================================================================================
AV 82.7 61.0 5.8 FASTST M M 5 MAX(MPH)
MISC ----> 20 140 38 140
================================================================================
NOTES:
# LAST OF SEVERAL OCCURRENCES
COLUMN 17 PEAK WIND IN M.P.H.
PRELIMINARY LOCAL CLIMATOLOGICAL DATA (WS FORM: F-6) , PAGE 2
STATION: AUSTIN CAMP MABRY
MONTH: APRIL
YEAR: 2024
LATITUDE: 30 17 N
LONGITUDE: 97 42 W
[TEMPERATURE DATA] [PRECIPITATION DATA] SYMBOLS USED IN COLUMN 16
AVERAGE MONTHLY: 71.8 TOTAL FOR MONTH: 2.02 1 = FOG OR MIST
DPTR FM NORMAL: 3.4 DPTR FM NORMAL: 0.66 2 = FOG REDUCING VISIBILITY
HIGHEST: 89 ON 4 GRTST 24HR 1.71 ON 9-10 TO 1/4 MILE OR LESS
LOWEST: 48 ON 4 3 = THUNDER
SNOW, ICE PELLETS, HAIL 4 = ICE PELLETS
TOTAL MONTH: T 5 = HAIL
GRTST 24HR T ON 9- 9 6 = FREEZING RAIN OR DRIZZLE
GRTST DEPTH: 0 7 = DUSTSTORM OR SANDSTORM:
VSBY 1/2 MILE OR LESS
8 = SMOKE OR HAZE
[NO. OF DAYS WITH] [WEATHER - DAYS WITH] 9 = BLOWING SNOW
X = TORNADO
MAX 32 OR BELOW: 0 0.01 INCH OR MORE: 6
MAX 90 OR ABOVE: 0 0.10 INCH OR MORE: 3
MIN 32 OR BELOW: 0 0.50 INCH OR MORE: 1
MIN 0 OR BELOW: 0 1.00 INCH OR MORE: 1
[HDD (BASE 65) ]
TOTAL THIS MO. 1 CLEAR (SCALE 0-3) 7
DPTR FM NORMAL -27 PTCLDY (SCALE 4-7) 7
TOTAL FM JUL 1 1294 CLOUDY (SCALE 8-10) 4
DPTR FM NORMAL -140
[CDD (BASE 65) ]
TOTAL THIS MO. 127
DPTR FM NORMAL 39 [PRESSURE DATA]
TOTAL FM JAN 1 275 HIGHEST SLP M ON M
DPTR FM NORMAL 80 LOWEST SLP 29.53 ON 1
[REMARKS]