000
CXUS53 KIND 180600
CF6EYE
PRELIMINARY LOCAL CLIMATOLOGICAL DATA (WS FORM: F-6)
STATION: INDIANAPOLIS EAGLE CREEK IN
MONTH: APRIL
YEAR: 2024
LATITUDE: 39 49 N
LONGITUDE: 86 18 W
TEMPERATURE IN F: :PCPN: SNOW: WIND :SUNSHINE: SKY :PK WND
================================================================================
1 2 3 4 5 6A 6B 7 8 9 10 11 12 13 14 15 16 17 18
12Z AVG MX 2MIN
DY MAX MIN AVG DEP HDD CDD WTR SNW DPTH SPD SPD DIR MIN PSBL S-S WX SPD DR
================================================================================
1 66 48 57 9 8 0 1.50 M M 6.6 24 290 M M 9 13 34 280
2 70 41 56 7 9 0 1.77 M M 10.0 31 290 M M 9 123 46 280
3 45 36 41 -8 24 0 0.16 M M 11.1 22 270 M M 10 1 38 280
4 42 36 39 -11 26 0 0.15 M M 12.7 23 300 M M 10 1 29 290
5 48 37 43 -7 22 0 0.03 M M 10.2 17 360 M M 8 27 10
6 59 33 46 -4 19 0 0.00 M M 4.1 10 60 M M 0 13 50
7 65 39 52 1 13 0 0.01 M M 9.8 24 120 M M 4 3 34 130
8 77 44 61 10 4 0 0.00 M M 3.1 12 210 M M 1 1 18 210
9 73 50 62 11 3 0 0.05 M M 5.9 16 210 M M 6 13 24 200
10 62 54 58 6 7 0 1.55 M M 5.8 13 70 M M 10 1 19 80
11 61 51 56 4 9 0 1.30 M M 10.9 24 330 M M 9 1 36 350
12 62 48 55 3 10 0 0.18 M M 14.8 33 290 M M 8 1 47 300
13 70 46 58 5 7 0 0.00 M M 7.2 16 280 M M 0 24 290
14 81 57 69 16 0 4 0.00 M M 7.7 16 240 M M 0 28 220
15 81 63 72 19 0 7 0.00 M M 5.5 10 10 M M 0 16 10
16 83 61 72 18 0 7 0.05 M M 9.3 20 150 M M 1 3 32 150
17 75 55 65 11 0 0 0.01 M M 12.4 25 280 M M 7 40 240
================================================================================
SM 1120 799 161 18 6.76 M 147.1 M 92
================================================================================
AV 65.9 47.0 8.7 FASTST M M 5 MAX(MPH)
MISC ----> 33 290 47 300
================================================================================
NOTES:
# LAST OF SEVERAL OCCURRENCES
COLUMN 17 PEAK WIND IN M.P.H.
PRELIMINARY LOCAL CLIMATOLOGICAL DATA (WS FORM: F-6) , PAGE 2
STATION: INDIANAPOLIS EAGLE CREEK IN
MONTH: APRIL
YEAR: 2024
LATITUDE: 39 49 N
LONGITUDE: 86 18 W
[TEMPERATURE DATA] [PRECIPITATION DATA] SYMBOLS USED IN COLUMN 16
AVERAGE MONTHLY: 56.4 TOTAL FOR MONTH: 6.76 1 = FOG OR MIST
DPTR FM NORMAL: 5.1 DPTR FM NORMAL: 4.50 2 = FOG REDUCING VISIBILITY
HIGHEST: 83 ON 16 GRTST 24HR 3.23 ON 1- 2 TO 1/4 MILE OR LESS
LOWEST: 33 ON 6 3 = THUNDER
SNOW, ICE PELLETS, HAIL 4 = ICE PELLETS
TOTAL MONTH: M 5 = HAIL
GRTST 24HR M ON M 6 = FREEZING RAIN OR DRIZZLE
GRTST DEPTH: M ON M 7 = DUSTSTORM OR SANDSTORM:
VSBY 1/2 MILE OR LESS
8 = SMOKE OR HAZE
[NO. OF DAYS WITH] [WEATHER - DAYS WITH] 9 = BLOWING SNOW
X = TORNADO
MAX 32 OR BELOW: 0 0.01 INCH OR MORE: 12
MAX 90 OR ABOVE: 0 0.10 INCH OR MORE: 7
MIN 32 OR BELOW: 0 0.50 INCH OR MORE: 4
MIN 0 OR BELOW: 0 1.00 INCH OR MORE: 4
[HDD (BASE 65) ]
TOTAL THIS MO. 161 CLEAR (SCALE 0-3) 6
DPTR FM NORMAL -77 PTCLDY (SCALE 4-7) 5
TOTAL FM JUL 1 3997 CLOUDY (SCALE 8-10) 6
DPTR FM NORMAL -967
[CDD (BASE 65) ]
TOTAL THIS MO. 18
DPTR FM NORMAL 18 [PRESSURE DATA]
TOTAL FM JAN 1 21 HIGHEST SLP M ON M
DPTR FM NORMAL 18 LOWEST SLP 29.28 ON 2
[REMARKS]