000
CXUS54 KFWD 290730
CF6GVT
PRELIMINARY LOCAL CLIMATOLOGICAL DATA (WS FORM: F-6)
STATION: GREENVILLE
MONTH: MARCH
YEAR: 2024
LATITUDE: 33 4 N
LONGITUDE: 96 4 W
TEMPERATURE IN F: :PCPN: SNOW: WIND :SUNSHINE: SKY :PK WND
================================================================================
1 2 3 4 5 6A 6B 7 8 9 10 11 12 13 14 15 16 17 18
12Z AVG MX 2MIN
DY MAX MIN AVG DEP HDD CDD WTR SNW DPTH SPD SPD DIR MIN PSBL S-S WX SPD DR
================================================================================
1 64 40 52 -1 13 0 0.00 M M 6.8 14 160 M M 5 8 M M
2 80 46 63 10 2 0 0.00 M M 11.6 18 170 M M 0 1 26 180
3 78 62 70 17 0 5 0.00 M M 16.1 22 180 M M 4 29 190
4 83 60 72 19 0 7 0.00 M M 11.6 22 190 M M 5 1 24 190
5 79 59 69 15 0 4 0.00 M M 7.0 14 120 M M 3 18 21 100
6 77 52 65 11 0 0 0.00 M M 6.8 14 190 M M 2 8 23 190
7 68 61 65 11 0 0 0.37 M M 7.7 33 190 M M 0 1 46 190
8 69 46 58 4 7 0 0.40 M M 9.0 20 350 M M 0 1 30 350
9 59 42 51 -4 14 0 0.00 M M 12.1 20 350 M M 0 25 330
10 64 34 49 -6 16 0 0.00 M M 2.1 7 350 M M 0 18 M M
11 69 38 54 -1 11 0 0.00 M M 5.5 13 200 M M 0 18 20 160
12 74 45 60 4 5 0 0.00 M M 11.2 21 180 M M 0 26 180
13 78 61 70 14 0 5 0.00 M M 14.6 22 180 M M 0 28 170
14 79 67 73 17 0 8 0.00 M M 10.4 17 180 M M 0 25 170
15 67 56 62 6 3 0 0.28 M M 10.4 16 360 M M 0 1 23 350
16 64 55 60 3 5 0 1.44 M M 5.7 10 60 M M 0 1 M M
17 66 51 59 2 6 0 0.00 M M 8.6 15 10 M M 0 1 20 20
18 57 37 47 -10 18 0 0.00 M M 8.4 20 340 M M 0 25 340
19 65 30 48 -9 17 0 0.00 M M 5.4 10 190 M M 0 16 170
20 70 48 59 1 6 0 0.00 M M 7.5 12 190 M M 0 8 M M
21 65 53 59 1 6 0 1.81 M M 7.5 15 140 M M 0 1 22 130
22 64 54 59 1 6 0 0.23 M M 7.1 14 350 M M 0 18 21 350
23 67 45 56 -2 9 0 0.00 M M 7.7 13 360 M M 0 18 10
24 69 53 61 2 4 0 0.00 M M 17.3 25 180 M M 0 35 180
25 69 46 58 -1 7 0 1.23 M M 10.5 21 300 M M 0 13 28 170
26 58 37 48 -11 17 0 0.00 M M 8.0 15 290 M M 0 17 300
27 63 35 49 -10 16 0 0.00 M M 4.9 9 50 M M 0 M M
28 72 40 56 -4 9 0 0.00 M M 6.8 13 140 M M 0 18 140
================================================================================
SM 1937 1353 197 29 5.76 M 248.0 M 19
================================================================================
AV 69.2 48.3 8.9 FASTST M M 1 MAX(MPH)
MISC ----> 33 190 46 190
================================================================================
NOTES:
# LAST OF SEVERAL OCCURRENCES
COLUMN 17 PEAK WIND IN M.P.H.
PRELIMINARY LOCAL CLIMATOLOGICAL DATA (WS FORM: F-6) , PAGE 2
STATION: GREENVILLE
MONTH: MARCH
YEAR: 2024
LATITUDE: 33 4 N
LONGITUDE: 96 4 W
[TEMPERATURE DATA] [PRECIPITATION DATA] SYMBOLS USED IN COLUMN 16
AVERAGE MONTHLY: 58.8 TOTAL FOR MONTH: 5.76 1 = FOG OR MIST
DPTR FM NORMAL: 2.6 DPTR FM NORMAL: 1.95 2 = FOG REDUCING VISIBILITY
HIGHEST: 83 ON 4 GRTST 24HR 1.81 ON 21-21 TO 1/4 MILE OR LESS
LOWEST: 30 ON 19 3 = THUNDER
SNOW, ICE PELLETS, HAIL 4 = ICE PELLETS
TOTAL MONTH: M 5 = HAIL
GRTST 24HR M ON M 6 = FREEZING RAIN OR DRIZZLE
GRTST DEPTH: M ON M 7 = DUSTSTORM OR SANDSTORM:
VSBY 1/2 MILE OR LESS
8 = SMOKE OR HAZE
[NO. OF DAYS WITH] [WEATHER - DAYS WITH] 9 = BLOWING SNOW
X = TORNADO
MAX 32 OR BELOW: 0 0.01 INCH OR MORE: 7
MAX 90 OR ABOVE: 0 0.10 INCH OR MORE: 7
MIN 32 OR BELOW: 1 0.50 INCH OR MORE: 3
MIN 0 OR BELOW: 0 1.00 INCH OR MORE: 3
[HDD (BASE 65) ]
TOTAL THIS MO. 197 CLEAR (SCALE 0-3) 24
DPTR FM NORMAL -72 PTCLDY (SCALE 4-7) 4
TOTAL FM JUL 1 2102 CLOUDY (SCALE 8-10) 0
DPTR FM NORMAL -174
[CDD (BASE 65) ]
TOTAL THIS MO. 29
DPTR FM NORMAL 5 [PRESSURE DATA]
TOTAL FM JAN 1 55 HIGHEST SLP M ON M
DPTR FM NORMAL 23 LOWEST SLP M ON M
[REMARKS]