000
CXUS52 KTBW 281000
CF6TBW
PRELIMINARY LOCAL CLIMATOLOGICAL DATA (WS FORM: F-6)
STATION: RUSKIN WFO
MONTH: MARCH
YEAR: 2024
LATITUDE: 27 42 N
LONGITUDE: 82 24 W
TEMPERATURE IN F: :PCPN: SNOW: WIND :SUNSHINE: SKY :PK WND
================================================================================
1 2 3 4 5 6A 6B 7 8 9 10 11 12 13 14 15 16 17 18
12Z AVG MX 2MIN
DY MAX MIN AVG DEP HDD CDD WTR SNW DPTH SPD SPD DIR MIN PSBL S-S WX SPD DR
================================================================================
1 82 66 74 8 0 9 0.00 0.0 0 M M M M M M M M
2 81 64 73 7 0 8 0.00 0.0 0 M M M M M M M M
3 85 65 75 9 0 10 0.09 0.0 0 M M M M M M 1 M M
4 84 65 75 9 0 10 0.00 0.0 0 M M M M M M M M
5 85 66 76 10 0 11 0.47 0.0 0 M M M M M M 3 M M
6 81 67 74 8 0 9 0.07 0.0 0 M M M M M M M M
7 83 64 74 8 0 9 0.00 0.0 0 M M M M M M M M
8 87 64 76 10 0 11 0.00 0.0 0 M M M M M M M M
9 86 72 79 12 0 14 0.00 0.0 0 M M M M M M M M
10 77 64 71 4 0 6 0.05 0.0 0 M M M M M M M M
11 79 54 67 0 0 2 0.00 0.0 0 M M M M M M M M
12 81 57 69 2 0 4 0.00 0.0 0 M M M M M M M M
13 83 60 72 5 0 7 0.00 0.0 0 M M M M M M M M
14 88 65 77 10 0 12 0.00 0.0 0 M M M M M M M M
15 86 66 76 9 0 11 0.00 0.0 0 M M M M M M M M
16 82 66 74 7 0 9 0.00 0.0 0 M M M M M M 1 M M
17 83 65 74 6 0 9 0.00 0.0 0 M M M M M M 12 M M
18 84 69 77 9 0 12 0.02 0.0 0 M M M M M M M M
19 73 56 65 -3 0 0 0.00 0.0 0 M M M M M M M M
20 77 49 63 -5 2 0 0.00 0.0 0 M M M M M M M M
21 84 54 69 1 0 4 T 0.0 0 M M M M M M M M
22 75 65 70 2 0 5 0.33 0.0 0 M M M M M M M M
23 79 65 72 4 0 7 T 0.0 0 M M M M M M M M
24 84 60 72 4 0 7 0.00 0.0 0 M M M M M M M M
25 85 61 73 4 0 8 0.00 0.0 0 M M M M M M M M
26 88 64 76 7 0 11 0.00 0.0 0 M M M M M M M M
27 86 67 77 8 0 12 0.53 0.0 0 M M M M M M 3 M M
================================================================================
SM 2228 1700 2 217 1.56 0.0 M M M
================================================================================
AV 82.5 63.0 M FASTST M M M MAX(MPH)
MISC ----> M M M M
================================================================================
NOTES:
# LAST OF SEVERAL OCCURRENCES
COLUMN 17 PEAK WIND IN M.P.H.
PRELIMINARY LOCAL CLIMATOLOGICAL DATA (WS FORM: F-6) , PAGE 2
STATION: RUSKIN WFO
MONTH: MARCH
YEAR: 2024
LATITUDE: 27 42 N
LONGITUDE: 82 24 W
[TEMPERATURE DATA] [PRECIPITATION DATA] SYMBOLS USED IN COLUMN 16
AVERAGE MONTHLY: 72.7 TOTAL FOR MONTH: 1.56 1 = FOG OR MIST
DPTR FM NORMAL: 5.5 DPTR FM NORMAL: -0.97 2 = FOG REDUCING VISIBILITY
HIGHEST: 88 ON 26,14 GRTST 24HR 0.53 ON 27-27 TO 1/4 MILE OR LESS
LOWEST: 49 ON 20 3 = THUNDER
SNOW, ICE PELLETS, HAIL 4 = ICE PELLETS
TOTAL MONTH: 0.0 INCH 5 = HAIL
GRTST 24HR 0.0 6 = FREEZING RAIN OR DRIZZLE
GRTST DEPTH: 0 7 = DUSTSTORM OR SANDSTORM:
VSBY 1/2 MILE OR LESS
8 = SMOKE OR HAZE
[NO. OF DAYS WITH] [WEATHER - DAYS WITH] 9 = BLOWING SNOW
X = TORNADO
MAX 32 OR BELOW: 0 0.01 INCH OR MORE: 7
MAX 90 OR ABOVE: 0 0.10 INCH OR MORE: 3
MIN 32 OR BELOW: 0 0.50 INCH OR MORE: 1
MIN 0 OR BELOW: 0 1.00 INCH OR MORE: 0
[HDD (BASE 65) ]
TOTAL THIS MO. 2 CLEAR (SCALE 0-3) 0
DPTR FM NORMAL -44 PTCLDY (SCALE 4-7) 0
TOTAL FM JUL 1 327 CLOUDY (SCALE 8-10) 27
DPTR FM NORMAL -156
[CDD (BASE 65) ]
TOTAL THIS MO. 217
DPTR FM NORMAL 108 [PRESSURE DATA]
TOTAL FM JAN 1 331 HIGHEST SLP M ON M
DPTR FM NORMAL 99 LOWEST SLP M ON M
[REMARKS]