000
CXUS52 KMLB 190625
CF6DAB
PRELIMINARY LOCAL CLIMATOLOGICAL DATA (WS FORM: F-6)
STATION: DAYTONA BEACH
MONTH: APRIL
YEAR: 2024
LATITUDE: 29 10 N
LONGITUDE: 81 3 W
TEMPERATURE IN F: :PCPN: SNOW: WIND :SUNSHINE: SKY :PK WND
================================================================================
1 2 3 4 5 6A 6B 7 8 9 10 11 12 13 14 15 16 17 18
12Z AVG MX 2MIN
DY MAX MIN AVG DEP HDD CDD WTR SNW DPTH SPD SPD DIR MIN PSBL S-S WX SPD DR
================================================================================
1 82 59 71 3 0 6 0.00 0.0 0 5.8 13 100 M M 7 19 100
2 86 64 75 7 0 10 0.00 0.0 0 6.6 18 250 M M 7 24 260
3 80 60 70 2 0 5 0.91 0.0 0 10.6 30 250 M M 8 13 38 250
4 76 54 65 -3 0 0 0.00 0.0 0 11.0 24 250 M M 3 32 260
5 78 50 64 -4 1 0 0.00 0.0 0 9.4 21 240 M M 1 8 31 250
6 70 55 63 -5 2 0 0.00 0.0 0 10.0 20 40 M M 2 26 10
7 72 50 61 -8 4 0 0.00 0.0 0 5.1 16 70 M M 3 21 60
8 75 56 66 -3 0 1 0.00 0.0 0 4.6 17 80 M M 7 26 100
9 78 58 68 -1 0 3 0.00 0.0 0 6.3 17 100 M M 7 27 110
10 79 66 73 4 0 8 0.00 0.0 0 7.3 21 110 M M 6 34 120
11 80 67 74 5 0 9 0.16 0.0 0 14.9 24 250 M M 6 13 42 180
12 81 57 69 -1 0 4 0.00 0.0 0 11.8 25 250 M M 1 34 260
13 74 52 63 -7 2 0 0.00 0.0 0 6.2 17 20 M M 1 26 20
14 82 51 67 -3 0 2 0.00 0.0 0 4.6 13 70 M M 1 20 60
15 82 59 71 1 0 6 0.00 0.0 0 5.2 12 70 M M 3 18 50
16 79 57 68 -2 0 3 0.00 0.0 0 4.4 14 100 M M 3 22 90
17 81 61 71 1 0 6 0.00 0.0 0 4.9 15 110 M M 4 1 21 110
18 86 63 75 4 0 10 0.00 0.0 0 4.6 14 70 M M 5 20 60
================================================================================
SM 1421 1039 9 73 1.07 0.0 133.3 M 75
================================================================================
AV 78.9 57.7 7.4 FASTST M M 4 MAX(MPH)
MISC ----> 30 250 42 180
================================================================================
NOTES:
# LAST OF SEVERAL OCCURRENCES
COLUMN 17 PEAK WIND IN M.P.H.
PRELIMINARY LOCAL CLIMATOLOGICAL DATA (WS FORM: F-6) , PAGE 2
STATION: DAYTONA BEACH
MONTH: APRIL
YEAR: 2024
LATITUDE: 29 10 N
LONGITUDE: 81 3 W
[TEMPERATURE DATA] [PRECIPITATION DATA] SYMBOLS USED IN COLUMN 16
AVERAGE MONTHLY: 68.3 TOTAL FOR MONTH: 1.07 1 = FOG OR MIST
DPTR FM NORMAL: -0.8 DPTR FM NORMAL: -0.34 2 = FOG REDUCING VISIBILITY
HIGHEST: 86 ON 18, 2 GRTST 24HR 0.91 ON 3- 3 TO 1/4 MILE OR LESS
LOWEST: 50 ON 7, 5 3 = THUNDER
SNOW, ICE PELLETS, HAIL 4 = ICE PELLETS
TOTAL MONTH: 0.0 INCH 5 = HAIL
GRTST 24HR 0.0 6 = FREEZING RAIN OR DRIZZLE
GRTST DEPTH: 0 7 = DUSTSTORM OR SANDSTORM:
VSBY 1/2 MILE OR LESS
8 = SMOKE OR HAZE
[NO. OF DAYS WITH] [WEATHER - DAYS WITH] 9 = BLOWING SNOW
X = TORNADO
MAX 32 OR BELOW: 0 0.01 INCH OR MORE: 2
MAX 90 OR ABOVE: 0 0.10 INCH OR MORE: 2
MIN 32 OR BELOW: 0 0.50 INCH OR MORE: 1
MIN 0 OR BELOW: 0 1.00 INCH OR MORE: 0
[HDD (BASE 65) ]
TOTAL THIS MO. 9 CLEAR (SCALE 0-3) 9
DPTR FM NORMAL -7 PTCLDY (SCALE 4-7) 8
TOTAL FM JUL 1 530 CLOUDY (SCALE 8-10) 1
DPTR FM NORMAL -173
[CDD (BASE 65) ]
TOTAL THIS MO. 73
DPTR FM NORMAL -17 [PRESSURE DATA]
TOTAL FM JAN 1 302 HIGHEST SLP M ON M
DPTR FM NORMAL 45 LOWEST SLP 29.61 ON 3
[REMARKS]