000
CXUS54 KFWD 280731
CF6F46
PRELIMINARY LOCAL CLIMATOLOGICAL DATA (WS FORM: F-6)
STATION: ROCKWALL
MONTH: MARCH
YEAR: 2024
LATITUDE: 32 55 N
LONGITUDE: 96 26 W
TEMPERATURE IN F: :PCPN: SNOW: WIND :SUNSHINE: SKY :PK WND
================================================================================
1 2 3 4 5 6A 6B 7 8 9 10 11 12 13 14 15 16 17 18
12Z AVG MX 2MIN
DY MAX MIN AVG DEP HDD CDD WTR SNW DPTH SPD SPD DIR MIN PSBL S-S WX SPD DR
================================================================================
1 65 41 53 M 12 0 0.00 M M 5.5 10 170 M M 5 M M
2 82 51 67 M 0 2 0.00 M M 12.0 20 190 M M 0 1 25 190
3 80 61 71 M 0 6 0.00 M M 14.4 21 190 M M 3 29 190
4 82 65 74 M 0 9 0.00 M M 9.9 18 210 M M 4 28 220
5 79 60 70 M 0 5 0.00 M M 4.9 14 340 M M 3 18 340
6 76 51 64 M 1 0 0.09 M M 6.0 29 240 M M 3 8 37 240
7 69 60 65 M 0 0 1.70 M M 7.3 13 130 M M 7 3 21 130
8 70 44 57 M 8 0 0.94 M M 10.7 18 320 M M 9 3 24 340
9 58 42 50 M 15 0 0.00 M M 10.6 16 340 M M 5 26 340
10 63 40 52 M 13 0 0.00 M M 1.7 6 250 M M 0 M M
11 68 48 58 M 7 0 0.00 M M 6.1 9 200 M M 2 20 210
12 73 51 62 M 3 0 0.00 M M 11.2 20 200 M M 5 28 200
13 78 63 71 M 0 6 0.00 M M 13.1 20 190 M M 5 26 190
14 79 68 74 M 0 9 0.00 M M 8.2 17 190 M M 10 23 170
15 69 56 63 M 2 0 0.17 M M 8.3 17 50 M M 8 3 23 50
16 63 54 59 M 6 0 1.10 M M 5.4 12 30 M M 9 13 17 90
17 66 52 59 M 6 0 0.02 M M 7.2 14 30 M M 6 21 30
18 56 42 49 M 16 0 0.00 M M 7.6 16 20 M M 2 23 20
19 65 38 52 M 13 0 0.00 M M 5.8 12 180 M M 0 16 200
20 71 50 61 M 4 0 0.00 M M 7.7 12 170 M M 5 17 210
21 65 56 61 M 4 0 1.32 M M 6.2 10 120 M M 8 3 17 140
22 64 55 60 M 5 0 0.01 M M 5.1 13 40 M M 7 1 17 350
23 67 46 57 M 8 0 0.00 M M 5.5 9 10 M M 0 18 10
24 67 55 61 M 4 0 0.00 M M 12.5 20 180 M M 5 33 180
25 71 46 59 M 6 0 0.71 M M 9.5 18 330 M M 6 3 33 330
26 58 39 49 M 16 0 0.00 M M 7.7 16 320 M M 0 22 320
27 64 40 52 M 13 0 0.00 M M 5.0 9 50 M M 1 M M
================================================================================
SM 1868 1374 162 37 6.06 M 215.2 M 118
================================================================================
AV 69.2 50.9 8.0 FASTST M M 4 MAX(MPH)
MISC ----> 29 240 37 240
================================================================================
NOTES:
# LAST OF SEVERAL OCCURRENCES
COLUMN 17 PEAK WIND IN M.P.H.
PRELIMINARY LOCAL CLIMATOLOGICAL DATA (WS FORM: F-6) , PAGE 2
STATION: ROCKWALL
MONTH: MARCH
YEAR: 2024
LATITUDE: 32 55 N
LONGITUDE: 96 26 W
[TEMPERATURE DATA] [PRECIPITATION DATA] SYMBOLS USED IN COLUMN 16
AVERAGE MONTHLY: 60.0 TOTAL FOR MONTH: 6.06 1 = FOG OR MIST
DPTR FM NORMAL: 0.0 DPTR FM NORMAL: 6.06 2 = FOG REDUCING VISIBILITY
HIGHEST: 82 ON 2, 4 GRTST 24HR 1.70 ON 7- 7 TO 1/4 MILE OR LESS
LOWEST: 38 ON 19 3 = THUNDER
SNOW, ICE PELLETS, HAIL 4 = ICE PELLETS
TOTAL MONTH: M 5 = HAIL
GRTST 24HR M ON M 6 = FREEZING RAIN OR DRIZZLE
GRTST DEPTH: M ON M 7 = DUSTSTORM OR SANDSTORM:
VSBY 1/2 MILE OR LESS
8 = SMOKE OR HAZE
[NO. OF DAYS WITH] [WEATHER - DAYS WITH] 9 = BLOWING SNOW
X = TORNADO
MAX 32 OR BELOW: 0 0.01 INCH OR MORE: 9
MAX 90 OR ABOVE: 0 0.10 INCH OR MORE: 6
MIN 32 OR BELOW: 0 0.50 INCH OR MORE: 5
MIN 0 OR BELOW: 0 1.00 INCH OR MORE: 3
[HDD (BASE 65) ]
TOTAL THIS MO. 162 CLEAR (SCALE 0-3) 8
DPTR FM NORMAL M PTCLDY (SCALE 4-7) 15
TOTAL FM JUL 1 1720 CLOUDY (SCALE 8-10) 4
DPTR FM NORMAL M
[CDD (BASE 65) ]
TOTAL THIS MO. 37
DPTR FM NORMAL M [PRESSURE DATA]
TOTAL FM JAN 1 65 HIGHEST SLP M ON M
DPTR FM NORMAL M LOWEST SLP M ON M
[REMARKS]