000
CXUS54 KOUN 160810
CF6GOK
PRELIMINARY LOCAL CLIMATOLOGICAL DATA (WS FORM: F-6)
STATION: GUTHRIE MUNICIPAL
MONTH: APRIL
YEAR: 2024
LATITUDE: 35 50 N
LONGITUDE: 97 25 W
TEMPERATURE IN F: :PCPN: SNOW: WIND :SUNSHINE: SKY :PK WND
================================================================================
1 2 3 4 5 6A 6B 7 8 9 10 11 12 13 14 15 16 17 18
12Z AVG MX 2MIN
DY MAX MIN AVG DEP HDD CDD WTR SNW DPTH SPD SPD DIR MIN PSBL S-S WX SPD DR
================================================================================
1 79 51 65 9 0 0 0.69 M M 9.4 28 300 M M 6 138 38 200
2 61 42 52 -5 13 0 T M M 9.2 18 330 M M 6 18 33 330
3 65 41 53 -4 12 0 0.00 M M 8.1 20 320 M M 1 34 20
4 72 37 55 -2 10 0 0.00 M M 5.2 13 50 M M 0 18 10
5 84 52 68 10 0 3 0.00 M M 12.1 18 150 M M 0 8 28 160
6 78 59 69 11 0 4 0.14 M M 16.8 36 180 M M 3 1 50 170
7 75 52 64 6 1 0 0.00 M M 11.3 20 260 M M 0 31 250
8 73 44 59 1 6 0 0.00 M M 5.9 15 170 M M 0 8 21 150
9 73 54 64 6 1 0 0.10 M M 10.6 22 90 M M 3 38 33 90
10 70 47 59 0 6 0 0.68 M M 6.3 21 360 M M 6 1 35 360
11 70 45 58 -1 7 0 0.00 M M 7.9 20 320 M M 0 39 350
12 82 41 62 3 3 0 0.00 M M 6.9 20 200 M M 0 28 230
13 85 64 75 15 0 10 0.00 M M 16.8 26 180 M M 0 38 190
14 93 66 80 20 0 15 0.00 0.0 M 13.2 22 200 M M 0 33 200
15 76 67 72 12 0 7 T 0.0 M 15.2 30 170 M M 4 45 170
================================================================================
SM 1136 762 59 39 1.61 0.0 154.9 M 29
================================================================================
AV 75.7 50.8 10.3 FASTST M M 2 MAX(MPH)
MISC ----> 36 180 50 170
================================================================================
NOTES:
# LAST OF SEVERAL OCCURRENCES
COLUMN 17 PEAK WIND IN M.P.H.
PRELIMINARY LOCAL CLIMATOLOGICAL DATA (WS FORM: F-6) , PAGE 2
STATION: GUTHRIE MUNICIPAL
MONTH: APRIL
YEAR: 2024
LATITUDE: 35 50 N
LONGITUDE: 97 25 W
[TEMPERATURE DATA] [PRECIPITATION DATA] SYMBOLS USED IN COLUMN 16
AVERAGE MONTHLY: 63.3 TOTAL FOR MONTH: 1.61 1 = FOG OR MIST
DPTR FM NORMAL: 5.0 DPTR FM NORMAL: -0.06 2 = FOG REDUCING VISIBILITY
HIGHEST: 93 ON 14 GRTST 24HR 0.76 ON 9-10 TO 1/4 MILE OR LESS
LOWEST: 37 ON 4 3 = THUNDER
SNOW, ICE PELLETS, HAIL 4 = ICE PELLETS
TOTAL MONTH: 0.0 INCH 5 = HAIL
GRTST 24HR 0.0 6 = FREEZING RAIN OR DRIZZLE
GRTST DEPTH: M ON M 7 = DUSTSTORM OR SANDSTORM:
VSBY 1/2 MILE OR LESS
8 = SMOKE OR HAZE
[NO. OF DAYS WITH] [WEATHER - DAYS WITH] 9 = BLOWING SNOW
X = TORNADO
MAX 32 OR BELOW: 0 0.01 INCH OR MORE: 4
MAX 90 OR ABOVE: 1 0.10 INCH OR MORE: 4
MIN 32 OR BELOW: 0 0.50 INCH OR MORE: 2
MIN 0 OR BELOW: 0 1.00 INCH OR MORE: 0
[HDD (BASE 65) ]
TOTAL THIS MO. 59 CLEAR (SCALE 0-3) 10
DPTR FM NORMAL -66 PTCLDY (SCALE 4-7) 5
TOTAL FM JUL 1 3000 CLOUDY (SCALE 8-10) 0
DPTR FM NORMAL -439
[CDD (BASE 65) ]
TOTAL THIS MO. 39
DPTR FM NORMAL 14 [PRESSURE DATA]
TOTAL FM JAN 1 72 HIGHEST SLP M ON M
DPTR FM NORMAL 30 LOWEST SLP 29.46 ON 1
[REMARKS]