000
CXUS53 KARX 240900
CF6TOB
PRELIMINARY LOCAL CLIMATOLOGICAL DATA (WS FORM: F-6)
STATION: DODGE_CENTER MN
MONTH: APRIL
YEAR: 2024
LATITUDE: 44 1 N
LONGITUDE: 92 50 W
TEMPERATURE IN F: :PCPN: SNOW: WIND :SUNSHINE: SKY :PK WND
================================================================================
1 2 3 4 5 6A 6B 7 8 9 10 11 12 13 14 15 16 17 18
12Z AVG MX 2MIN
DY MAX MIN AVG DEP HDD CDD WTR SNW DPTH SPD SPD DIR MIN PSBL S-S WX SPD DR
================================================================================
1 36 32 34 M 31 0 M 0.0 0 9.9 22 60 M M 7 28 60
2 37 32 35 M 30 0 M M M 16.3 23 340 M M 10 1 29 350
3 45 30 38 M 27 0 M M M 21.4 29 340 M M 8 8 39 340
4 46 30 38 M 27 0 0.00 0.0 0 11.7 20 350 M M 5 27 350
5 54 27 41 M 24 0 0.00 0.0 0 3.2 8 90 M M 0 M M
6 57 27 42 M 23 0 0.00 0.0 0 16.3 25 120 M M 0 32 120
7 45 39 42 M 23 0 M 0.0 0 21.4 27 110 M M 8 36 110
8 48 39 44 M 21 0 T 0.0 0 12.4 22 230 M M 10 1 28 180
9 59 39 49 M 16 0 T 0.0 0 10.4 18 270 M M 6 25 250
10 66 37 52 M 13 0 0.00 0.0 0 6.9 14 300 M M 3 20 240
11 55 43 49 M 16 0 T 0.0 0 12.3 20 300 M M 5 27 300
12 59 37 48 M 17 0 0.00 0.0 0 14.2 24 320 M M 1 31 320
13 81 34 58 M 7 0 0.00 0.0 0 14.9 30 170 M M 0 36 180
14 73 46 60 M 5 0 0.00 0.0 0 8.1 20 330 M M 0 25 330
15 72 45 59 M 6 0 0.00 0.0 0 9.2 17 90 M M 0 23 70
16 57 46 52 M 13 0 M 0.0 0 19.9 33 100 M M 7 3 41 100
17 55 39 47 M 18 0 M 0.0 0 14.4 24 300 M M 7 33 300
18 50 32 41 M 24 0 M 0.0 0 9.9 20 280 M M 5 25 300
19 39 28 34 M 31 0 0.00 0.0 0 16.8 29 280 M M 5 40 280
20 45 28 37 M 28 0 0.00 0.0 0 12.5 20 310 M M 6 27 310
21 57 27 42 M 23 0 0.00 0.0 0 8.6 16 290 M M 0 23 310
22 68 34 51 M 14 0 M M M 16.2 31 210 M M 1 39 190
23 61 37 49 M 16 0 M M M 14.1 24 270 M M 3 30 270
================================================================================
SM 1265 808 453 0 T 0.0 301.0 M 97
================================================================================
AV 55.0 35.1 13.1 FASTST M M 4 MAX(MPH)
MISC ----> 33 100 41 100
================================================================================
NOTES:
# LAST OF SEVERAL OCCURRENCES
COLUMN 17 PEAK WIND IN M.P.H.
PRELIMINARY LOCAL CLIMATOLOGICAL DATA (WS FORM: F-6) , PAGE 2
STATION: DODGE_CENTER MN
MONTH: APRIL
YEAR: 2024
LATITUDE: 44 1 N
LONGITUDE: 92 50 W
[TEMPERATURE DATA] [PRECIPITATION DATA] SYMBOLS USED IN COLUMN 16
AVERAGE MONTHLY: 45.1 TOTAL FOR MONTH: T 1 = FOG OR MIST
DPTR FM NORMAL: 0.0 DPTR FM NORMAL: -0.00 2 = FOG REDUCING VISIBILITY
HIGHEST: 81 ON 13 GRTST 24HR T ON 8- 8 TO 1/4 MILE OR LESS
LOWEST: 27 ON 21, 6 3 = THUNDER
SNOW, ICE PELLETS, HAIL 4 = ICE PELLETS
TOTAL MONTH: 0.0 INCH 5 = HAIL
GRTST 24HR 0.0 6 = FREEZING RAIN OR DRIZZLE
GRTST DEPTH: 0 7 = DUSTSTORM OR SANDSTORM:
VSBY 1/2 MILE OR LESS
8 = SMOKE OR HAZE
[NO. OF DAYS WITH] [WEATHER - DAYS WITH] 9 = BLOWING SNOW
X = TORNADO
MAX 32 OR BELOW: 0 0.01 INCH OR MORE: 0
MAX 90 OR ABOVE: 0 0.10 INCH OR MORE: 0
MIN 32 OR BELOW: 10 0.50 INCH OR MORE: 0
MIN 0 OR BELOW: 0 1.00 INCH OR MORE: 0
[HDD (BASE 65) ]
TOTAL THIS MO. 453 CLEAR (SCALE 0-3) 10
DPTR FM NORMAL M PTCLDY (SCALE 4-7) 11
TOTAL FM JUL 1 6239 CLOUDY (SCALE 8-10) 2
DPTR FM NORMAL M
[CDD (BASE 65) ]
TOTAL THIS MO. 0
DPTR FM NORMAL M [PRESSURE DATA]
TOTAL FM JAN 1 0 HIGHEST SLP M ON M
DPTR FM NORMAL M LOWEST SLP M ON M
[REMARKS]