000
CXUS52 KMLB 080113 CCA
CLAVRB
CLIMATE REPORT
NATIONAL WEATHER SERVICE MELBOURNE FL
813 PM EST SUN JAN 7 2024
...................................
...THE VERO BEACH CLIMATE SUMMARY FOR THE YEAR OF 2023...
CLIMATE NORMAL PERIOD 1991 TO 2020
CLIMATE RECORD PERIOD 1942 TO 2023
WEATHER OBSERVED NORMAL DEPART LAST YEAR`S
VALUE DATE(S) VALUE FROM VALUE
NORMAL
..............................................................
TEMPERATURE (F)
YEARLY RECORDS
WARMEST 76.2 2015
COOLEST 70.6 1968
DAILY RECORD
HIGH 102 06/22/2009
LOW 21 01/22/1985
2023 DATA
HIGHEST 98 08/10 98
LOWEST 33 01/16 28
AVG. MAXIMUM 84.7 82.7 2.0 83.8
AVG. MINIMUM 66.6 64.5 2.1 65.6
MEAN 75.6 73.6 2.0 74.7
DAYS MAX >= 90 99 72.0 27.0 101
DAYS MAX <= 32 0 0.0 0.0 0
DAYS MIN <= 32 0 1.6 -1.6 2
DAYS MIN <= 0 0 0.0 0.0 0
PRECIPITATION (INCHES)
YEARLY RECORDS
MAXIMUM 81.74 1982
MINIMUM 32.70 1961
DAILY RECORD
MAXIMUM 11.22 05/17/2016
2023 DATA
TOTALS 55.30 53.25 2.05 45.17
DAYS >= .01 124 125.4 -1.4 113
DAYS >= .10 79 76.1 2.9 60
DAYS >= .50 36 32.2 3.8 25
DAYS >= 1.00 16 15.7 0.3 14
GREATEST
24 HR. TOTAL 3.23 07/31 TO 07/31
SNOWFALL (INCHES)
TOTALS 0.0 0.0 0.0 0.0
SINCE 7/1 0.0 0.0 0.0 MM
DAYS >= TRACE 0 0
DEGREE DAYS
HEATING TOTAL 171 400 -229 287
SINCE 7/1 62 119 -57 MM
COOLING TOTAL 4145 3555 590 3914
SINCE 1/1 4145 3555 590 MM
..............................................................
WIND (MPH)
AVERAGE WIND SPEED 8.2
HIGHEST WIND SPEED/DIRECTION 51/230 DATE 06/15
HIGHEST GUST SPEED/DIRECTION 67/230 DATE 06/15
SKY COVER
POSSIBLE SUNSHINE (PERCENT) MM
AVERAGE SKY COVER 0.30
NUMBER OF DAYS FAIR 246
NUMBER OF DAYS PC 98
NUMBER OF DAYS CLOUDY 21
AVERAGE RH (PERCENT) 74
WEATHER CONDITIONS. NUMBER OF DAYS WITH
THUNDERSTORM 103 MIXED PRECIP 0
HEAVY RAIN 67 RAIN 64
LIGHT RAIN 146 LT FREEZING RAIN 0
HAIL 0 LIGHT SNOW 0
SLEET 0 FOG 191
FOG W/VIS <= 1/4 MILE 30 HAZE 60
- INDICATES NEGATIVE NUMBERS.
R INDICATES RECORD WAS SET OR TIED.
MM INDICATES DATA IS MISSING.
T INDICATES TRACE AMOUNT.
$$