000
CXUS53 KLBF 010837
CLMLBF
CLIMATE REPORT
NATIONAL WEATHER SERVICE NORTH PLATTE NE
237 AM CST FRI MAR 01 2024
...................................
...THE NORTH PLATTE CLIMATE SUMMARY FOR THE MONTH OF FEBRUARY 2024...
CLIMATE NORMAL PERIOD 1991 TO 2020
CLIMATE RECORD PERIOD 1874 TO 2024
WEATHER OBSERVED NORMAL DEPART LAST YEAR`S
VALUE DATE(S) VALUE FROM VALUE DATE(S)
NORMAL
................................................................
TEMPERATURE (F)
RECORD
HIGH 79 02/21/2017
07/10/2179
11/21/2215686
LOW -35 MM
HIGHEST 73 02/26 66 7 58 02/26
LOWEST 2 02/28 -5 7 -7 02/23
AVG. MAXIMUM 53.2 43.9 9.3 40.0
AVG. MINIMUM 22.2 14.8 7.4 14.6
MEAN 37.7 29.4 8.3 27.3
DAYS MAX >= 90 0 0.0 0.0 0
DAYS MAX <= 32 1 7.4 -6.4 7
DAYS MIN <= 32 24 27.5 -3.5 28
DAYS MIN <= 0 0 2.9 -2.9 4
PRECIPITATION (INCHES)
RECORD
MAXIMUM 1.98 1978
MINIMUM T 1996
TOTALS 1.18 0.57 0.61 0.07
DAILY AVG. 0.04 NAN NAN 0.00
DAYS >= .01 7 5.3 1.7 3
DAYS >= .10 3 1.9 1.1 0
DAYS >= .50 1 0.1 0.9 0
DAYS >= 1.00 0 0.0 0.0 0
GREATEST
24 HR. TOTAL 0.53 02/21 TO 02/21 0.05 02/22 TO 02/23
SNOWFALL (INCHES)
RECORDS
TOTAL 20.6 1978
TOTALS 0.5 6.9 -6.4 1.0
SINCE 7/1 18.8 21.8 -3.0 MM
SNOWDEPTH AVG. T 2
DAYS >= 1.0 0 2.3 -2.3 0
GREATEST
SNOW DEPTH MM 7 02/01
24 HR TOTAL MM
DEGREE DAYS
HEATING TOTAL 782 998 -216 1046
SINCE 7/1 4325 4865 -540 MM
COOLING TOTAL 0 0 0 0
SINCE 1/1 0 0 0 MM
................................................................
WIND (MPH)
AVERAGE WIND SPEED 8.5
HIGHEST WIND SPEED/DIRECTION 38/280 DATE 02/21
38/280 02/26
HIGHEST GUST SPEED/DIRECTION 52/290 DATE 02/21
SKY COVER
POSSIBLE SUNSHINE (PERCENT) MM
AVERAGE SKY COVER 0.30
NUMBER OF DAYS FAIR 20
NUMBER OF DAYS PC 4
NUMBER OF DAYS CLOUDY 5
AVERAGE RH (PERCENT) 66
WEATHER CONDITIONS. NUMBER OF DAYS WITH
THUNDERSTORM 0 MIXED PRECIP 0
HEAVY RAIN 1 RAIN 2
LIGHT RAIN 5 FREEZING RAIN 0
LT FREEZING RAIN 0 HAIL 0
HEAVY SNOW 1 SNOW 1
LIGHT SNOW 3 SLEET 0
FOG 11 FOG W/VIS <= 1/4 MILE 6
HAZE 2
- INDICATES NEGATIVE NUMBERS.
R INDICATES RECORD WAS SET OR TIED.
MM INDICATES DATA IS MISSING.
T INDICATES TRACE AMOUNT.
$$