000
CXUS54 KJAN 050046
CLSHBG
CLIMATE REPORT
NATIONAL WEATHER SERVICE JACKSON MS
646 PM CST MON MAR 04 2024
...................................
...THE HATTIESBURG CLIMATE SUMMARY FOR THE SEASON, FROM
12/1/2023 TO 2/29/2024...
CLIMATE NORMAL PERIOD: 1991 TO 2020
CLIMATE RECORD PERIOD: 1893 TO 2024
WEATHER OBSERVED NORMAL DEPART LAST YEAR`S
VALUE DATE(S) VALUE FROM VALUE DATE(S)
NORMAL
................................................................
TEMPERATURE (F)
RECORD
HIGH 86 02/28/2023
LOW 4 12/23/1989
01/21/1985
HIGHEST 82 02/27 MM MM 86 02/28
LOWEST 15 01/17 MM MM 18 12/23
AVG. MAXIMUM 65.1 62.3 2.8 67.3
AVG. MINIMUM 40.0 40.1 -0.1 46.1
MEAN 52.5 51.2 1.3 56.7
DAYS MAX >= 90 0 0.0 0.0 0
DAYS MAX <= 32 1 0.0 1.0 0
DAYS MIN <= 32 26 27.9 -1.9 MM
DAYS MIN <= 0 0 0.0 0.0 MM
PRECIPITATION (INCHES)
RECORD
MAXIMUM 29.24 1966
MINIMUM 8.30 1957
TOTALS 17.35 15.68 1.67 18.19
DAILY AVG. 0.19 NAN NAN 0.20
DAYS >= .01 26 31.0 -5.0 32
DAYS >= .10 15 20.7 -5.7 21
DAYS >= .50 11 10.3 0.7 14
DAYS >= 1.00 9 5.4 3.6 8
SNOWFALL (INCHES)
TOTALS T
GREATEST
SNOW DEPTH 0
DEGREE DAYS
HEATING TOTAL 1165 1287 -122 895
SINCE 7/1 1440 1653 -213 MM
COOLING TOTAL 41 38 3 160
SINCE 1/1 28 23 5 MM
FREEZE DATES
RECORD
EARLIEST MM
LATEST MM
................................................................
WIND (MPH)
AVERAGE WIND SPEED 5.3
HIGHEST WIND SPEED/DIRECTION 31/280 DATE 02/04
HIGHEST GUST SPEED/DIRECTION 47/180 DATE 01/08
SKY COVER
POSSIBLE SUNSHINE (PERCENT) MM
AVERAGE SKY COVER 0.31
NUMBER OF DAYS FAIR 52
NUMBER OF DAYS PC 26
NUMBER OF DAYS CLOUDY 13
AVERAGE RH (PERCENT) 67
WEATHER CONDITIONS. NUMBER OF DAYS WITH
THUNDERSTORM 10 MIXED PRECIP 0
HEAVY RAIN 12 RAIN 17
LIGHT RAIN 28 FREEZING RAIN 0
LT FREEZING RAIN 0 HAIL 0
HEAVY SNOW 0 SNOW 0
LIGHT SNOW 1 SLEET 0
FOG 41 FOG W/VIS <= 1/4 MILE 6
HAZE 7
- INDICATES NEGATIVE NUMBERS.
R INDICATES RECORD WAS SET OR TIED.
MM INDICATES DATA IS MISSING.
T INDICATES TRACE AMOUNT.
$$