000
CXUS51 KBTV 010700
CF61V4
PRELIMINARY LOCAL CLIMATOLOGICAL DATA (WS FORM: F-6)
STATION: SAINT JOHNSBURY VT ASOS
MONTH: OCTOBER
YEAR: 2023
LATITUDE: 44 25 N
LONGITUDE: 72 1 W
TEMPERATURE IN F: :PCPN: SNOW: WIND :SUNSHINE: SKY :PK WND
================================================================================
1 2 3 4 5 6A 6B 7 8 9 10 11 12 13 14 15 16 17 18
12Z AVG MX 2MIN
DY MAX MIN AVG DEP HDD CDD WTR SNW DPTH SPD SPD DIR MIN PSBL S-S WX SPD DR
================================================================================
1 79 49 64 11 1 0 0.00 M M M M M M M 0 M M
2 76 48 62 10 3 0 0.00 M M M M M M M 0 M M
3 82 47 65 13 0 0 0.00 M M M M M M M 0 M M
4 86 55 71 20 0 6 0.00 M M M M M M M 0 M M
5 82 55 69 18 0 4 0.00 M M M M M M M 0 M M
6 72 55 64 13 1 0 0.00 M M M M M M M 0 M M
7 72 52 62 12 3 0 0.64 M M M M M M M 0 M M
8 59 50 55 5 10 0 0.15 M M M M M M M 0 M M
9 62 49 56 7 9 0 0.00 M M M M M M M 0 M M
10 60 47 54 5 11 0 0.00 M M M M M M M 0 M M
11 58 45 52 4 13 0 0.02 M M M M M M M 0 M M
12 60 40 50 2 15 0 0.03 M M M M M M M 0 M M
13 57 38 48 0 17 0 0.00 M M M M M M M 0 M M
14 57 42 50 3 15 0 0.00 M M M M M M M 0 M M
15 56 40 48 1 17 0 0.00 M M M M M M M 0 M M
16 58 50 54 7 11 0 0.05 M M M M M M M 0 M M
17 57 47 52 6 13 0 0.01 M M M M M M M 0 M M
18 60 48 54 8 11 0 0.00 M M M M M M M 0 M M
19 62 47 55 10 10 0 0.00 M M M M M M M 0 M M
20 60 49 55 10 10 0 0.37 M M M M M M M 0 M M
21 57 52 55 10 10 0 1.58 M M M M M M M 0 M M
22 52 41 47 3 18 0 0.60 M M M M M M M 0 M M
23 51 36 44 0 21 0 0.00 M M M M M M M 0 M M
24 52 35 44 0 21 0 0.06 M M M M M M M 0 M M
25 61 44 53 10 12 0 0.00 M M M M M M M 0 M M
26 69 51 60 17 5 0 0.00 M M M M M M M 0 M M
27 72 53 63 20 2 0 0.00 M M M M M M M 0 M M
28 73 45 59 17 6 0 0.00 M M M M M M M 0 M M
29 46 40 43 1 22 0 0.00 M M M M M M M 0 M M
30 46 37 42 0 23 0 0.73 M M M M M M M 0 M M
31 43 27 35 -6 30 0 0.00 M M M M M M M 0 M M
================================================================================
SM 1937 1414 340 10 4.24 M M M 0
================================================================================
AV 62.5 45.6 M FASTST M M 0 MAX(MPH)
MISC ----> M M M M
================================================================================
NOTES:
# LAST OF SEVERAL OCCURRENCES
COLUMN 17 PEAK WIND IN M.P.H.
PRELIMINARY LOCAL CLIMATOLOGICAL DATA (WS FORM: F-6) , PAGE 2
STATION: SAINT JOHNSBURY VT ASOS
MONTH: OCTOBER
YEAR: 2023
LATITUDE: 44 25 N
LONGITUDE: 72 1 W
[TEMPERATURE DATA] [PRECIPITATION DATA] SYMBOLS USED IN COLUMN 16
AVERAGE MONTHLY: 54.0 TOTAL FOR MONTH: 4.24 1 = FOG OR MIST
DPTR FM NORMAL: 7.3 DPTR FM NORMAL: 0.37 2 = FOG REDUCING VISIBILITY
HIGHEST: 86 ON 4 GRTST 24HR 1.58 ON 21-21 TO 1/4 MILE OR LESS
LOWEST: 27 ON 31 3 = THUNDER
SNOW, ICE PELLETS, HAIL 4 = ICE PELLETS
TOTAL MONTH: M 5 = HAIL
GRTST 24HR M ON M 6 = FREEZING RAIN OR DRIZZLE
GRTST DEPTH: M ON M 7 = DUSTSTORM OR SANDSTORM:
VSBY 1/2 MILE OR LESS
8 = SMOKE OR HAZE
[NO. OF DAYS WITH] [WEATHER - DAYS WITH] 9 = BLOWING SNOW
X = TORNADO
MAX 32 OR BELOW: 0 0.01 INCH OR MORE: 11
MAX 90 OR ABOVE: 0 0.10 INCH OR MORE: 6
MIN 32 OR BELOW: 1 0.50 INCH OR MORE: 4
MIN 0 OR BELOW: 0 1.00 INCH OR MORE: 1
[HDD (BASE 65) ]
TOTAL THIS MO. 340 CLEAR (SCALE 0-3) 31
DPTR FM NORMAL -228 PTCLDY (SCALE 4-7) 0
TOTAL FM JUL 1 444 CLOUDY (SCALE 8-10) 0
DPTR FM NORMAL -405
[CDD (BASE 65) ]
TOTAL THIS MO. 10
DPTR FM NORMAL 9 [PRESSURE DATA]
TOTAL FM JAN 1 521 HIGHEST SLP M ON M
DPTR FM NORMAL 191 LOWEST SLP M ON M
[REMARKS]
#FINAL-10-23#