000
CXUS55 KBOU 010900
CF620V
PRELIMINARY LOCAL CLIMATOLOGICAL DATA (WS FORM: F-6)
STATION: KREMMLING
MONTH: SEPTEMBER
YEAR: 2023
LATITUDE: 40 3 N
LONGITUDE: 106 22 W
TEMPERATURE IN F: :PCPN: SNOW: WIND :SUNSHINE: SKY :PK WND
================================================================================
1 2 3 4 5 6A 6B 7 8 9 10 11 12 13 14 15 16 17 18
12Z AVG MX 2MIN
DY MAX MIN AVG DEP HDD CDD WTR SNW DPTH SPD SPD DIR MIN PSBL S-S WX SPD DR
================================================================================
1 86 37 62 M 3 0 M M M 3.5 17 160 M M 1 30 160
2 81 43 62 M 3 0 M M M 3.9 15 260 M M 1 23 260
3 79 43 61 M 4 0 M M M 2.9 15 250 M M 3 3 31 250
4 73 41 57 M 8 0 M M M 7.4 22 250 M M 3 1 36 250
5 75 36 56 M 9 0 M M M 3.1 12 280 M M 2 22 260
6 81 34 58 M 7 0 M M M 5.5 18 260 M M 0 25 220
7 81 32 57 M 8 0 M M M 2.9 16 250 M M 0 23 250
8 81 32 57 M 8 0 M M M 4.3 20 240 M M 0 29 240
9 79 32 56 M 9 0 M M M 1.1 6 120 M M 2 M M
10 73 41 57 M 8 0 M M M 2.7 10 170 M M 5 22 230
11 73 41 57 M 8 0 M M M 3.1 7 260 M M 4 M M
12 73 32 53 M 12 0 M M M 2.3 8 320 M M 0 M M
13 73 34 54 M 11 0 M M M 2.7 12 10 M M 2 18 100
14 68 41 55 M 10 0 M M M 2.8 14 330 M M 7 3 22 340
15 68 39 54 M 11 0 M M M 2.5 10 10 M M 6 23 10
16 73 30 52 M 13 0 M M M 0.7 6 290 M M 1 12 M M
17 75 30 53 M 12 0 M M M 2.6 16 220 M M 3 21 210
18 70 36 53 M 12 0 M M M 3.2 20 220 M M 4 29 280
19 63 34 49 M 16 0 M M M 2.7 14 250 M M 7 12 31 250
20 75 34 55 M 10 0 M M M 3.8 14 230 M M 1 22 230
21 73 34 54 M 11 0 M M M 4.1 16 260 M M 2 3 21 260
22 70 27 49 M 16 0 M M M 6.4 21 240 M M 1 31 230
23 68 30 49 M 16 0 M M M 5.4 15 230 M M 0 23 250
24 70 21 46 M 19 0 M M M 2.3 8 340 M M 0 M M
25 73 23 48 M 17 0 M M M 1.2 6 50 M M 0 M M
26 79 28 54 M 11 0 M M M 2.4 14 250 M M 0 18 230
27 79 30 55 M 10 0 M M M 2.8 14 250 M M 0 21 280
28 79 27 53 M 12 0 M M M 4.7 17 220 M M 0 24 260
29 79 30 55 M 10 0 M M M 4.2 17 250 M M 0 22 250
30 79 27 53 M 12 0 M M M 3.2 15 180 M M 2 27 40
================================================================================
SM 2249 999 316 0 M M 100.3 M 57
================================================================================
AV 75.0 33.3 3.3 FASTST M M 2 MAX(MPH)
MISC ----> 22 250 36 250
================================================================================
NOTES:
# LAST OF SEVERAL OCCURRENCES
COLUMN 17 PEAK WIND IN M.P.H.
PRELIMINARY LOCAL CLIMATOLOGICAL DATA (WS FORM: F-6) , PAGE 2
STATION: KREMMLING
MONTH: SEPTEMBER
YEAR: 2023
LATITUDE: 40 3 N
LONGITUDE: 106 22 W
[TEMPERATURE DATA] [PRECIPITATION DATA] SYMBOLS USED IN COLUMN 16
AVERAGE MONTHLY: 54.1 TOTAL FOR MONTH: M 1 = FOG OR MIST
DPTR FM NORMAL: 0.0 DPTR FM NORMAL: M 2 = FOG REDUCING VISIBILITY
HIGHEST: 86 ON 1 GRTST 24HR M ON M TO 1/4 MILE OR LESS
LOWEST: 21 ON 24 3 = THUNDER
SNOW, ICE PELLETS, HAIL 4 = ICE PELLETS
TOTAL MONTH: M 5 = HAIL
GRTST 24HR M ON M 6 = FREEZING RAIN OR DRIZZLE
GRTST DEPTH: M ON M 7 = DUSTSTORM OR SANDSTORM:
VSBY 1/2 MILE OR LESS
8 = SMOKE OR HAZE
[NO. OF DAYS WITH] [WEATHER - DAYS WITH] 9 = BLOWING SNOW
X = TORNADO
MAX 32 OR BELOW: 0 0.01 INCH OR MORE: 0
MAX 90 OR ABOVE: 0 0.10 INCH OR MORE: 0
MIN 32 OR BELOW: 15 0.50 INCH OR MORE: 0
MIN 0 OR BELOW: 0 1.00 INCH OR MORE: 0
[HDD (BASE 65) ]
TOTAL THIS MO. 316 CLEAR (SCALE 0-3) 23
DPTR FM NORMAL M PTCLDY (SCALE 4-7) 7
TOTAL FM JUL 1 455 CLOUDY (SCALE 8-10) 0
DPTR FM NORMAL M
[CDD (BASE 65) ]
TOTAL THIS MO. 0
DPTR FM NORMAL M [PRESSURE DATA]
TOTAL FM JAN 1 50 HIGHEST SLP M ON M
DPTR FM NORMAL M LOWEST SLP M ON M
[REMARKS]
#FINAL-09-23#