000
CXUS53 KUNR 010930
CF62WX
PRELIMINARY LOCAL CLIMATOLOGICAL DATA (WS FORM: F-6)
STATION: BUFFALO SD
MONTH: MAY
YEAR: 2022
LATITUDE: 45 35 N
LONGITUDE: 103 33 W
TEMPERATURE IN F: :PCPN: SNOW: WIND :SUNSHINE: SKY :PK WND
================================================================================
1 2 3 4 5 6A 6B 7 8 9 10 11 12 13 14 15 16 17 18
12Z AVG MX 2MIN
DY MAX MIN AVG DEP HDD CDD WTR SNW DPTH SPD SPD DIR MIN PSBL S-S WX SPD DR
================================================================================
1 58 33 46 -3 19 0 0.00 M M 10.4 18 30 M M M 24 20
2 60 39 50 1 15 0 0.00 M M 11.3 22 150 M M M 29 120
3 57 34 46 -3 19 0 0.00 M M 19.3 32 130 M M M 41 130
4 55 39 47 -3 18 0 0.01 M M 7.5 16 160 M M M 20 120
5 70 38 54 4 11 0 0.00 M M 11.8 28 130 M M M 35 140
6 77 43 60 10 5 0 0.00 M M 10.1 23 140 M M M 29 290
7 77 46 62 11 3 0 0.00 M M 16.3 36 310 M M M 43 310
8 72 37 55 4 10 0 0.00 M M 11.9 40 330 M M M 51 340
9 57 39 48 -4 17 0 0.11 M M 18.3 37 280 M M M 45 280
10 69 36 53 1 12 0 0.00 M M 12.4 21 240 M M M 27 230
11 61 47 54 2 11 0 0.01 M M 13.9 28 20 M M M 34 20
12 53 46 50 -3 15 0 0.66 M M 21.0 46 280 M M M 60 280
13 66 44 55 2 10 0 0.06 M M 29.9 52 280 M M M 67 280
14 64 39 52 -2 13 0 0.00 M M 16.4 33 280 M M M 43 280
15 69 45 57 3 8 0 0.01 M M 13.8 25 310 M M M 35 270
16 80 44 62 8 3 0 0.00 M M 8.6 22 150 M M M 30 120
17 78 51 65 10 0 0 0.00 M M 10.7 22 330 M M M 27 330
18 69 48 59 4 6 0 0.02 M M 14.1 31 290 M M M 42 300
19 57 42 50 -5 15 0 0.02 M M 19.8 39 280 M M M 51 290
20 44 33 39 -17 26 0 0.03 M M 24.8 43 290 M M M 56 290
21 47 30 39 -17 26 0 0.01 M M 13.6 28 310 M M M 34 330
22 60 26 43 -13 22 0 0.00 M M 8.6 16 110 M M M 22 150
23 66 37 52 -5 13 0 0.00 M M 9.1 33 310 M M M 43 310
24 67 33 50 -7 15 0 0.20 M M 7.4 23 240 M M M 27 240
25 71 42 57 0 8 0 0.00 M M 5.4 15 190 M M M 21 200
26 77 48 63 5 2 0 0.00 M M 12.9 30 300 M M M 42 320
27 85 48 67 9 0 2 0.00 M M 15.3 36 320 M M M 44 290
28 80 49 65 7 0 0 0.25 M M 10.4 49 230 M M M 75 230
29 71 52 62 3 3 0 0.00 M M 12.9 24 320 M M M 30 340
30 57 51 54 -5 11 0 0.18 M M 19.1 33 320 M M M 42 340
31 63 45 54 -5 11 0 0.00 M M 21.8 40 330 M M M 52 320
================================================================================
SM 2037 1284 347 2 1.57 M 438.8 M M
================================================================================
AV 65.7 41.4 14.2 FASTST M M M MAX(MPH)
MISC ----> 52 280 75 230
================================================================================
NOTES:
# LAST OF SEVERAL OCCURRENCES
COLUMN 17 PEAK WIND IN M.P.H.
PRELIMINARY LOCAL CLIMATOLOGICAL DATA (WS FORM: F-6) , PAGE 2
STATION: BUFFALO SD
MONTH: MAY
YEAR: 2022
LATITUDE: 45 35 N
LONGITUDE: 103 33 W
[TEMPERATURE DATA] [PRECIPITATION DATA] SYMBOLS USED IN COLUMN 16
AVERAGE MONTHLY: 53.6 TOTAL FOR MONTH: 1.57 1 = FOG OR MIST
DPTR FM NORMAL: -0.5 DPTR FM NORMAL: -0.90 2 = FOG REDUCING VISIBILITY
HIGHEST: 85 ON 27 GRTST 24HR 0.66 ON 12-12 TO 1/4 MILE OR LESS
LOWEST: 26 ON 22 3 = THUNDER
SNOW, ICE PELLETS, HAIL 4 = ICE PELLETS
TOTAL MONTH: M 5 = HAIL
GRTST 24HR M ON M 6 = FREEZING RAIN OR DRIZZLE
GRTST DEPTH: M ON M 7 = DUSTSTORM OR SANDSTORM:
VSBY 1/2 MILE OR LESS
8 = SMOKE OR HAZE
[NO. OF DAYS WITH] [WEATHER - DAYS WITH] 9 = BLOWING SNOW
X = TORNADO
MAX 32 OR BELOW: 0 0.01 INCH OR MORE: 13
MAX 90 OR ABOVE: 0 0.10 INCH OR MORE: 5
MIN 32 OR BELOW: 2 0.50 INCH OR MORE: 1
MIN 0 OR BELOW: 0 1.00 INCH OR MORE: 0
[HDD (BASE 65) ]
TOTAL THIS MO. 347 CLEAR (SCALE 0-3) 0
DPTR FM NORMAL -1 PTCLDY (SCALE 4-7) 0
TOTAL FM JUL 1 7127 CLOUDY (SCALE 8-10) 31
DPTR FM NORMAL -443
[CDD (BASE 65) ]
TOTAL THIS MO. 2
DPTR FM NORMAL -8 [PRESSURE DATA]
TOTAL FM JAN 1 2 HIGHEST SLP 30.38 ON 22
DPTR FM NORMAL -8 LOWEST SLP 29.30 ON 9
[REMARKS]
#FINAL-05-22#