000
CXUS53 KUNR 010930
CF62WX
PRELIMINARY LOCAL CLIMATOLOGICAL DATA (WS FORM: F-6)
STATION: BUFFALO SD
MONTH: AUGUST
YEAR: 2021
LATITUDE: 45 35 N
LONGITUDE: 103 33 W
TEMPERATURE IN F: :PCPN: SNOW: WIND :SUNSHINE: SKY :PK WND
================================================================================
1 2 3 4 5 6A 6B 7 8 9 10 11 12 13 14 15 16 17 18
12Z AVG MX 2MIN
DY MAX MIN AVG DEP HDD CDD WTR SNW DPTH SPD SPD DIR MIN PSBL S-S WX SPD DR
================================================================================
1 94 57 76 3 0 11 0.00 M M 5.5 15 70 M M M 19 350
2 94 59 77 4 0 12 0.00 M M 7.2 18 80 M M M 25 40
3 95 58 77 4 0 12 0.00 M M 8.9 23 160 M M M 30 160
4 95 62 79 6 0 14 0.03 M M 12.3 40 300 M M M 51 290
5 94 56 75 2 0 10 0.00 M M 8.6 21 60 M M M 27 60
6 89 64 77 5 0 12 0.00 M M 13.2 24 140 M M M 32 120
7 92 61 77 5 0 12 0.00 M M 8.2 22 70 M M M 28 360
8 101 62 82 10 0 17 0.00 M M 11.1 38 300 M M M 60 240
9 83 58 71 -1 0 6 0.00 M M 19.7 39 340 M M M 52 320
10 92 53 73 1 0 8 0.00 M M 17.4 33 300 M M M 49 250
11 94 54 74 2 0 9 0.00 M M 14.7 31 270 M M M 46 260
12 78 58 68 -4 0 3 0.00 M M 12.4 23 330 M M M 30 310
13 88 55 72 1 0 7 0.00 M M 6.0 14 310 M M M 19 220
14 99 61 80 9 0 15 0.00 M M 6.0 15 180 M M M 23 190
15 101 61 81 10 0 16 0.00 M M 7.4 18 310 M M M 23 340
16 103 63 83 12 0 18 0.00 M M 9.2 26 340 M M M 40 320
17 106 72 89 19 0 24 0.00 M M 11.2 41 260 M M M 59 270
18 81 56 69 -1 0 4 0.01 M M 20.0 33 300 M M M 41 300
19 77 54 66 -4 0 1 0.39 M M 8.5 29 280 M M M 36 290
20 64 53 59 -11 6 0 0.24 M M 14.1 38 300 M M M 46 300
21 77 47 62 -8 3 0 0.00 M M 11.3 25 110 M M M 39 140
22 81 58 70 1 0 5 0.00 M M 22.5 44 260 M M M 55 260
23 94 52 73 4 0 8 0.00 M M 8.2 29 170 M M M 39 180
24 80 56 68 -1 0 3 0.00 M M 17.3 30 330 M M M 41 330
25 81 52 67 -1 0 2 0.03 M M 13.7 31 120 M M M 39 120
26 67 57 62 -6 3 0 0.16 M M 13.5 39 330 M M M 48 340
27 79 57 68 0 0 3 0.02 M M 8.1 17 300 M M M 20 290
28 74 51 63 -5 2 0 0.02 M M 12.4 32 320 M M M 41 320
29 81 48 65 -2 0 0 0.00 M M 7.9 16 210 M M M 23 210
30 91 57 74 7 0 9 0.00 M M 9.1 33 90 M M M 43 100
31 87 59 73 6 0 8 0.00 M M 20.6 36 140 M M M 45 140
================================================================================
SM 2712 1771 14 249 0.90 M 366.2 M M
================================================================================
AV 87.5 57.1 11.8 FASTST M M M MAX(MPH)
MISC ----> 44 260 60 240
================================================================================
NOTES:
# LAST OF SEVERAL OCCURRENCES
COLUMN 17 PEAK WIND IN M.P.H.
PRELIMINARY LOCAL CLIMATOLOGICAL DATA (WS FORM: F-6) , PAGE 2
STATION: BUFFALO SD
MONTH: AUGUST
YEAR: 2021
LATITUDE: 45 35 N
LONGITUDE: 103 33 W
[TEMPERATURE DATA] [PRECIPITATION DATA] SYMBOLS USED IN COLUMN 16
AVERAGE MONTHLY: 72.3 TOTAL FOR MONTH: 0.90 1 = FOG OR MIST
DPTR FM NORMAL: 1.8 DPTR FM NORMAL: -0.23 2 = FOG REDUCING VISIBILITY
HIGHEST: 106 ON 17 GRTST 24HR 0.61 ON 19-20 TO 1/4 MILE OR LESS
LOWEST: 47 ON 21 3 = THUNDER
SNOW, ICE PELLETS, HAIL 4 = ICE PELLETS
TOTAL MONTH: M 5 = HAIL
GRTST 24HR M ON M 6 = FREEZING RAIN OR DRIZZLE
GRTST DEPTH: M ON M 7 = DUSTSTORM OR SANDSTORM:
VSBY 1/2 MILE OR LESS
8 = SMOKE OR HAZE
[NO. OF DAYS WITH] [WEATHER - DAYS WITH] 9 = BLOWING SNOW
X = TORNADO
MAX 32 OR BELOW: 0 0.01 INCH OR MORE: 8
MAX 90 OR ABOVE: 15 0.10 INCH OR MORE: 3
MIN 32 OR BELOW: 0 0.50 INCH OR MORE: 0
MIN 0 OR BELOW: 0 1.00 INCH OR MORE: 0
[HDD (BASE 65) ]
TOTAL THIS MO. 14 CLEAR (SCALE 0-3) 0
DPTR FM NORMAL -16 PTCLDY (SCALE 4-7) 0
TOTAL FM JUL 1 14 CLOUDY (SCALE 8-10) 31
DPTR FM NORMAL -26
[CDD (BASE 65) ]
TOTAL THIS MO. 249
DPTR FM NORMAL 50 [PRESSURE DATA]
TOTAL FM JAN 1 897 HIGHEST SLP 30.25 ON 13
DPTR FM NORMAL 379 LOWEST SLP 29.43 ON 17
[REMARKS]
#FINAL-08-21#