000
CXUS53 KABR 011326
CLA8D3
CLIMATE REPORT
NATIONAL WEATHER SERVICE ABERDEEN SD
726 AM CST MON JAN 01 2024
...................................
...THE SISSETON SD CLIMATE SUMMARY FOR THE YEAR OF 2023...
CLIMATE NORMAL PERIOD 1991 TO 2020
CLIMATE RECORD PERIOD 1932 TO 2023
WEATHER OBSERVED NORMAL DEPART LAST YEAR`S
VALUE DATE(S) VALUE FROM VALUE DATE(S)
NORMAL
................................................................
TEMPERATURE (F)
RECORD
HIGH 113 07/06/1936
05/30/1934
LOW -37 01/24/1936
HIGHEST 101 07/26 MM MM 103 06/19
06/29
LOWEST -17 02/24 MM MM -24 01/07
AVG. MAXIMUM 57.1 54.7 2.4 55.0
AVG. MINIMUM 34.6 33.3 1.3 33.1
MEAN 45.8 44.0 1.8 44.0
DAYS MAX >= 90 30 12.7 17.3 18
DAYS MAX <= 32 67 79.5 -12.5 79
DAYS MIN <= 32 171 169.5 1.5 168
DAYS MIN <= 0 22 34.3 -12.3 50
PRECIPITATION (INCHES)
RECORD
MAXIMUM 35.04 2019
MINIMUM 8.77 1976
TOTALS 28.23 22.94 5.29 21.09
DAILY AVG. 0.08
DAYS >= .01 94 108.3 -14.3 99
DAYS >= .10 52 46.6 5.4 45
DAYS >= .50 14 12.8 1.2 11
DAYS >= 1.00 9 3.9 5.1 3
SNOWFALL (INCHES)
RECORDS
TOTAL 80.6 2019
TOTALS 58.2 36.3 21.9 54.9
SINCE 7/1 2.0 11.1 -9.1 MM
DAYS >= TRACE 47 23.8 23.2 73
DAYS >= 1.0 16 12.5 3.5 14
DEGREE DAYS
HEATING TOTAL 7660 8179 -519 8423
SINCE 7/1 2600 3205 -605 MM
COOLING TOTAL 810 566 244 924
SINCE 1/1 810 567 243 MM
................................................................
WIND (MPH)
AVERAGE WIND SPEED 10.1
HIGHEST WIND SPEED/DIRECTION 45/340 DATE 01/27
HIGHEST GUST SPEED/DIRECTION 62/320 DATE 02/15
- INDICATES NEGATIVE NUMBERS.
R INDICATES RECORD WAS SET OR TIED.
MM INDICATES DATA IS MISSING.
T INDICATES TRACE AMOUNT.
$$