000
CXUS52 KTAE 010800
CF6AAF
PRELIMINARY LOCAL CLIMATOLOGICAL DATA (WS FORM: F-6)
STATION: APALACHICOLA
MONTH: MAY
YEAR: 2022
LATITUDE: 29 43 N
LONGITUDE: 85 2 W
TEMPERATURE IN F: :PCPN: SNOW: WIND :SUNSHINE: SKY :PK WND
================================================================================
1 2 3 4 5 6A 6B 7 8 9 10 11 12 13 14 15 16 17 18
12Z AVG MX 2MIN
DY MAX MIN AVG DEP HDD CDD WTR SNW DPTH SPD SPD DIR MIN PSBL S-S WX SPD DR
================================================================================
1 81 68 75 4 0 10 0.00 M M 6.9 13 180 M M 0 17 190
2 81 64 73 2 0 8 0.00 0.0 0 4.8 13 170 M M 0 1 17 190
3 84 68 76 5 0 11 0.00 0.0 M 6.2 14 250 M M 0 16 250
4 85 66 76 4 0 11 0.00 0.0 0 4.4 13 210 M M 1 12 17 200
5 84 63 74 2 0 9 0.00 0.0 0 5.7 14 180 M M 0 16 220
6 85 72 79 7 0 14 0.55 0.0 0 12.8 37 260 M M 0 13 50 250
7 85 68 77 5 0 12 0.00 0.0 0 9.9 22 270 M M 0 29 310
8 87 63 75 2 0 10 0.00 0.0 0 5.9 17 250 M M 0 22 250
9 79 65 72 -1 0 7 0.00 0.0 0 10.3 18 140 M M 0 24 90
10 79 60 70 -3 0 5 0.00 0.0 M 6.9 17 130 M M 0 24 140
11 85 56 71 -3 0 6 0.00 0.0 M 6.0 14 20 M M 0 17 30
12 87 59 73 -1 0 8 0.00 0.0 M 7.0 16 160 M M 0 22 50
13 81 64 73 -1 0 8 T 0.0 M 3.8 12 160 M M 1 3 14 160
14 82 63 73 -1 0 8 0.53 0.0 M 4.8 21 250 M M 0 13 25 250
15 84 66 75 0 0 10 0.00 0.0 0 4.5 21 20 M M 0 3 26 360
16 85 67 76 1 0 11 0.79 0.0 0 6.6 20 260 M M 0 13 27 250
17 87 70 79 4 0 14 0.26 0.0 0 4.8 28 270 M M 0 3 34 270
18 88 71 80 5 0 15 0.00 0.0 0 7.7 17 260 M M 2 12 20 250
19 86 72 79 3 0 14 0.00 0.0 0 7.7 15 200 M M 0 1 19 200
20 85 77 81 5 0 16 0.00 0.0 0 9.9 17 160 M M 0 23 160
21 82 74 78 2 0 13 0.09 0.0 0 10.0 21 150 M M 0 13 26 170
22 85 76 81 5 0 16 0.00 0.0 0 10.0 18 150 M M 0 26 130
23 86 76 81 4 0 16 0.02 0.0 0 8.8 22 270 M M 0 13 27 250
24 86 76 81 4 0 16 0.00 0.0 M 7.5 17 160 M M 0 21 150
25 84 68 76 -1 0 11 2.60 0.0 M 10.3 21 150 M M 3 13 26 150
26 77 68 73 -4 0 8 3.11 0.0 M 7.9 18 240 M M 3 123 29 240
27 87 72 80 2 0 15 0.00 0.0 0 9.5 16 250 M M 0 22 300
28 84 68 76 -2 0 11 0.00 0.0 0 6.1 15 190 M M 0 18 190
29 85 66 76 -2 0 11 0.00 0.0 0 5.3 14 170 M M 0 20 180
30 85 68 77 -1 0 12 0.00 0.0 0 6.4 13 170 M M 0 1 18 140
31 86 72 79 1 0 14 0.00 0.0 0 5.2 16 150 M M 0 3 21 150
================================================================================
SM 2607 2106 0 350 7.95 0.0 223.6 M 10
================================================================================
AV 84.1 67.9 7.2 FASTST M M 0 MAX(MPH)
MISC ----> 37 260 50 250
================================================================================
NOTES:
# LAST OF SEVERAL OCCURRENCES
COLUMN 17 PEAK WIND IN M.P.H.
PRELIMINARY LOCAL CLIMATOLOGICAL DATA (WS FORM: F-6) , PAGE 2
STATION: APALACHICOLA
MONTH: MAY
YEAR: 2022
LATITUDE: 29 43 N
LONGITUDE: 85 2 W
[TEMPERATURE DATA] [PRECIPITATION DATA] SYMBOLS USED IN COLUMN 16
AVERAGE MONTHLY: 76.0 TOTAL FOR MONTH: 7.95 1 = FOG OR MIST
DPTR FM NORMAL: 1.2 DPTR FM NORMAL: 6.08 2 = FOG REDUCING VISIBILITY
HIGHEST: 88 ON 18 GRTST 24HR 5.57 ON 25-26 TO 1/4 MILE OR LESS
LOWEST: 56 ON 11 3 = THUNDER
SNOW, ICE PELLETS, HAIL 4 = ICE PELLETS
TOTAL MONTH: 0.0 INCH 5 = HAIL
GRTST 24HR 0.0 6 = FREEZING RAIN OR DRIZZLE
GRTST DEPTH: 0 7 = DUSTSTORM OR SANDSTORM:
VSBY 1/2 MILE OR LESS
8 = SMOKE OR HAZE
[NO. OF DAYS WITH] [WEATHER - DAYS WITH] 9 = BLOWING SNOW
X = TORNADO
MAX 32 OR BELOW: 0 0.01 INCH OR MORE: 8
MAX 90 OR ABOVE: 0 0.10 INCH OR MORE: 6
MIN 32 OR BELOW: 0 0.50 INCH OR MORE: 5
MIN 0 OR BELOW: 0 1.00 INCH OR MORE: 2
[HDD (BASE 65) ]
TOTAL THIS MO. 0 CLEAR (SCALE 0-3) 31
DPTR FM NORMAL -2 PTCLDY (SCALE 4-7) 0
TOTAL FM JUL 1 1020 CLOUDY (SCALE 8-10) 0
DPTR FM NORMAL -202
[CDD (BASE 65) ]
TOTAL THIS MO. 350
DPTR FM NORMAL 44 [PRESSURE DATA]
TOTAL FM JAN 1 577 HIGHEST SLP 30.20 ON 22
DPTR FM NORMAL 98 LOWEST SLP 29.74 ON 7
[REMARKS]
#FINAL-05-22#