000
CXUS51 KPHI 010815
CF6ABE
PRELIMINARY LOCAL CLIMATOLOGICAL DATA (WS FORM: F-6)
STATION: ALLENTOWN PA
MONTH: MARCH
YEAR: 2024
LATITUDE: 40 39 N
LONGITUDE: 75 26 W
TEMPERATURE IN F: :PCPN: SNOW: WIND :SUNSHINE: SKY :PK WND
================================================================================
1 2 3 4 5 6A 6B 7 8 9 10 11 12 13 14 15 16 17 18
12Z AVG MX 2MIN
DY MAX MIN AVG DEP HDD CDD WTR SNW DPTH SPD SPD DIR MIN PSBL S-S WX SPD DR
================================================================================
1 50 21 36 0 29 0 0.01 T 0 5.6 15 200 M M 1 4 19 170
2 50 36 43 7 22 0 0.96 T 0 9.1 16 50 M M 10 1 20 40
3 64 41 53 17 12 0 0.00 0.0 0 4.3 12 320 M M 6 18 350
4 66 44 55 18 10 0 0.00 0.0 0 9.2 21 110 M M 8 25 110
5 48 43 46 9 19 0 0.25 0.0 0 8.6 17 60 M M 10 1 22 70
6 52 46 49 12 16 0 0.22 0.0 0 4.7 15 50 M M 10 1 19 60
7 57 37 47 9 18 0 0.04 0.0 0 10.4 22 360 M M 8 27 310
8 57 29 43 5 22 0 0.00 0.0 0 6.7 16 140 M M 0 26 150
9 43 39 41 3 24 0 1.42 0.0 0 11.7 20 70 M M 9 1 27 80
10 47 34 41 2 24 0 T T 0 13.7 31 300 M M 9 1 43 290
11 53 34 44 5 21 0 0.00 0.0 0 16.6 32 290 M M 4 46 290
12 65 35 50 11 15 0 0.00 0.0 0 8.9 21 280 M M 1 27 280
13 71 33 52 12 13 0 0.00 0.0 0 4.2 20 220 M M 0 24 230
14 74 39 57 17 8 0 0.00 0.0 0 5.2 17 250 M M 1 22 240
15 68 43 56 16 9 0 0.03 0.0 0 10.4 24 280 M M 4 34 280
16 59 33 46 6 19 0 0.00 0.0 0 8.6 20 240 M M 0 33 230
17 60 39 50 9 15 0 0.00 0.0 0 7.9 24 250 M M 3 33 250
18 47 32 40 -1 25 0 0.00 0.0 0 10.3 22 270 M M 6 28 300
19 44 32 38 -4 27 0 0.00 0.0 0 10.8 22 250 M M 8 31 260
20 53 30 42 0 23 0 0.05 0.0 0 9.0 32 310 M M 8 42 300
21 41 25 33 -9 32 0 0.00 0.0 0 12.5 23 320 M M 0 32 320
22 43 21 32 -11 33 0 T 0.0 0 5.6 14 110 M M 5 18 220
23 46 29 38 -5 27 0 1.73 0.0 0 13.4 30 330 M M 10 1 38 340
24 49 28 39 -4 26 0 0.00 0.0 0 9.5 26 350 M M 0 33 350
25 54 27 41 -3 24 0 0.00 0.0 0 7.7 14 80 M M 0 18 80
26 60 30 45 1 20 0 0.00 0.0 0 7.3 16 100 M M 7 21 90
27 47 42 45 1 20 0 0.29 0.0 0 3.2 9 200 M M 10 13 18 160
28 49 39 44 -1 21 0 0.10 0.0 0 6.2 15 320 M M 7 1 19 300
29 55 34 45 0 20 0 0.00 0.0 0 13.1 25 320 M M 0 35 330
30 59 36 48 2 17 0 0.04 0.0 0 8.7 22 250 M M 5 30 240
31 57 41 49 3 16 0 T 0.0 0 4.9 15 310 M M 3 20 290
================================================================================
SM 1688 1072 627 0 5.14 T 268.0 M 153
================================================================================
AV 54.5 34.6 8.6 FASTST M M 5 MAX(MPH)
MISC ----> # 32 290 46 290
================================================================================
NOTES:
# LAST OF SEVERAL OCCURRENCES
COLUMN 17 PEAK WIND IN M.P.H.
PRELIMINARY LOCAL CLIMATOLOGICAL DATA (WS FORM: F-6) , PAGE 2
STATION: ALLENTOWN PA
MONTH: MARCH
YEAR: 2024
LATITUDE: 40 39 N
LONGITUDE: 75 26 W
[TEMPERATURE DATA] [PRECIPITATION DATA] SYMBOLS USED IN COLUMN 16
AVERAGE MONTHLY: 44.5 TOTAL FOR MONTH: 5.14 1 = FOG OR MIST
DPTR FM NORMAL: 3.8 DPTR FM NORMAL: 1.51 2 = FOG REDUCING VISIBILITY
HIGHEST: 74 ON 14 GRTST 24HR 1.73 ON 22-23 TO 1/4 MILE OR LESS
LOWEST: 21 ON 22, 1 3 = THUNDER
SNOW, ICE PELLETS, HAIL 4 = ICE PELLETS
TOTAL MONTH: T 5 = HAIL
GRTST 24HR T ON 1- 1 6 = FREEZING RAIN OR DRIZZLE
GRTST DEPTH: 0 7 = DUSTSTORM OR SANDSTORM:
VSBY 1/2 MILE OR LESS
8 = SMOKE OR HAZE
[NO. OF DAYS WITH] [WEATHER - DAYS WITH] 9 = BLOWING SNOW
X = TORNADO
MAX 32 OR BELOW: 0 0.01 INCH OR MORE: 12
MAX 90 OR ABOVE: 0 0.10 INCH OR MORE: 7
MIN 32 OR BELOW: 11 0.50 INCH OR MORE: 3
MIN 0 OR BELOW: 0 1.00 INCH OR MORE: 2
[HDD (BASE 65) ]
TOTAL THIS MO. 627 CLEAR (SCALE 0-3) 11
DPTR FM NORMAL -128 PTCLDY (SCALE 4-7) 11
TOTAL FM JUL 1 4366 CLOUDY (SCALE 8-10) 9
DPTR FM NORMAL -354
[CDD (BASE 65) ]
TOTAL THIS MO. 0
DPTR FM NORMAL 0 [PRESSURE DATA]
TOTAL FM JAN 1 0 HIGHEST SLP 30.64 ON 1
DPTR FM NORMAL 0 LOWEST SLP 29.44 ON 10
[REMARKS]
#FINAL-03-24#