000
CXUS54 KSJT 011100
CF6ABI
PRELIMINARY LOCAL CLIMATOLOGICAL DATA (WS FORM: F-6)
STATION: ABILENE
MONTH: FEBRUARY
YEAR: 2023
LATITUDE: 32 25 N
LONGITUDE: 99 41 W
TEMPERATURE IN F: :PCPN: SNOW: WIND :SUNSHINE: SKY :PK WND
================================================================================
1 2 3 4 5 6A 6B 7 8 9 10 11 12 13 14 15 16 17 18
12Z AVG MX 2MIN
DY MAX MIN AVG DEP HDD CDD WTR SNW DPTH SPD SPD DIR MIN PSBL S-S WX SPD DR
================================================================================
1 30 25 28 -20 37 0 0.24 T 0 4.8 10 360 M M 9 146 14 10
2 41 30 36 -12 29 0 0.07 0.0 0 5.1 13 320 M M 8 126 17 330
3 55 25 40 -8 25 0 0.00 0.0 0 4.2 9 160 M M 0 12 14 120
4 59 36 48 0 17 0 0.00 0.0 0 13.5 25 210 M M 0 34 210
5 76 40 58 10 7 0 0.00 0.0 0 9.6 18 200 M M 0 27 190
6 80 53 67 19 0 2 0.00 0.0 0 17.8 30 190 M M 0 43 200
7 63 40 52 3 13 0 0.10 0.0 0 14.2 23 340 M M 9 1 30 20
8 57 39 48 -1 17 0 0.28 0.0 0 11.6 23 320 M M 7 138 30 300
9 56 38 47 -2 18 0 0.00 0.0 0 12.0 25 360 M M 1 33 350
10 47 30 39 -10 26 0 T 0.0 0 15.8 29 340 M M 6 37 330
11 55 20 38 -11 27 0 0.00 0.0 0 4.4 10 160 M M 0 16 350
12 70 36 53 4 12 0 0.00 0.0 0 11.4 24 210 M M 0 30 200
13 64 40 52 2 13 0 0.00 0.0 0 10.5 28 180 M M 0 41 180
14 69 49 59 9 6 0 0.38 0.0 0 17.1 39 250 M M 4 1 58 260
15 84 46 65 15 0 0 0.00 0.0 0 17.1 32 320 M M 1 45 320
16 46 29 38 -12 27 0 0.00 0.0 0 19.5 28 330 M M 0 37 330
17 51 22 37 -13 28 0 0.00 0.0 0 5.1 16 340 M M 0 21 330
18 54 30 42 -9 23 0 0.00 0.0 0 13.9 26 190 M M 1 34 190
19 70 45 58 7 7 0 0.00 0.0 0 12.3 21 210 M M 1 32 190
20 83 56 70 19 0 5 0.00 0.0 0 15.0 25 250 M M 0 36 220
21 88 56 72 21 0 7 0.00 0.0 0 13.2 29 200 M M 0 39 200
22 77 56 67 15 0 2 0.18 0.0 0 16.1 32 240 M M 3 13 46 240
23 61 36 49 -3 16 0 0.00 0.0 0 8.7 16 40 M M 0 27 10
24 40 34 37 -15 28 0 T 0.0 0 9.0 16 340 M M 9 25 340
25 50 35 43 -9 22 0 0.00 0.0 0 4.8 12 120 M M 8 8 15 40
26 80 43 62 9 3 0 0.11 0.0 0 16.0 33 290 M M 6 138 48 290
27 76 47 62 9 3 0 0.00 0.0 0 14.6 28 290 M M 3 8 39 300
28 83 43 63 10 2 0 0.00 0.0 0 9.4 22 200 M M 0 29 200
================================================================================
SM 1765 1079 406 16 1.36 T 326.7 M 76
================================================================================
AV 63.0 38.5 11.7 FASTST M M 3 MAX(MPH)
MISC ----> 39 250 58 260
================================================================================
NOTES:
# LAST OF SEVERAL OCCURRENCES
COLUMN 17 PEAK WIND IN M.P.H.
PRELIMINARY LOCAL CLIMATOLOGICAL DATA (WS FORM: F-6) , PAGE 2
STATION: ABILENE
MONTH: FEBRUARY
YEAR: 2023
LATITUDE: 32 25 N
LONGITUDE: 99 41 W
[TEMPERATURE DATA] [PRECIPITATION DATA] SYMBOLS USED IN COLUMN 16
AVERAGE MONTHLY: 50.8 TOTAL FOR MONTH: 1.36 1 = FOG OR MIST
DPTR FM NORMAL: 0.7 DPTR FM NORMAL: 0.07 2 = FOG REDUCING VISIBILITY
HIGHEST: 88 ON 21 GRTST 24HR 0.38 ON 14-14 TO 1/4 MILE OR LESS
LOWEST: 20 ON 11 3 = THUNDER
SNOW, ICE PELLETS, HAIL 4 = ICE PELLETS
TOTAL MONTH: T 5 = HAIL
GRTST 24HR T ON 1- 1 6 = FREEZING RAIN OR DRIZZLE
GRTST DEPTH: 0 7 = DUSTSTORM OR SANDSTORM:
VSBY 1/2 MILE OR LESS
8 = SMOKE OR HAZE
[NO. OF DAYS WITH] [WEATHER - DAYS WITH] 9 = BLOWING SNOW
X = TORNADO
MAX 32 OR BELOW: 1 0.01 INCH OR MORE: 7
MAX 90 OR ABOVE: 0 0.10 INCH OR MORE: 6
MIN 32 OR BELOW: 8 0.50 INCH OR MORE: 0
MIN 0 OR BELOW: 0 1.00 INCH OR MORE: 0
[HDD (BASE 65) ]
TOTAL THIS MO. 406 CLEAR (SCALE 0-3) 19
DPTR FM NORMAL -19 PTCLDY (SCALE 4-7) 5
TOTAL FM JUL 1 1777 CLOUDY (SCALE 8-10) 4
DPTR FM NORMAL -179
[CDD (BASE 65) ]
TOTAL THIS MO. 16
DPTR FM NORMAL 8 [PRESSURE DATA]
TOTAL FM JAN 1 19 HIGHEST SLP 30.63 ON 3
DPTR FM NORMAL 15 LOWEST SLP 29.40 ON 21
[REMARKS]
#FINAL-02-23#