000
CXUS54 KSJT 021534
CF6ABI
PRELIMINARY LOCAL CLIMATOLOGICAL DATA (WS FORM: F-6)
STATION: ABILENE
MONTH: DECEMBER
YEAR: 2021
LATITUDE: 32 25 N
LONGITUDE: 99 41 W
TEMPERATURE IN F: :PCPN: SNOW: WIND :SUNSHINE: SKY :PK WND
================================================================================
1 2 3 4 5 6A 6B 7 8 9 10 11 12 13 14 15 16 17 18
12Z AVG MX 2MIN
DY MAX MIN AVG DEP HDD CDD WTR SNW DPTH SPD SPD DIR MIN PSBL S-S WX SPD DR
================================================================================
1 78 46 62 12 3 0 0.00 0.0 0 5.6 18 210 M M 0 24 210
2 84 45 65 15 0 0 0.00 0.0 0 8.1 23 210 M M 0 33 200
3 87 62 75 25 0 10 0.00 0.0 0 12.2 23 210 M M 0 33 200
4 71 47 59 9 6 0 0.00 0.0 0 9.5 20 200 M M 0 28 180
5 79 45 62 13 3 0 0.00 0.0 0 12.6 24 200 M M 2 31 210
6 64 30 47 -2 18 0 0.00 0.0 0 13.6 31 350 M M 1 45 10
7 67 27 47 -2 18 0 0.00 0.0 0 8.7 22 210 M M 0 28 220
8 76 32 54 6 11 0 0.00 0.0 0 6.9 25 200 M M 0 37 190
9 83 58 71 23 0 6 0.00 0.0 0 13.1 28 210 M M 0 38 210
10 84 60 72 24 0 7 0.00 0.0 0 15.0 36 320 M M 1 8 49 250
11 64 33 49 1 16 0 0.00 0.0 0 10.6 43 340 M M 0 8 55 330
12 67 32 50 2 15 0 0.00 0.0 0 13.1 23 210 M M 0 30 210
13 74 48 61 13 4 0 0.00 0.0 0 13.3 23 190 M M 0 35 200
14 78 54 66 19 0 1 0.00 0.0 0 14.8 31 200 M M 2 39 210
15 81 64 73 26 0 8 0.00 0.0 0 21.9 38 190 M M 2 57 200
16 68 54 61 14 4 0 0.00 0.0 0 6.8 18 330 M M 3 23 340
17 77 53 65 18 0 0 0.00 0.0 0 9.6 23 210 M M 4 8 32 190
18 66 33 50 3 15 0 0.05 0.0 0 13.9 24 350 M M 3 34 10
19 48 31 40 -6 25 0 0.00 0.0 0 3.9 10 360 M M 5 13 360
20 63 38 51 5 14 0 0.00 0.0 0 7.4 15 200 M M 3 20 210
21 74 32 53 7 12 0 0.00 0.0 0 6.9 15 230 M M 0 22 270
22 71 30 51 5 14 0 0.00 0.0 0 4.0 12 110 M M 0 12 110
23 84 44 64 18 1 0 0.00 0.0 0 12.3 28 210 M M 0 38 200
24 87 59 73 27 0 8 0.00 0.0 0 19.1 30 210 M M 0 43 220
25 81 51 66 20 0 1 0.00 0.0 0 5.7 17 220 M M 0 24 220
26 90 55 73 27 0 8 0.00 0.0 0 15.2 28 220 M M 0 38 210
27 81 61 71 25 0 6 0.00 0.0 0 6.8 17 180 M M 0 28 170
28 77 52 65 19 0 0 0.00 0.0 0 11.4 35 290 M M 0 48 290
29 77 46 62 16 3 0 T 0.0 0 7.5 26 280 M M 3 8 37 260
30 72 47 60 14 5 0 0.00 0.0 0 6.0 14 220 M M 2 19 220
31 71 52 62 16 3 0 T 0.0 0 4.6 23 310 M M 3 31 310
================================================================================
SM 2324 1421 190 55 0.05 0.0 320.1 M 34
================================================================================
AV 75.0 45.8 10.3 FASTST M M 1 MAX(MPH)
MISC ----> 43 340 57 200
================================================================================
NOTES:
# LAST OF SEVERAL OCCURRENCES
COLUMN 17 PEAK WIND IN M.P.H.
PRELIMINARY LOCAL CLIMATOLOGICAL DATA (WS FORM: F-6) , PAGE 2
STATION: ABILENE
MONTH: DECEMBER
YEAR: 2021
LATITUDE: 32 25 N
LONGITUDE: 99 41 W
[TEMPERATURE DATA] [PRECIPITATION DATA] SYMBOLS USED IN COLUMN 16
AVERAGE MONTHLY: 60.4 TOTAL FOR MONTH: 0.05 1 = FOG OR MIST
DPTR FM NORMAL: 13.1 DPTR FM NORMAL: -1.21 2 = FOG REDUCING VISIBILITY
HIGHEST: 90 ON 26 GRTST 24HR 0.05 ON 18-18 TO 1/4 MILE OR LESS
LOWEST: 27 ON 7 3 = THUNDER
SNOW, ICE PELLETS, HAIL 4 = ICE PELLETS
TOTAL MONTH: 0.0 INCH 5 = HAIL
GRTST 24HR 0.0 6 = FREEZING RAIN OR DRIZZLE
GRTST DEPTH: 0 7 = DUSTSTORM OR SANDSTORM:
VSBY 1/2 MILE OR LESS
8 = SMOKE OR HAZE
[NO. OF DAYS WITH] [WEATHER - DAYS WITH] 9 = BLOWING SNOW
X = TORNADO
MAX 32 OR BELOW: 0 0.01 INCH OR MORE: 1
MAX 90 OR ABOVE: 1 0.10 INCH OR MORE: 0
MIN 32 OR BELOW: 7 0.50 INCH OR MORE: 0
MIN 0 OR BELOW: 0 1.00 INCH OR MORE: 0
[HDD (BASE 65) ]
TOTAL THIS MO. 190 CLEAR (SCALE 0-3) 28
DPTR FM NORMAL -361 PTCLDY (SCALE 4-7) 3
TOTAL FM JUL 1 455 CLOUDY (SCALE 8-10) 0
DPTR FM NORMAL -494
[CDD (BASE 65) ]
TOTAL THIS MO. 55
DPTR FM NORMAL 52 [PRESSURE DATA]
TOTAL FM JAN 1 2640 HIGHEST SLP 30.41 ON 19
DPTR FM NORMAL -57 LOWEST SLP 29.53 ON 28
[REMARKS]
#FINAL-12-21#