000
CXUS53 KABR 011200
CF6ABR
PRELIMINARY LOCAL CLIMATOLOGICAL DATA (WS FORM: F-6)
STATION: ABERDEEN SD
MONTH: NOVEMBER
YEAR: 2021
LATITUDE: 45 27 N
LONGITUDE: 98 26 W
TEMPERATURE IN F: :PCPN: SNOW: WIND :SUNSHINE: SKY :PK WND
================================================================================
1 2 3 4 5 6A 6B 7 8 9 10 11 12 13 14 15 16 17 18
12Z AVG MX 2MIN
DY MAX MIN AVG DEP HDD CDD WTR SNW DPTH SPD SPD DIR MIN PSBL S-S WX SPD DR
================================================================================
1 47 23 35 -3 30 0 0.00 0.0 0 7.9 20 290 M M 5 27 290
2 42 15 29 -9 36 0 0.00 0.0 0 2.5 7 210 M M 0 9 310
3 51 20 36 -1 29 0 0.00 0.0 0 4.5 9 170 M M 0 12 170
4 58 22 40 4 25 0 0.00 0.0 0 9.1 16 160 M M 0 1 22 170
5 68 40 54 18 11 0 0.00 0.0 0 11.9 28 300 M M 0 37 300
6 68 29 49 13 16 0 0.00 0.0 0 7.1 13 150 M M 0 19 180
7 63 36 50 15 15 0 0.00 0.0 0 6.5 14 340 M M 0 18 350
8 55 27 41 7 24 0 0.00 0.0 0 3.5 10 340 M M 5 8 13 330
9 57 25 41 7 24 0 0.00 0.0 0 6.9 12 150 M M 3 18 180
10 50 36 43 9 22 0 0.13 0.0 0 12.6 18 170 M M 6 1 26 150
11 38 31 35 2 30 0 T T 0 21.9 37 330 M M 6 1 51 320
12 32 27 30 -2 35 0 T 0.3 T 25.0 40 340 M M 10 1 57 340
13 40 24 32 0 33 0 0.10 T T 15.7 39 330 M M 9 16 54 340
14 38 27 33 1 32 0 0.00 0.0 0 7.1 17 340 M M 8 24 350
15 47 32 40 9 25 0 0.00 0.0 0 6.9 14 160 M M 4 18 150
16 58 36 47 16 18 0 T 0.0 0 13.6 28 300 M M 2 39 310
17 40 26 33 3 32 0 T T 0 23.1 38 300 M M 3 55 290
18 35 17 26 -4 39 0 T T 0 12.5 28 320 M M 5 37 320
19 47 26 37 8 28 0 0.00 0.0 0 10.6 23 170 M M 1 33 160
20 41 27 34 5 31 0 0.00 0.0 0 5.3 13 360 M M 9 16 10
21 37 13 25 -3 40 0 0.00 0.0 0 12.3 32 320 M M 1 43 340
22 45 15 30 2 35 0 0.00 0.0 0 6.1 16 190 M M 0 19 190
23 55 25 40 13 25 0 0.00 0.0 0 7.5 15 190 M M 0 8 20 190
24 35 16 26 -1 39 0 T T 0 18.4 30 10 M M 5 41 20
25 27 3 15 -11 50 0 T T 0 9.2 18 160 M M 3 25 160
26 53 22 38 12 27 0 0.00 0.0 0 8.6 18 200 M M 1 24 200
27 51 18 35 9 30 0 0.00 0.0 0 11.9 25 340 M M 3 33 350
28 45 15 30 5 35 0 T 0.0 0 8.5 15 160 M M 5 20 160
29 60 30 45 20 20 0 0.00 0.0 0 10.5 25 330 M M 0 35 320
30 47 22 35 11 30 0 0.03 0.0 0 6.4 15 150 M M 4 19 160
================================================================================
SM 1430 725 866 0 0.26 0.3 313.6 M 98
================================================================================
AV 47.7 24.2 10.5 FASTST M M 3 MAX(MPH)
MISC ----> 40 340 57 340
================================================================================
NOTES:
# LAST OF SEVERAL OCCURRENCES
COLUMN 17 PEAK WIND IN M.P.H.
PRELIMINARY LOCAL CLIMATOLOGICAL DATA (WS FORM: F-6) , PAGE 2
STATION: ABERDEEN SD
MONTH: NOVEMBER
YEAR: 2021
LATITUDE: 45 27 N
LONGITUDE: 98 26 W
[TEMPERATURE DATA] [PRECIPITATION DATA] SYMBOLS USED IN COLUMN 16
AVERAGE MONTHLY: 35.9 TOTAL FOR MONTH: 0.26 1 = FOG OR MIST
DPTR FM NORMAL: 5.0 DPTR FM NORMAL: -0.48 2 = FOG REDUCING VISIBILITY
HIGHEST: 68 ON 6, 5 GRTST 24HR 0.13 ON 10-10 TO 1/4 MILE OR LESS
LOWEST: 3 ON 25 3 = THUNDER
SNOW, ICE PELLETS, HAIL 4 = ICE PELLETS
TOTAL MONTH: 0.3 INCH 5 = HAIL
GRTST 24HR 0.3 ON 12-12 6 = FREEZING RAIN OR DRIZZLE
GRTST DEPTH: T 7 = DUSTSTORM OR SANDSTORM:
VSBY 1/2 MILE OR LESS
8 = SMOKE OR HAZE
[NO. OF DAYS WITH] [WEATHER - DAYS WITH] 9 = BLOWING SNOW
X = TORNADO
MAX 32 OR BELOW: 2 0.01 INCH OR MORE: 3
MAX 90 OR ABOVE: 0 0.10 INCH OR MORE: 2
MIN 32 OR BELOW: 26 0.50 INCH OR MORE: 0
MIN 0 OR BELOW: 0 1.00 INCH OR MORE: 0
[HDD (BASE 65) ]
TOTAL THIS MO. 866 CLEAR (SCALE 0-3) 15
DPTR FM NORMAL -156 PTCLDY (SCALE 4-7) 11
TOTAL FM JUL 1 1354 CLOUDY (SCALE 8-10) 4
DPTR FM NORMAL -465
[CDD (BASE 65) ]
TOTAL THIS MO. 0
DPTR FM NORMAL 0 [PRESSURE DATA]
TOTAL FM JAN 1 986 HIGHEST SLP 30.58 ON 25
DPTR FM NORMAL 356 LOWEST SLP 29.40 ON 16
[REMARKS]
#FINAL-11-21#