000
CXUS52 KTAE 010800
CF6ABY
PRELIMINARY LOCAL CLIMATOLOGICAL DATA (WS FORM: F-6)
STATION: ALBANY
MONTH: JUNE
YEAR: 2023
LATITUDE: 31 31 N
LONGITUDE: 84 11 W
TEMPERATURE IN F: :PCPN: SNOW: WIND :SUNSHINE: SKY :PK WND
================================================================================
1 2 3 4 5 6A 6B 7 8 9 10 11 12 13 14 15 16 17 18
12Z AVG MX 2MIN
DY MAX MIN AVG DEP HDD CDD WTR SNW DPTH SPD SPD DIR MIN PSBL S-S WX SPD DR
================================================================================
1 82 68 75 -4 0 10 T M M 9.0 18 70 M M 4 23 70
2 88 63 76 -3 0 11 0.00 0.0 0 6.3 16 350 M M 3 22 30
3 88 64 76 -3 0 11 0.02 0.0 0 5.8 23 60 M M 4 3 29 50
4 89 68 79 -1 0 14 0.00 0.0 0 8.9 21 60 M M 2 25 50
5 87 62 75 -5 0 10 0.00 0.0 0 3.4 15 130 M M 2 18 M 150
6 92 62 77 -3 0 12 0.00 0.0 0 4.4 18 220 M M 0 18 26 220
7 91 66 79 -1 0 14 T 0.0 0 6.2 25 200 M M 1 3 32 200
8 94 69 82 2 0 17 0.00 0.0 0 6.7 17 310 M M 1 24 310
9 91 67 79 -1 0 14 0.00 0.0 0 5.2 17 360 M M 1 8 23 340
10 91 68 80 0 0 15 0.00 0.0 0 5.2 14 120 M M 4 18 17 120
11 93 71 82 2 0 17 T 0.0 0 7.8 18 240 M M 3 128 26 230
12 91 69 80 -1 0 15 0.47 0.0 0 8.1 28 340 M M 4 138 35 340
13 87 69 78 -3 0 13 0.32 0.0 0 5.5 28 300 M M 3 138 41 300
14 81 68 75 -6 0 10 5.19 0.0 M 7.7 32 20 M M 8 135 44 20
15 72 65 69 -12 0 4 2.02 0.0 M 7.2 24 320 M M 6 123 34 310
16 88 69 79 -2 0 14 0.00 0.0 M 5.4 16 270 M M 5 18 28 310
17 88 68 78 -3 0 13 0.08 0.0 M 4.7 15 250 M M 2 13 20 250
18 91 70 81 0 0 16 0.13 0.0 M 3.3 16 360 M M 3 1238 23 360
19 M M M M M M M M M M M M M M M 13 M M
20 89 70 80 -2 0 15 0.19 M M 4.1 16 340 M M 4 238 23 20
21 78 69 74 -8 0 9 2.99 M M 4.9 24 300 M M 6 1238 35 330
22 88 69 79 -3 0 14 T 0.0 M 6.9 23 190 M M 7 13 27 190
23 90 70 80 -2 0 15 0.01 0.0 0 6.1 15 210 M M 4 20 220
24 89 69 79 -3 0 14 0.00 M M 3.1 13 290 M M 0 1 17 290
25 93 70 82 0 0 17 0.03 0.0 0 4.3 23 10 M M 1 18 35 10
26 93 69 81 -1 0 16 0.00 0.0 0 6.2 15 200 M M 1 20 190
27 94 76 85 3 0 20 0.00 M M 5.8 15 290 M M 2 18 18 290
28 94 72 83 1 0 18 0.00 0.0 0 3.5 13 320 M M 1 18 19 330
29 95 70 83 1 0 18 0.00 0.0 M 2.8 10 50 M M 0 18 15 70
30 96 72 84 2 0 19 0.00 0.0 M 3.1 14 300 M M 1 18 18 320
================================================================================
SM 2583 1982 0 405 11.45 0.0 161.6 M 83
================================================================================
AV 89.1 68.3 5.6 FASTST M M 3 MAX(MPH)
MISC ----> 32 20 44 20
================================================================================
NOTES:
# LAST OF SEVERAL OCCURRENCES
COLUMN 17 PEAK WIND IN M.P.H.
PRELIMINARY LOCAL CLIMATOLOGICAL DATA (WS FORM: F-6) , PAGE 2
STATION: ALBANY
MONTH: JUNE
YEAR: 2023
LATITUDE: 31 31 N
LONGITUDE: 84 11 W
[TEMPERATURE DATA] [PRECIPITATION DATA] SYMBOLS USED IN COLUMN 16
AVERAGE MONTHLY: 78.7 TOTAL FOR MONTH: 11.45 1 = FOG OR MIST
DPTR FM NORMAL: -2.2 DPTR FM NORMAL: 6.39 2 = FOG REDUCING VISIBILITY
HIGHEST: 96 ON 30 GRTST 24HR 7.19 ON 14-15 TO 1/4 MILE OR LESS
LOWEST: 62 ON 6, 5 3 = THUNDER
SNOW, ICE PELLETS, HAIL 4 = ICE PELLETS
TOTAL MONTH: 0.0 INCH 5 = HAIL
GRTST 24HR 0.0 6 = FREEZING RAIN OR DRIZZLE
GRTST DEPTH: 0 7 = DUSTSTORM OR SANDSTORM:
VSBY 1/2 MILE OR LESS
8 = SMOKE OR HAZE
[NO. OF DAYS WITH] [WEATHER - DAYS WITH] 9 = BLOWING SNOW
X = TORNADO
MAX 32 OR BELOW: 0 0.01 INCH OR MORE: 11
MAX 90 OR ABOVE: 15 0.10 INCH OR MORE: 7
MIN 32 OR BELOW: 0 0.50 INCH OR MORE: 3
MIN 0 OR BELOW: 0 1.00 INCH OR MORE: 3
[HDD (BASE 65) ]
TOTAL THIS MO. 0 CLEAR (SCALE 0-3) 16
DPTR FM NORMAL 0 PTCLDY (SCALE 4-7) 13
TOTAL FM JUL 1 1299 CLOUDY (SCALE 8-10) 1
DPTR FM NORMAL -385
[CDD (BASE 65) ]
TOTAL THIS MO. 405
DPTR FM NORMAL -72 [PRESSURE DATA]
TOTAL FM JAN 1 939 HIGHEST SLP 30.09 ON 30
DPTR FM NORMAL -39 LOWEST SLP 29.69 ON 8
[REMARKS]
#FINAL-06-23#