000
CXUS52 KTAE 010900
CF6ABY
PRELIMINARY LOCAL CLIMATOLOGICAL DATA (WS FORM: F-6)
STATION: ALBANY
MONTH: JANUARY
YEAR: 2023
LATITUDE: 31 31 N
LONGITUDE: 84 11 W
TEMPERATURE IN F: :PCPN: SNOW: WIND :SUNSHINE: SKY :PK WND
================================================================================
1 2 3 4 5 6A 6B 7 8 9 10 11 12 13 14 15 16 17 18
12Z AVG MX 2MIN
DY MAX MIN AVG DEP HDD CDD WTR SNW DPTH SPD SPD DIR MIN PSBL S-S WX SPD DR
================================================================================
1 75 51 63 12 2 0 0.00 0.0 M 2.0 10 300 M M 5 12 15 310
2 76 51 64 13 1 0 0.00 0.0 0 3.9 12 170 M M 6 12 16 150
3 79 59 69 18 0 4 0.00 M M 11.5 28 190 M M 7 12 35 200
4 74 52 63 12 2 0 0.74 0.0 M 8.1 20 180 M M 6 123 29 260
5 69 44 57 7 8 0 0.00 0.0 0 4.2 17 250 M M 0 1 22 250
6 63 36 50 0 15 0 0.00 0.0 0 3.0 13 290 M M 0 17 320
7 70 33 52 2 13 0 0.00 0.0 0 0.6 7 290 M M 0 10 210
8 67 38 53 3 12 0 0.00 0.0 0 2.0 10 180 M M 1 12 180
9 64 41 53 3 12 0 0.00 0.0 M 4.6 14 320 M M 3 1 17 330
10 66 33 50 0 15 0 0.00 0.0 0 1.8 9 240 M M 0 1 14 290
11 76 39 58 8 7 0 0.00 0.0 0 5.4 17 220 M M 2 18 22 220
12 78 58 68 18 0 3 0.71 0.0 0 11.5 26 200 M M 7 13 34 190
13 57 40 49 -1 16 0 0.00 0.0 0 11.5 23 330 M M 5 30 300
14 51 31 41 -9 24 0 0.00 0.0 0 11.3 21 330 M M 4 29 290
15 56 25 41 -9 24 0 0.00 0.0 0 2.2 8 310 M M 0 11 40
16 64 28 46 -4 19 0 0.00 0.0 0 1.9 9 210 M M 0 13 220
17 73 41 57 7 8 0 0.07 0.0 0 6.8 22 220 M M 7 1 26 220
18 75 59 67 17 0 2 0.01 0.0 0 5.2 18 180 M M 7 12 21 180
19 78 56 67 17 0 2 0.03 0.0 0 7.6 18 280 M M 4 1 26 250
20 66 41 54 4 11 0 0.00 0.0 0 4.8 14 320 M M 0 18 310
21 55 46 51 1 14 0 0.10 0.0 0 5.3 13 60 M M 8 16 70
22 67 50 59 9 6 0 1.56 0.0 0 8.5 24 310 M M 10 13 32 320
23 59 37 48 -3 17 0 0.00 0.0 0 5.9 16 310 M M 2 21 320
24 59 29 44 -7 21 0 0.00 0.0 M 6.1 15 130 M M 1 19 120
25 67 46 57 6 8 0 1.08 M M 11.4 21 310 M M 9 1 29 310
26 56 35 46 -5 19 0 0.00 M M 6.7 17 300 M M 0 23 340
27 55 31 43 -8 22 0 0.00 0.0 0 2.9 10 330 M M 0 14 330
28 60 28 44 -7 21 0 0.00 0.0 0 3.6 13 80 M M 0 16 60
29 64 38 51 0 14 0 1.53 0.0 0 4.1 14 340 M M 9 13 18 340
30 80 56 68 17 0 3 0.38 0.0 M 4.6 16 220 M M 8 18 20 330
31 78 58 68 17 0 3 0.00 0.0 0 2.9 13 220 M M 9 12 17 210
================================================================================
SM 2077 1310 331 17 6.21 0.0 171.9 M 120
================================================================================
AV 67.0 42.3 5.5 FASTST M M 4 MAX(MPH)
MISC ----> 28 190 35 200
================================================================================
NOTES:
# LAST OF SEVERAL OCCURRENCES
COLUMN 17 PEAK WIND IN M.P.H.
PRELIMINARY LOCAL CLIMATOLOGICAL DATA (WS FORM: F-6) , PAGE 2
STATION: ALBANY
MONTH: JANUARY
YEAR: 2023
LATITUDE: 31 31 N
LONGITUDE: 84 11 W
[TEMPERATURE DATA] [PRECIPITATION DATA] SYMBOLS USED IN COLUMN 16
AVERAGE MONTHLY: 54.6 TOTAL FOR MONTH: 6.21 1 = FOG OR MIST
DPTR FM NORMAL: 4.1 DPTR FM NORMAL: 2.02 2 = FOG REDUCING VISIBILITY
HIGHEST: 80 ON 30 GRTST 24HR 2.28 ON 29-30 TO 1/4 MILE OR LESS
LOWEST: 25 ON 15 3 = THUNDER
SNOW, ICE PELLETS, HAIL 4 = ICE PELLETS
TOTAL MONTH: 0.0 INCH 5 = HAIL
GRTST 24HR 0.0 6 = FREEZING RAIN OR DRIZZLE
GRTST DEPTH: 0 7 = DUSTSTORM OR SANDSTORM:
VSBY 1/2 MILE OR LESS
8 = SMOKE OR HAZE
[NO. OF DAYS WITH] [WEATHER - DAYS WITH] 9 = BLOWING SNOW
X = TORNADO
MAX 32 OR BELOW: 0 0.01 INCH OR MORE: 10
MAX 90 OR ABOVE: 0 0.10 INCH OR MORE: 7
MIN 32 OR BELOW: 6 0.50 INCH OR MORE: 5
MIN 0 OR BELOW: 0 1.00 INCH OR MORE: 3
[HDD (BASE 65) ]
TOTAL THIS MO. 331 CLEAR (SCALE 0-3) 15
DPTR FM NORMAL -125 PTCLDY (SCALE 4-7) 11
TOTAL FM JUL 1 941 CLOUDY (SCALE 8-10) 5
DPTR FM NORMAL -180
[CDD (BASE 65) ]
TOTAL THIS MO. 17
DPTR FM NORMAL 8 [PRESSURE DATA]
TOTAL FM JAN 1 17 HIGHEST SLP 30.49 ON 28
DPTR FM NORMAL 8 LOWEST SLP 29.71 ON 22
[REMARKS]
#FINAL-01-23#